Informe tipo NOAA de datos climáticos
Selecciona un año o mes para ver el informe
2024: Ene Feb Mar Abr May Jun Jul Ago Sep Oct Nov Dic
2023: Ene Feb Mar Abr May Jun Jul Ago Sep Oct Nov Dic
2022: Ene Feb Mar Abr May Jun Jul Ago Sep Oct Nov Dic
2021: Ene Feb Mar Abr May Jun Jul Ago Sep Oct Nov Dic
2020: Ene Feb Mar Abr May Jun Jul Ago Sep Oct Nov Dic
2019: Ene Feb Mar Abr May Jun Jul Ago Sep Oct Nov Dic
2018: Ene Feb Mar Abr May Jun Jul Ago Sep Oct Nov Dic
2017: Ene Feb Mar Abr May Jun Jul Ago Sep Oct Nov Dic
2016: Ene Feb Mar Abr May Jun Jul Ago Sep Oct Nov Dic
2015: Ene Feb Mar Abr May Jun Jul Ago Sep Oct Nov Dic
2014: Ene Feb Mar Abr May Jun Jul Ago Sep Oct Nov Dic
2013: Ene Feb Mar Abr May Jun Jul Ago Sep Oct Nov Dic
2012: Ene Feb Mar Abr May Jun Jul Ago Sep Oct Nov Dic
2011: Ene Feb Mar Abr May Jun Jul Ago Sep Oct Nov Dic
2024: Ene Feb Mar Abr May Jun Jul Ago Sep Oct Nov Dic
2023: Ene Feb Mar Abr May Jun Jul Ago Sep Oct Nov Dic
2022: Ene Feb Mar Abr May Jun Jul Ago Sep Oct Nov Dic
2021: Ene Feb Mar Abr May Jun Jul Ago Sep Oct Nov Dic
2020: Ene Feb Mar Abr May Jun Jul Ago Sep Oct Nov Dic
2019: Ene Feb Mar Abr May Jun Jul Ago Sep Oct Nov Dic
2018: Ene Feb Mar Abr May Jun Jul Ago Sep Oct Nov Dic
2017: Ene Feb Mar Abr May Jun Jul Ago Sep Oct Nov Dic
2016: Ene Feb Mar Abr May Jun Jul Ago Sep Oct Nov Dic
2015: Ene Feb Mar Abr May Jun Jul Ago Sep Oct Nov Dic
2014: Ene Feb Mar Abr May Jun Jul Ago Sep Oct Nov Dic
2013: Ene Feb Mar Abr May Jun Jul Ago Sep Oct Nov Dic
2012: Ene Feb Mar Abr May Jun Jul Ago Sep Oct Nov Dic
2011: Ene Feb Mar Abr May Jun Jul Ago Sep Oct Nov Dic
Informe para 2018 Diciembre
MONTHLY CLIMATOLOGICAL SUMMARY for DEC. 2018 NAME: Villaverde de Pontones CITY: Villaverde de Pontones STATE: Cantabria - Spain ELEV: 19 m LAT: 43° 24' 48" N LONG: 3° 42' 06" W TEMPERATURE (°C), RAIN (mm), WIND SPEED (km/hr) HEAT COOL AVG MEAN DEG DEG WIND DOM DAY TEMP HIGH TIME LOW TIME DAYS DAYS RAIN SPEED HIGH TIME DIR ------------------------------------------------------------------------------------ 1 12.1 16.6 14:15 7.9 0:05 6.3 0.0 0.0 0.0 0.0 --- --- 2 13.8 18.7 13:50 10.7 0:25 4.5 0.0 0.0 0.2 6.4 12:35 ENE 3 14.1 17.6 14:55 11.1 7:45 4.2 0.0 0.0 0.3 22.5 14:55 ENE 4 13.9 19.6 14:00 8.7 00:00 4.5 0.1 0.0 0.3 11.3 13:35 ENE 5 12.2 18.0 15:15 6.8 4:25 6.1 0.0 0.0 0.5 16.1 10:30 SE 6 12.7 16.3 13:40 7.2 23:55 5.6 0.0 0.0 2.3 24.1 12:00 WSW 7 10.1 17.0 13:05 4.2 7:35 8.2 0.0 0.0 1.0 32.2 13:15 ENE 8 11.7 16.6 14:45 6.2 7:55 6.6 0.0 0.0 1.8 22.5 12:45 SW 9 14.3 15.9 0:35 12.4 00:00 3.9 0.0 0.0 0.0 0.0 --- --- 10 11.0 15.8 13:35 5.4 00:00 7.3 0.0 0.0 0.6 19.3 13:35 ENE 11 7.9 14.8 13:55 3.1 7:25 10.4 0.0 0.0 0.0 8.0 14:20 W 12 11.7 14.5 00:00 8.3 0:05 6.6 0.0 0.0 0.0 0.0 --- --- 13 12.2 15.7 1:55 10.2 21:20 6.1 0.0 0.0 0.0 0.0 --- --- 14 10.8 14.1 14:05 8.3 18:55 7.5 0.0 0.0 2.6 33.8 11:45 W 15 14.5 19.3 12:35 9.4 0:05 3.9 0.0 0.0 3.5 48.3 14:30 SSW 16 13.7 13.8 0:05 13.6 0:20 0.1 0.0 0.0 0.0 0.0 --- --- 17 18 19 20 21 22 9.8 11.2 20:30 8.6 23:55 1.3 0.0 0.0 0.0 0.0 --- --- 23 10.1 17.8 14:00 5.1 7:50 8.2 0.0 0.0 0.0 4.8 12:25 NW 24 8.9 16.4 14:25 4.1 7:30 9.3 0.0 0.0 0.8 20.9 16:00 NE 25 9.9 14.3 13:05 6.2 23:50 8.4 0.0 0.0 2.3 25.7 12:30 E 26 8.4 15.8 15:40 3.8 00:00 9.8 0.0 0.0 0.0 6.4 13:00 WNW 27 6.9 15.7 15:05 1.4 8:00 11.4 0.0 0.0 0.0 0.0 --- --- 28 9.3 11.9 13:55 4.9 2:15 9.0 0.0 0.0 0.0 0.0 --- --- 29 9.7 12.4 13:15 4.5 00:00 8.6 0.0 0.0 1.0 14.5 11:35 NE 30 6.2 12.2 13:30 0.6 8:05 12.1 0.0 0.0 1.8 22.5 12:45 ENE 31 5.8 12.4 13:55 0.9 8:00 12.4 0.0 0.0 1.6 20.9 12:40 ENE ------------------------------------------------------------------------------------- 10.8 19.6 4 0.6 30 182.3 0.2 0.0 0.8 48.3 15 ENE Max >= 32.0: 0 Max <= 0.0: 0 Min <= 0.0: 0 Min <= -18.0: 0 Max Rain: 0.00 ON 01/12/18 Days of Rain: 0 (> .2 mm) 0 (> 2 mm) 0 (> 20 mm) Heat Base: 18.3 Cool Base: 18.3 Method: Integration