Informe tipo NOAA de datos climáticos
Selecciona un año o mes para ver el informe
2024: Ene Feb Mar Abr May Jun Jul Ago Sep Oct Nov Dic
2023: Ene Feb Mar Abr May Jun Jul Ago Sep Oct Nov Dic
2022: Ene Feb Mar Abr May Jun Jul Ago Sep Oct Nov Dic
2021: Ene Feb Mar Abr May Jun Jul Ago Sep Oct Nov Dic
2020: Ene Feb Mar Abr May Jun Jul Ago Sep Oct Nov Dic
2019: Ene Feb Mar Abr May Jun Jul Ago Sep Oct Nov Dic
2018: Ene Feb Mar Abr May Jun Jul Ago Sep Oct Nov Dic
2017: Ene Feb Mar Abr May Jun Jul Ago Sep Oct Nov Dic
2016: Ene Feb Mar Abr May Jun Jul Ago Sep Oct Nov Dic
2015: Ene Feb Mar Abr May Jun Jul Ago Sep Oct Nov Dic
2014: Ene Feb Mar Abr May Jun Jul Ago Sep Oct Nov Dic
2013: Ene Feb Mar Abr May Jun Jul Ago Sep Oct Nov Dic
2012: Ene Feb Mar Abr May Jun Jul Ago Sep Oct Nov Dic
2011: Ene Feb Mar Abr May Jun Jul Ago Sep Oct Nov Dic
2024: Ene Feb Mar Abr May Jun Jul Ago Sep Oct Nov Dic
2023: Ene Feb Mar Abr May Jun Jul Ago Sep Oct Nov Dic
2022: Ene Feb Mar Abr May Jun Jul Ago Sep Oct Nov Dic
2021: Ene Feb Mar Abr May Jun Jul Ago Sep Oct Nov Dic
2020: Ene Feb Mar Abr May Jun Jul Ago Sep Oct Nov Dic
2019: Ene Feb Mar Abr May Jun Jul Ago Sep Oct Nov Dic
2018: Ene Feb Mar Abr May Jun Jul Ago Sep Oct Nov Dic
2017: Ene Feb Mar Abr May Jun Jul Ago Sep Oct Nov Dic
2016: Ene Feb Mar Abr May Jun Jul Ago Sep Oct Nov Dic
2015: Ene Feb Mar Abr May Jun Jul Ago Sep Oct Nov Dic
2014: Ene Feb Mar Abr May Jun Jul Ago Sep Oct Nov Dic
2013: Ene Feb Mar Abr May Jun Jul Ago Sep Oct Nov Dic
2012: Ene Feb Mar Abr May Jun Jul Ago Sep Oct Nov Dic
2011: Ene Feb Mar Abr May Jun Jul Ago Sep Oct Nov Dic
Informe para 2015 Noviembre
MONTHLY CLIMATOLOGICAL SUMMARY for NOV. 2015 NAME: Villaverde de Pontones CITY: Villaverde de Pontones STATE: Cantabria - Spain ELEV: 19 m LAT: 43° 24' 48" N LONG: 3° 42' 06" W TEMPERATURE (°C), RAIN (mm), WIND SPEED (km/hr) HEAT COOL AVG MEAN DEG DEG WIND DOM DAY TEMP HIGH TIME LOW TIME DAYS DAYS RAIN SPEED HIGH TIME DIR ------------------------------------------------------------------------------------ 1 15.9 21.7 15:50 10.7 5:10 3.0 0.6 0.0 2.6 22.5 18:50 E 2 15.6 19.6 9:45 11.3 7:10 2.8 0.1 0.2 4.8 37.0 22:30 E 3 15.7 17.6 7:55 11.3 00:00 2.6 0.0 0.6 8.5 51.5 0:30 SSW 4 15.9 22.2 12:35 9.3 3:30 3.2 0.8 0.2 8.7 53.1 10:40 SSW 5 16.0 21.3 14:05 11.2 5:50 2.8 0.5 0.0 0.6 9.7 2:20 NE 6 17.2 25.3 11:00 11.7 23:55 2.7 1.6 0.0 2.4 24.1 11:15 NE 7 16.3 24.2 13:15 8.7 5:55 3.3 1.3 0.2 2.1 22.5 20:00 E 8 18.9 28.8 13:25 12.1 4:20 2.4 3.0 0.0 5.5 38.6 7:45 SSW 9 15.6 22.3 13:30 10.3 23:50 3.3 0.6 0.0 1.0 14.5 15:30 NE 10 13.1 15.2 15:05 9.9 3:50 5.3 0.0 0.4 0.3 8.0 11:40 NE 11 14.6 18.2 13:30 11.7 20:35 3.7 0.0 0.4 0.6 12.9 13:35 N 12 13.4 17.8 13:35 8.5 23:50 4.9 0.0 0.0 0.0 9.7 11:55 NW 13 13.1 17.2 11:20 8.3 0:25 5.2 0.0 1.4 0.3 9.7 12:55 NW 14 13.4 19.6 13:35 7.9 23:40 5.0 0.1 0.4 1.0 14.5 14:05 E 15 10.7 20.2 13:25 4.9 6:55 7.8 0.2 0.2 0.3 9.7 12:45 NE 16 11.9 17.9 13:35 7.3 0:05 6.4 0.0 0.0 0.6 9.7 11:05 NE 17 13.3 22.8 14:30 7.4 0:50 5.7 0.6 0.2 0.5 12.9 15:05 NE 18 13.5 19.8 12:20 8.1 7:25 4.9 0.1 0.2 0.0 0.0 --- --- 19 13.6 20.4 12:40 8.9 23:20 4.9 0.2 0.0 0.3 17.7 14:40 NW 20 14.7 20.6 11:30 7.5 6:55 4.1 0.5 0.4 3.5 33.8 22:05 WSW 21 11.1 17.5 0:05 8.6 16:00 7.2 0.0 32.8 12.1 61.2 14:55 NW 22 7.2 9.2 0:10 3.2 00:00 11.1 0.0 15.0 4.0 32.2 1:40 SSW 23 6.9 10.6 15:30 2.2 2:05 11.4 0.0 9.4 2.4 25.7 12:10 NE 24 10.5 13.3 20:05 8.3 3:20 7.8 0.0 9.4 7.4 43.5 23:00 WSW 25 13.4 14.4 15:45 12.3 0:05 4.9 0.0 26.2 19.3 53.1 11:40 W 26 13.6 14.3 9:40 12.9 16:55 4.8 0.0 8.0 10.6 48.3 1:10 W 27 13.0 14.6 13:00 11.4 7:25 5.3 0.0 3.6 4.2 27.4 20:30 WSW 28 10.7 13.3 13:10 7.9 00:00 7.6 0.0 10.2 3.2 43.5 0:50 N 29 8.9 15.2 13:05 3.9 23:30 9.4 0.0 0.0 1.0 12.9 11:45 NNE 30 6.6 15.1 14:15 1.9 6:50 11.7 0.0 0.4 0.2 14.5 14:20 NE ------------------------------------------------------------------------------------- 13.1 28.8 8 1.9 30 165.0 10.2 119.9 3.6 61.2 21 NE Max >= 32.0: 0 Max <= 0.0: 0 Min <= 0.0: 0 Min <= -18.0: 0 Max Rain: 32.79 ON 21/11/15 Days of Rain: 21 (> .2 mm) 8 (> 2 mm) 2 (> 20 mm) Heat Base: 18.3 Cool Base: 18.3 Method: Integration