Informe tipo NOAA de datos climáticos
Selecciona un año o mes para ver el informe
2024: Ene Feb Mar Abr May Jun Jul Ago Sep Oct Nov Dic
2023: Ene Feb Mar Abr May Jun Jul Ago Sep Oct Nov Dic
2022: Ene Feb Mar Abr May Jun Jul Ago Sep Oct Nov Dic
2021: Ene Feb Mar Abr May Jun Jul Ago Sep Oct Nov Dic
2020: Ene Feb Mar Abr May Jun Jul Ago Sep Oct Nov Dic
2019: Ene Feb Mar Abr May Jun Jul Ago Sep Oct Nov Dic
2018: Ene Feb Mar Abr May Jun Jul Ago Sep Oct Nov Dic
2017: Ene Feb Mar Abr May Jun Jul Ago Sep Oct Nov Dic
2016: Ene Feb Mar Abr May Jun Jul Ago Sep Oct Nov Dic
2015: Ene Feb Mar Abr May Jun Jul Ago Sep Oct Nov Dic
2014: Ene Feb Mar Abr May Jun Jul Ago Sep Oct Nov Dic
2013: Ene Feb Mar Abr May Jun Jul Ago Sep Oct Nov Dic
2012: Ene Feb Mar Abr May Jun Jul Ago Sep Oct Nov Dic
2011: Ene Feb Mar Abr May Jun Jul Ago Sep Oct Nov Dic
2024: Ene Feb Mar Abr May Jun Jul Ago Sep Oct Nov Dic
2023: Ene Feb Mar Abr May Jun Jul Ago Sep Oct Nov Dic
2022: Ene Feb Mar Abr May Jun Jul Ago Sep Oct Nov Dic
2021: Ene Feb Mar Abr May Jun Jul Ago Sep Oct Nov Dic
2020: Ene Feb Mar Abr May Jun Jul Ago Sep Oct Nov Dic
2019: Ene Feb Mar Abr May Jun Jul Ago Sep Oct Nov Dic
2018: Ene Feb Mar Abr May Jun Jul Ago Sep Oct Nov Dic
2017: Ene Feb Mar Abr May Jun Jul Ago Sep Oct Nov Dic
2016: Ene Feb Mar Abr May Jun Jul Ago Sep Oct Nov Dic
2015: Ene Feb Mar Abr May Jun Jul Ago Sep Oct Nov Dic
2014: Ene Feb Mar Abr May Jun Jul Ago Sep Oct Nov Dic
2013: Ene Feb Mar Abr May Jun Jul Ago Sep Oct Nov Dic
2012: Ene Feb Mar Abr May Jun Jul Ago Sep Oct Nov Dic
2011: Ene Feb Mar Abr May Jun Jul Ago Sep Oct Nov Dic
Informe para 2015 Julio
MONTHLY CLIMATOLOGICAL SUMMARY for JUL. 2015 NAME: Villaverde de Pontones CITY: Villaverde de Pontones STATE: Cantabria - Spain ELEV: 19 m LAT: 43° 24' 48" N LONG: 3° 42' 06" W TEMPERATURE (°C), RAIN (mm), WIND SPEED (km/hr) HEAT COOL AVG MEAN DEG DEG WIND DOM DAY TEMP HIGH TIME LOW TIME DAYS DAYS RAIN SPEED HIGH TIME DIR ------------------------------------------------------------------------------------ 1 20.7 24.2 10:45 19.4 5:20 0.0 2.4 0.4 2.7 20.9 11:30 SSW 2 18.3 19.5 0:05 17.1 22:05 0.3 0.3 3.8 3.1 32.2 8:20 WSW 3 22.2 34.6 13:40 15.9 00:00 0.5 4.4 0.0 3.9 40.2 15:40 E 4 20.6 26.9 10:40 12.5 4:55 1.2 3.5 0.2 6.4 40.2 10:30 ENE 5 18.7 22.3 10:00 16.7 23:25 0.4 0.9 3.0 3.2 25.7 10:25 WSW 6 21.6 27.6 14:40 15.4 3:35 0.5 3.7 0.2 3.4 22.5 11:35 ENE 7 21.0 25.8 12:10 16.0 4:00 0.4 3.1 4.6 4.7 24.1 10:40 NNW 8 19.0 22.3 14:55 16.7 23:55 0.4 1.1 3.4 1.9 16.1 11:25 NE 9 20.0 25.3 14:20 15.4 2:30 0.7 2.4 0.0 6.6 41.8 17:30 E 10 20.9 28.1 10:40 13.6 4:50 0.8 3.3 0.0 10.3 45.1 13:25 WSW 11 20.1 24.7 15:45 15.3 5:30 0.4 2.2 0.0 4.5 25.7 15:30 NE 12 20.1 24.9 15:55 14.9 4:20 0.7 2.4 0.0 3.5 20.9 12:45 ENE 13 19.9 26.1 13:15 12.4 5:25 1.4 3.1 0.0 5.3 30.6 12:15 NE 14 20.5 27.3 13:10 12.4 5:10 1.3 3.5 0.0 5.3 27.4 13:50 ENE 15 21.8 26.3 11:40 19.4 2:35 0.0 3.5 0.0 5.3 29.0 12:10 ENE 16 21.9 26.3 12:15 16.9 23:50 0.1 3.7 0.0 3.5 24.1 12:55 NNW 17 21.3 28.2 12:50 14.2 4:50 0.8 3.9 0.0 2.4 22.5 11:15 NE 18 22.4 27.1 14:35 18.4 5:35 0.0 4.1 0.0 2.6 20.9 15:00 NNW 19 23.9 29.9 12:45 19.3 1:25 0.0 5.6 0.0 2.9 20.9 13:25 NE 20 23.9 30.9 12:00 17.4 5:15 0.1 5.7 0.0 4.3 29.0 13:55 NE 21 21.8 24.7 12:25 19.3 5:00 0.0 3.5 7.0 1.8 20.9 16:50 ENE 22 20.2 21.7 14:00 18.7 22:50 0.0 1.9 3.2 3.7 24.1 6:35 WSW 23 21.4 26.9 13:30 15.7 5:35 0.4 3.4 0.0 4.8 25.7 14:30 ENE 24 20.1 27.6 11:30 15.7 5:15 0.7 2.5 7.0 5.0 32.2 14:50 WSW 25 18.2 22.7 15:05 13.9 00:00 1.0 0.9 1.2 4.7 25.7 9:45 SW 26 20.2 28.9 12:50 11.5 4:45 1.7 3.6 3.0 3.9 24.1 14:00 W 27 20.0 22.8 12:00 17.4 00:00 0.1 1.8 0.6 5.5 22.5 11:35 WSW 28 21.8 27.8 13:45 17.2 3:35 0.3 3.7 0.0 2.1 19.3 13:25 NNW 29 18.5 20.3 0:05 17.1 23:35 0.2 0.4 8.8 2.9 22.5 9:45 ENE 30 17.9 21.7 14:55 14.4 23:50 1.0 0.7 0.0 2.6 24.1 16:10 ENE 31 16.2 19.9 17:55 13.3 00:00 2.2 0.1 15.0 1.8 19.3 6:30 NNE ------------------------------------------------------------------------------------- 20.5 34.6 3 11.5 26 17.6 85.6 61.4 4.0 45.1 10 ENE Max >= 32.0: 1 Max <= 0.0: 0 Min <= 0.0: 0 Min <= -18.0: 0 Max Rain: 15.01 ON 31/07/15 Days of Rain: 15 (> .2 mm) 10 (> 2 mm) 0 (> 20 mm) Heat Base: 18.3 Cool Base: 18.3 Method: Integration