Informe tipo NOAA de datos climáticos
Selecciona un año o mes para ver el informe
2024: Ene Feb Mar Abr May Jun Jul Ago Sep Oct Nov Dic
2023: Ene Feb Mar Abr May Jun Jul Ago Sep Oct Nov Dic
2022: Ene Feb Mar Abr May Jun Jul Ago Sep Oct Nov Dic
2021: Ene Feb Mar Abr May Jun Jul Ago Sep Oct Nov Dic
2020: Ene Feb Mar Abr May Jun Jul Ago Sep Oct Nov Dic
2019: Ene Feb Mar Abr May Jun Jul Ago Sep Oct Nov Dic
2018: Ene Feb Mar Abr May Jun Jul Ago Sep Oct Nov Dic
2017: Ene Feb Mar Abr May Jun Jul Ago Sep Oct Nov Dic
2016: Ene Feb Mar Abr May Jun Jul Ago Sep Oct Nov Dic
2015: Ene Feb Mar Abr May Jun Jul Ago Sep Oct Nov Dic
2014: Ene Feb Mar Abr May Jun Jul Ago Sep Oct Nov Dic
2013: Ene Feb Mar Abr May Jun Jul Ago Sep Oct Nov Dic
2012: Ene Feb Mar Abr May Jun Jul Ago Sep Oct Nov Dic
2011: Ene Feb Mar Abr May Jun Jul Ago Sep Oct Nov Dic
2024: Ene Feb Mar Abr May Jun Jul Ago Sep Oct Nov Dic
2023: Ene Feb Mar Abr May Jun Jul Ago Sep Oct Nov Dic
2022: Ene Feb Mar Abr May Jun Jul Ago Sep Oct Nov Dic
2021: Ene Feb Mar Abr May Jun Jul Ago Sep Oct Nov Dic
2020: Ene Feb Mar Abr May Jun Jul Ago Sep Oct Nov Dic
2019: Ene Feb Mar Abr May Jun Jul Ago Sep Oct Nov Dic
2018: Ene Feb Mar Abr May Jun Jul Ago Sep Oct Nov Dic
2017: Ene Feb Mar Abr May Jun Jul Ago Sep Oct Nov Dic
2016: Ene Feb Mar Abr May Jun Jul Ago Sep Oct Nov Dic
2015: Ene Feb Mar Abr May Jun Jul Ago Sep Oct Nov Dic
2014: Ene Feb Mar Abr May Jun Jul Ago Sep Oct Nov Dic
2013: Ene Feb Mar Abr May Jun Jul Ago Sep Oct Nov Dic
2012: Ene Feb Mar Abr May Jun Jul Ago Sep Oct Nov Dic
2011: Ene Feb Mar Abr May Jun Jul Ago Sep Oct Nov Dic
Informe para 2015 Junio
MONTHLY CLIMATOLOGICAL SUMMARY for JUN. 2015 NAME: Villaverde de Pontones CITY: Villaverde de Pontones STATE: Cantabria - Spain ELEV: 19 m LAT: 43° 24' 48" N LONG: 3° 42' 06" W TEMPERATURE (°C), RAIN (mm), WIND SPEED (km/hr) HEAT COOL AVG MEAN DEG DEG WIND DOM DAY TEMP HIGH TIME LOW TIME DAYS DAYS RAIN SPEED HIGH TIME DIR ------------------------------------------------------------------------------------ 1 16.5 18.2 15:40 14.3 22:40 1.8 0.0 0.6 1.4 12.9 10:25 N 2 18.3 23.3 13:50 13.8 23:55 1.4 1.4 0.0 3.1 25.7 12:15 N 3 17.8 21.5 14:20 12.8 5:10 1.4 0.9 0.0 5.3 29.0 9:40 ENE 4 20.6 27.3 12:10 16.6 5:20 0.2 2.5 0.4 3.7 30.6 16:55 NNW 5 17.7 19.1 14:25 15.7 00:00 0.7 0.1 0.6 3.7 25.7 9:55 W 6 16.7 19.3 9:35 15.3 4:20 1.6 0.0 0.0 3.4 24.1 10:35 E 7 18.8 24.6 14:20 13.0 4:00 1.2 1.8 0.0 4.7 29.0 13:10 NE 8 18.6 23.9 13:05 14.6 4:15 1.2 1.5 0.0 3.2 24.1 15:30 N 9 16.2 20.8 13:30 11.7 4:55 2.4 0.3 0.0 2.9 20.9 13:00 NE 10 15.8 20.4 14:20 11.3 6:25 2.6 0.1 3.0 1.4 19.3 5:50 E 11 15.9 18.0 14:05 14.0 4:30 2.4 0.0 3.8 2.3 17.7 17:20 NW 12 15.7 17.8 13:55 13.9 5:15 2.6 0.0 4.8 1.1 12.9 21:30 NE 13 16.5 21.2 15:45 11.1 21:40 2.3 0.5 12.6 3.7 48.3 21:15 ENE 14 15.3 19.7 12:25 9.3 4:40 3.0 0.1 1.0 1.4 14.5 11:10 NNE 15 16.6 20.2 14:00 13.0 4:45 2.0 0.3 1.4 3.7 22.5 12:10 NNW 16 16.2 19.9 14:55 12.3 4:10 2.3 0.2 0.0 3.9 22.5 12:30 NNW 17 17.4 21.7 14:40 13.0 23:55 1.7 0.8 0.2 3.5 19.3 13:05 NNW 18 17.2 22.4 12:25 11.1 4:15 2.4 1.3 0.0 3.1 19.3 10:20 N 19 17.2 19.5 14:35 12.8 0:30 1.3 0.3 1.6 2.7 17.7 8:30 N 20 18.9 24.9 13:05 11.8 4:55 1.5 2.1 0.0 3.9 29.0 14:40 NE 21 19.2 26.0 12:05 10.7 5:05 1.9 2.8 0.0 3.7 24.1 12:45 NE 22 19.4 24.6 12:20 13.2 4:50 1.2 2.3 0.0 3.2 22.5 12:40 N 23 -17.7 25.4 12:45 13.1 00:00 1.1 2.5 0.0 0.0 27.4 13:15 NE 24 18.8 25.2 13:00 11.1 4:50 2.0 2.5 0.0 3.7 25.7 11:10 NE 25 21.7 30.1 14:35 11.1 4:25 1.6 4.9 0.0 3.7 22.5 10:00 NE 26 19.8 22.2 10:15 17.7 1:35 0.0 1.6 0.0 3.7 20.9 10:25 W 27 20.8 26.3 12:45 14.7 5:20 0.5 3.1 0.0 4.5 29.0 14:05 NE 28 19.5 23.5 14:20 14.2 4:55 0.9 2.1 0.0 2.4 20.9 15:55 ENE 29 21.2 27.5 13:35 13.7 4:55 1.0 3.8 0.0 5.5 30.6 11:10 E 30 21.9 30.1 10:30 16.5 4:15 0.2 3.9 0.0 4.2 20.9 14:35 NNW ------------------------------------------------------------------------------------- 17.0 30.1 30 9.3 14 46.5 43.6 30.0 3.2 48.3 13 NE Max >= 32.0: 0 Max <= 0.0: 0 Min <= 0.0: 0 Min <= -18.0: 0 Max Rain: 12.60 ON 13/06/15 Days of Rain: 11 (> .2 mm) 4 (> 2 mm) 0 (> 20 mm) Heat Base: 18.3 Cool Base: 18.3 Method: Integration