Informe tipo NOAA de datos climáticos
Selecciona un año o mes para ver el informe
2024: Ene Feb Mar Abr May Jun Jul Ago Sep Oct Nov Dic
2023: Ene Feb Mar Abr May Jun Jul Ago Sep Oct Nov Dic
2022: Ene Feb Mar Abr May Jun Jul Ago Sep Oct Nov Dic
2021: Ene Feb Mar Abr May Jun Jul Ago Sep Oct Nov Dic
2020: Ene Feb Mar Abr May Jun Jul Ago Sep Oct Nov Dic
2019: Ene Feb Mar Abr May Jun Jul Ago Sep Oct Nov Dic
2018: Ene Feb Mar Abr May Jun Jul Ago Sep Oct Nov Dic
2017: Ene Feb Mar Abr May Jun Jul Ago Sep Oct Nov Dic
2016: Ene Feb Mar Abr May Jun Jul Ago Sep Oct Nov Dic
2015: Ene Feb Mar Abr May Jun Jul Ago Sep Oct Nov Dic
2014: Ene Feb Mar Abr May Jun Jul Ago Sep Oct Nov Dic
2013: Ene Feb Mar Abr May Jun Jul Ago Sep Oct Nov Dic
2012: Ene Feb Mar Abr May Jun Jul Ago Sep Oct Nov Dic
2011: Ene Feb Mar Abr May Jun Jul Ago Sep Oct Nov Dic
2024: Ene Feb Mar Abr May Jun Jul Ago Sep Oct Nov Dic
2023: Ene Feb Mar Abr May Jun Jul Ago Sep Oct Nov Dic
2022: Ene Feb Mar Abr May Jun Jul Ago Sep Oct Nov Dic
2021: Ene Feb Mar Abr May Jun Jul Ago Sep Oct Nov Dic
2020: Ene Feb Mar Abr May Jun Jul Ago Sep Oct Nov Dic
2019: Ene Feb Mar Abr May Jun Jul Ago Sep Oct Nov Dic
2018: Ene Feb Mar Abr May Jun Jul Ago Sep Oct Nov Dic
2017: Ene Feb Mar Abr May Jun Jul Ago Sep Oct Nov Dic
2016: Ene Feb Mar Abr May Jun Jul Ago Sep Oct Nov Dic
2015: Ene Feb Mar Abr May Jun Jul Ago Sep Oct Nov Dic
2014: Ene Feb Mar Abr May Jun Jul Ago Sep Oct Nov Dic
2013: Ene Feb Mar Abr May Jun Jul Ago Sep Oct Nov Dic
2012: Ene Feb Mar Abr May Jun Jul Ago Sep Oct Nov Dic
2011: Ene Feb Mar Abr May Jun Jul Ago Sep Oct Nov Dic
Informe para 2015 Marzo
MONTHLY CLIMATOLOGICAL SUMMARY for MAR. 2015 NAME: Villaverde de Pontones CITY: Villaverde de Pontones STATE: Cantabria - Spain ELEV: 19 m LAT: 43° 24' 48" N LONG: 3° 42' 06" W TEMPERATURE (°C), RAIN (mm), WIND SPEED (km/hr) HEAT COOL AVG MEAN DEG DEG WIND DOM DAY TEMP HIGH TIME LOW TIME DAYS DAYS RAIN SPEED HIGH TIME DIR ------------------------------------------------------------------------------------ 1 14.6 21.1 12:50 11.4 2:30 4.1 0.3 2.8 1.4 17.7 13:15 NNE 2 12.0 13.4 7:35 10.3 23:55 6.3 0.0 15.6 2.6 27.4 14:20 W 3 10.9 13.3 11:20 9.3 23:40 7.3 0.0 8.2 2.4 22.5 23:15 NE 4 8.9 12.3 14:30 5.1 00:00 9.3 0.0 7.6 4.8 29.0 10:50 NNW 5 7.2 12.3 13:15 2.8 7:10 11.1 0.0 0.4 5.6 30.6 14:30 E 6 9.3 16.1 13:30 3.3 00:00 9.0 0.0 0.0 7.9 37.0 10:40 E 7 8.8 18.3 12:25 1.2 7:10 9.5 0.0 0.0 1.4 16.1 15:05 NNW 8 9.2 17.2 16:30 1.2 6:55 9.2 0.0 0.2 1.6 22.5 13:55 NNW 9 10.2 18.3 15:05 4.3 7:40 8.1 0.0 0.0 1.6 17.7 15:40 NNW 10 10.4 16.4 12:15 6.2 0:05 7.9 0.0 0.0 2.6 20.9 13:50 NE 11 10.2 12.7 13:55 6.6 1:55 8.1 0.0 0.0 2.3 14.5 6:05 W 12 10.2 14.3 13:10 4.1 6:50 8.1 0.0 0.2 3.5 32.2 13:45 WSW 13 9.8 11.8 11:00 6.3 23:00 8.5 0.0 13.6 10.9 45.1 22:45 NW 14 7.2 8.8 17:10 5.8 2:15 11.1 0.0 14.4 10.5 37.0 10:55 WSW 15 7.0 8.2 1:00 3.6 00:00 11.3 0.0 1.4 2.4 27.4 3:05 NNE 16 7.1 14.8 13:35 0.7 5:00 11.2 0.0 0.0 3.7 29.0 16:25 E 17 10.2 19.4 14:40 2.2 3:50 8.2 0.1 0.2 2.9 22.5 11:55 NE 18 10.2 14.6 13:45 4.4 6:50 8.1 0.0 0.0 2.3 24.1 12:35 NE 19 10.6 14.8 14:05 7.8 21:45 7.7 0.0 1.8 2.1 22.5 14:20 N 20 9.5 10.8 13:35 7.8 23:10 8.8 0.0 0.2 2.9 20.9 10:55 NNE 21 8.3 10.2 23:55 7.2 4:55 10.0 0.0 12.6 1.0 24.1 23:55 SSW 22 9.1 11.3 13:50 6.3 00:00 9.2 0.0 2.4 7.9 32.2 3:55 NE 23 6.2 8.2 15:40 2.7 5:30 12.1 0.0 12.4 0.5 16.1 13:25 E 24 8.0 9.9 14:00 6.3 22:55 10.3 0.0 16.2 3.5 27.4 16:20 NNE 25 8.4 11.6 14:20 5.4 3:35 9.9 0.0 1.2 7.1 37.0 7:40 N 26 10.4 12.6 15:05 6.8 0:05 7.9 0.0 9.2 10.0 46.7 13:25 W 27 11.7 13.2 16:10 9.8 6:30 6.6 0.0 15.2 7.4 38.6 13:05 W 28 11.7 15.3 13:05 7.8 23:25 6.6 0.0 0.4 6.8 29.0 13:40 WSW 29 14.3 19.0 14:30 8.2 0:10 4.0 0.0 0.0 7.7 37.0 14:45 WSW 30 13.6 15.7 14:15 10.8 2:25 4.7 0.0 0.0 10.8 35.4 10:10 WSW 31 12.8 14.8 15:05 11.6 5:15 5.5 0.0 0.0 11.6 40.2 10:40 W ------------------------------------------------------------------------------------- 9.9 21.1 1 0.7 16 259.7 0.4 136.2 4.8 46.7 26 WSW Max >= 32.0: 0 Max <= 0.0: 0 Min <= 0.0: 0 Min <= -18.0: 0 Max Rain: 16.21 ON 24/03/15 Days of Rain: 21 (> .2 mm) 12 (> 2 mm) 0 (> 20 mm) Heat Base: 18.3 Cool Base: 18.3 Method: Integration