Informe tipo NOAA de datos climáticos
Selecciona un año o mes para ver el informe
2024: Ene Feb Mar Abr May Jun Jul Ago Sep Oct Nov Dic
2023: Ene Feb Mar Abr May Jun Jul Ago Sep Oct Nov Dic
2022: Ene Feb Mar Abr May Jun Jul Ago Sep Oct Nov Dic
2021: Ene Feb Mar Abr May Jun Jul Ago Sep Oct Nov Dic
2020: Ene Feb Mar Abr May Jun Jul Ago Sep Oct Nov Dic
2019: Ene Feb Mar Abr May Jun Jul Ago Sep Oct Nov Dic
2018: Ene Feb Mar Abr May Jun Jul Ago Sep Oct Nov Dic
2017: Ene Feb Mar Abr May Jun Jul Ago Sep Oct Nov Dic
2016: Ene Feb Mar Abr May Jun Jul Ago Sep Oct Nov Dic
2015: Ene Feb Mar Abr May Jun Jul Ago Sep Oct Nov Dic
2014: Ene Feb Mar Abr May Jun Jul Ago Sep Oct Nov Dic
2013: Ene Feb Mar Abr May Jun Jul Ago Sep Oct Nov Dic
2012: Ene Feb Mar Abr May Jun Jul Ago Sep Oct Nov Dic
2011: Ene Feb Mar Abr May Jun Jul Ago Sep Oct Nov Dic
2024: Ene Feb Mar Abr May Jun Jul Ago Sep Oct Nov Dic
2023: Ene Feb Mar Abr May Jun Jul Ago Sep Oct Nov Dic
2022: Ene Feb Mar Abr May Jun Jul Ago Sep Oct Nov Dic
2021: Ene Feb Mar Abr May Jun Jul Ago Sep Oct Nov Dic
2020: Ene Feb Mar Abr May Jun Jul Ago Sep Oct Nov Dic
2019: Ene Feb Mar Abr May Jun Jul Ago Sep Oct Nov Dic
2018: Ene Feb Mar Abr May Jun Jul Ago Sep Oct Nov Dic
2017: Ene Feb Mar Abr May Jun Jul Ago Sep Oct Nov Dic
2016: Ene Feb Mar Abr May Jun Jul Ago Sep Oct Nov Dic
2015: Ene Feb Mar Abr May Jun Jul Ago Sep Oct Nov Dic
2014: Ene Feb Mar Abr May Jun Jul Ago Sep Oct Nov Dic
2013: Ene Feb Mar Abr May Jun Jul Ago Sep Oct Nov Dic
2012: Ene Feb Mar Abr May Jun Jul Ago Sep Oct Nov Dic
2011: Ene Feb Mar Abr May Jun Jul Ago Sep Oct Nov Dic
Informe para 2014 Agosto
MONTHLY CLIMATOLOGICAL SUMMARY for AUG. 2014 NAME: Villaverde de Pontones CITY: Villaverde de Pontones STATE: Cantabria - Spain ELEV: 19 m LAT: 43° 24' 48" N LONG: 3° 42' 06" W TEMPERATURE (°C), RAIN (mm), WIND SPEED (km/hr) HEAT COOL AVG MEAN DEG DEG WIND DOM DAY TEMP HIGH TIME LOW TIME DAYS DAYS RAIN SPEED HIGH TIME DIR ------------------------------------------------------------------------------------ 1 19.4 22.1 11:35 16.9 23:50 0.1 1.2 0.4 1.1 19.3 12:30 S 2 20.6 26.4 11:30 15.6 2:25 0.7 2.9 0.6 1.9 24.1 12:30 NNE 3 19.7 24.1 14:20 14.8 2:45 0.8 2.1 0.2 2.9 24.1 10:40 NE 4 20.2 24.9 14:05 15.9 23:55 0.2 2.0 0.0 2.3 20.9 13:45 NE 5 19.9 25.7 12:20 13.3 5:40 1.3 2.9 0.0 2.9 22.5 12:55 NE 6 20.9 26.3 14:15 14.2 5:00 0.9 3.6 0.0 2.3 20.9 13:00 N 7 22.9 27.2 13:40 18.4 5:55 0.0 4.6 0.0 2.4 20.9 12:00 NNE 8 22.3 28.0 14:20 18.7 5:45 0.0 4.0 2.8 2.6 24.1 14:35 NW 9 21.7 26.1 11:20 17.8 00:00 0.0 3.4 0.0 2.3 22.5 13:00 NE 10 20.7 27.9 10:25 16.0 5:40 0.5 2.9 3.0 3.2 30.6 13:15 NW 11 18.4 21.1 13:15 16.7 8:25 0.5 0.6 4.8 1.3 16.1 12:30 S 12 20.6 26.5 13:00 15.7 4:55 0.6 2.8 17.6 3.5 54.7 22:25 ENE 13 17.9 21.4 16:00 14.9 6:00 1.1 0.7 7.4 9.3 37.0 12:45 WSW 14 18.2 22.6 12:25 15.0 6:35 1.0 1.0 2.4 4.5 25.7 0:05 SW 15 18.8 22.1 11:55 15.9 23:40 0.5 1.1 0.0 3.9 25.7 9:20 SW 16 17.6 22.7 14:40 11.4 23:55 2.0 1.2 0.4 2.7 20.9 15:45 NE 17 17.4 23.9 12:45 8.8 5:15 2.6 1.8 0.0 3.2 24.1 14:05 NE 18 17.8 21.9 10:30 13.2 5:55 1.1 0.6 0.0 1.9 20.9 10:40 ENE 19 17.9 22.8 10:55 12.2 5:55 1.6 1.2 0.0 3.4 24.1 14:35 ENE 20 17.7 20.3 15:25 16.0 23:35 0.9 0.3 0.4 1.0 14.5 17:25 ENE 21 18.2 23.3 13:30 12.7 23:50 1.4 1.4 0.0 4.2 24.1 13:35 ENE 22 16.3 20.7 14:35 11.7 2:35 2.6 0.6 0.0 0.6 17.7 15:10 ENE 23 17.7 23.7 10:20 11.6 5:35 2.2 1.6 0.0 2.6 20.9 12:40 ENE 24 18.3 26.0 12:55 10.4 5:45 2.4 2.4 0.0 2.9 20.9 14:35 NE 25 20.2 28.1 11:20 11.7 5:40 1.8 3.7 0.0 1.6 20.9 14:50 NNE 26 20.8 26.1 15:00 16.3 1:40 0.3 2.8 2.4 2.9 24.1 19:00 W 27 22.8 29.8 12:00 17.6 00:00 0.0 4.5 0.0 3.1 25.7 13:00 ENE 28 18.9 21.0 10:45 17.1 23:10 0.2 0.9 6.0 1.1 20.9 13:45 SW 29 19.3 23.9 14:55 16.4 00:00 0.6 1.6 0.2 2.4 20.9 11:20 N 30 19.7 25.2 12:15 14.7 00:00 0.7 2.2 0.2 4.8 37.0 15:00 ENE 31 19.4 26.5 13:10 13.1 3:50 1.3 2.5 0.0 5.6 30.6 15:35 ENE ------------------------------------------------------------------------------------- 19.4 29.8 27 8.8 17 29.8 65.1 48.8 2.9 54.7 12 ENE Max >= 32.0: 0 Max <= 0.0: 0 Min <= 0.0: 0 Min <= -18.0: 0 Max Rain: 17.60 ON 12/08/14 Days of Rain: 15 (> .2 mm) 8 (> 2 mm) 0 (> 20 mm) Heat Base: 18.3 Cool Base: 18.3 Method: Integration