Informe tipo NOAA de datos climáticos
Selecciona un año o mes para ver el informe
2024: Ene Feb Mar Abr May Jun Jul Ago Sep Oct Nov Dic
2023: Ene Feb Mar Abr May Jun Jul Ago Sep Oct Nov Dic
2022: Ene Feb Mar Abr May Jun Jul Ago Sep Oct Nov Dic
2021: Ene Feb Mar Abr May Jun Jul Ago Sep Oct Nov Dic
2020: Ene Feb Mar Abr May Jun Jul Ago Sep Oct Nov Dic
2019: Ene Feb Mar Abr May Jun Jul Ago Sep Oct Nov Dic
2018: Ene Feb Mar Abr May Jun Jul Ago Sep Oct Nov Dic
2017: Ene Feb Mar Abr May Jun Jul Ago Sep Oct Nov Dic
2016: Ene Feb Mar Abr May Jun Jul Ago Sep Oct Nov Dic
2015: Ene Feb Mar Abr May Jun Jul Ago Sep Oct Nov Dic
2014: Ene Feb Mar Abr May Jun Jul Ago Sep Oct Nov Dic
2013: Ene Feb Mar Abr May Jun Jul Ago Sep Oct Nov Dic
2012: Ene Feb Mar Abr May Jun Jul Ago Sep Oct Nov Dic
2011: Ene Feb Mar Abr May Jun Jul Ago Sep Oct Nov Dic
2024: Ene Feb Mar Abr May Jun Jul Ago Sep Oct Nov Dic
2023: Ene Feb Mar Abr May Jun Jul Ago Sep Oct Nov Dic
2022: Ene Feb Mar Abr May Jun Jul Ago Sep Oct Nov Dic
2021: Ene Feb Mar Abr May Jun Jul Ago Sep Oct Nov Dic
2020: Ene Feb Mar Abr May Jun Jul Ago Sep Oct Nov Dic
2019: Ene Feb Mar Abr May Jun Jul Ago Sep Oct Nov Dic
2018: Ene Feb Mar Abr May Jun Jul Ago Sep Oct Nov Dic
2017: Ene Feb Mar Abr May Jun Jul Ago Sep Oct Nov Dic
2016: Ene Feb Mar Abr May Jun Jul Ago Sep Oct Nov Dic
2015: Ene Feb Mar Abr May Jun Jul Ago Sep Oct Nov Dic
2014: Ene Feb Mar Abr May Jun Jul Ago Sep Oct Nov Dic
2013: Ene Feb Mar Abr May Jun Jul Ago Sep Oct Nov Dic
2012: Ene Feb Mar Abr May Jun Jul Ago Sep Oct Nov Dic
2011: Ene Feb Mar Abr May Jun Jul Ago Sep Oct Nov Dic
Informe para 2013 Abril
MONTHLY CLIMATOLOGICAL SUMMARY for APR. 2013 NAME: Villaverde de Pontones CITY: Villaverde de Pontones STATE: Cantabria - Spain ELEV: 19 m LAT: 43° 24' 48" N LONG: 3° 42' 06" W TEMPERATURE (°C), RAIN (mm), WIND SPEED (km/hr) HEAT COOL AVG MEAN DEG DEG WIND DOM DAY TEMP HIGH TIME LOW TIME DAYS DAYS RAIN SPEED HIGH TIME DIR ------------------------------------------------------------------------------------ 1 12.8 15.9 12:20 10.5 4:55 5.5 0.0 15.2 11.3 45.1 0:20 WSW 2 10.7 15.4 15:35 5.4 00:00 7.6 0.0 0.0 4.5 24.1 9:10 W 3 10.6 18.6 12:20 3.7 4:50 7.7 0.0 1.6 4.2 33.8 14:35 ENE 4 8.6 10.9 0:05 5.8 23:45 9.7 0.0 11.2 3.4 24.1 23:35 NE 5 6.1 10.0 13:20 4.1 8:40 10.7 0.0 8.4 11.1 40.2 23:55 WSW 6 6.9 8.7 9:10 4.7 1:10 11.4 0.0 12.4 8.5 45.1 5:00 WSW 7 8.8 14.2 16:15 1.8 6:10 9.5 0.0 0.4 1.6 22.5 14:55 NE 8 11.3 14.8 20:20 7.8 5:25 7.0 0.0 1.0 7.4 54.7 21:55 SSW 9 12.1 16.1 13:35 9.4 4:25 6.2 0.0 3.6 5.0 40.2 0:20 W 10 15.6 21.3 16:45 7.4 3:05 3.6 0.9 0.0 12.7 62.8 11:05 SSW 11 14.4 19.1 0:10 8.2 23:55 4.0 0.1 3.6 12.2 72.4 7:10 SSW 12 11.4 14.8 15:25 7.2 4:55 6.9 0.0 0.2 2.6 25.7 7:15 NE 13 16.8 25.2 15:45 6.8 2:10 3.5 2.1 0.0 6.4 41.8 12:10 SSW 14 19.7 29.7 14:25 11.7 5:30 1.6 3.0 0.0 9.5 40.2 9:00 SSW 15 14.4 19.2 12:40 9.3 00:00 3.9 0.0 0.0 2.6 16.1 9:55 NNW 16 13.8 21.2 13:30 7.6 5:25 4.9 0.4 0.0 2.6 16.1 10:35 NE 17 14.8 22.7 8:55 8.1 4:50 4.1 0.5 0.0 4.0 32.2 12:35 WNW 18 12.3 14.0 14:10 10.2 23:20 6.0 0.0 3.2 2.4 16.1 6:05 NNE 19 11.4 15.3 14:05 5.7 00:00 6.9 0.0 0.0 5.0 27.4 14:00 NE 20 9.6 16.1 13:45 3.2 5:50 8.7 0.0 0.0 5.3 29.0 13:20 NE 21 9.6 16.9 13:10 1.3 4:30 8.7 0.0 0.0 3.7 29.0 12:35 NE 22 11.1 14.9 13:10 7.2 4:30 7.2 0.0 0.8 3.5 22.5 12:20 NE 23 13.1 18.6 12:15 8.7 00:00 5.2 0.0 0.0 5.1 29.0 14:25 E 24 14.3 26.2 12:20 5.1 5:35 5.0 1.0 0.0 2.3 27.4 12:35 NNW 25 14.7 21.3 10:50 7.4 5:35 4.2 0.5 0.0 3.2 19.3 11:15 NNW 26 11.7 13.7 0:15 7.9 00:00 6.6 0.0 1.6 7.9 30.6 7:40 WSW 27 7.2 10.5 9:50 3.7 23:10 11.2 0.0 15.2 5.6 40.2 17:35 WSW 28 8.3 12.8 15:10 3.8 3:55 10.0 0.0 6.8 6.0 29.0 13:25 NNE 29 11.1 15.0 10:20 7.2 1:10 7.2 0.0 4.2 9.0 35.4 10:15 NE 30 8.8 10.8 16:50 5.1 23:45 9.5 0.0 24.0 7.7 40.2 15:35 SW ------------------------------------------------------------------------------------- 11.7 29.7 14 1.3 21 204.0 8.5 113.4 5.9 72.4 11 NE Max >= 32.0: 0 Max <= 0.0: 0 Min <= 0.0: 0 Min <= -18.0: 0 Max Rain: 24.00 ON 30/04/13 Days of Rain: 17 (> .2 mm) 11 (> 2 mm) 1 (> 20 mm) Heat Base: 18.3 Cool Base: 18.3 Method: Integration