Informe tipo NOAA de datos climáticos
Selecciona un año o mes para ver el informe
2024: Ene Feb Mar Abr May Jun Jul Ago Sep Oct Nov Dic
2023: Ene Feb Mar Abr May Jun Jul Ago Sep Oct Nov Dic
2022: Ene Feb Mar Abr May Jun Jul Ago Sep Oct Nov Dic
2021: Ene Feb Mar Abr May Jun Jul Ago Sep Oct Nov Dic
2020: Ene Feb Mar Abr May Jun Jul Ago Sep Oct Nov Dic
2019: Ene Feb Mar Abr May Jun Jul Ago Sep Oct Nov Dic
2018: Ene Feb Mar Abr May Jun Jul Ago Sep Oct Nov Dic
2017: Ene Feb Mar Abr May Jun Jul Ago Sep Oct Nov Dic
2016: Ene Feb Mar Abr May Jun Jul Ago Sep Oct Nov Dic
2015: Ene Feb Mar Abr May Jun Jul Ago Sep Oct Nov Dic
2014: Ene Feb Mar Abr May Jun Jul Ago Sep Oct Nov Dic
2013: Ene Feb Mar Abr May Jun Jul Ago Sep Oct Nov Dic
2012: Ene Feb Mar Abr May Jun Jul Ago Sep Oct Nov Dic
2011: Ene Feb Mar Abr May Jun Jul Ago Sep Oct Nov Dic
2024: Ene Feb Mar Abr May Jun Jul Ago Sep Oct Nov Dic
2023: Ene Feb Mar Abr May Jun Jul Ago Sep Oct Nov Dic
2022: Ene Feb Mar Abr May Jun Jul Ago Sep Oct Nov Dic
2021: Ene Feb Mar Abr May Jun Jul Ago Sep Oct Nov Dic
2020: Ene Feb Mar Abr May Jun Jul Ago Sep Oct Nov Dic
2019: Ene Feb Mar Abr May Jun Jul Ago Sep Oct Nov Dic
2018: Ene Feb Mar Abr May Jun Jul Ago Sep Oct Nov Dic
2017: Ene Feb Mar Abr May Jun Jul Ago Sep Oct Nov Dic
2016: Ene Feb Mar Abr May Jun Jul Ago Sep Oct Nov Dic
2015: Ene Feb Mar Abr May Jun Jul Ago Sep Oct Nov Dic
2014: Ene Feb Mar Abr May Jun Jul Ago Sep Oct Nov Dic
2013: Ene Feb Mar Abr May Jun Jul Ago Sep Oct Nov Dic
2012: Ene Feb Mar Abr May Jun Jul Ago Sep Oct Nov Dic
2011: Ene Feb Mar Abr May Jun Jul Ago Sep Oct Nov Dic
Informe para 2012 Enero
MONTHLY CLIMATOLOGICAL SUMMARY for JAN. 2012 NAME: Villaverde de Pontones CITY: Villaverde de Pontones STATE: Cantabria - Spain ELEV: 19 m LAT: 43° 24' 48" N LONG: 3° 42' 06" W TEMPERATURE (°C), RAIN (mm), WIND SPEED (km/hr) HEAT COOL AVG MEAN DEG DEG WIND DOM DAY TEMP HIGH TIME LOW TIME DAYS DAYS RAIN SPEED HIGH TIME DIR ------------------------------------------------------------------------------------ 1 11.5 16.7 14:10 4.3 8:00 6.8 0.0 0.0 7.1 40.2 18:00 SSW 2 10.8 14.4 0:05 6.1 00:00 7.5 0.0 3.8 10.3 41.8 7:00 WSW 3 9.5 15.5 14:50 1.8 7:25 8.8 0.0 0.0 3.1 30.6 23:20 NE 4 11.9 15.4 3:00 10.5 18:05 6.4 0.0 7.8 4.0 32.2 3:15 WSW 5 12.6 14.7 15:45 11.2 8:55 5.7 0.0 0.2 14.6 45.1 22:40 W 6 11.6 12.6 9:05 10.6 20:55 6.8 0.0 15.4 6.8 38.6 1:50 W 7 11.2 15.1 13:10 7.7 8:35 7.1 0.0 3.2 1.0 14.5 14:25 N 8 10.9 13.5 14:10 9.7 7:05 7.4 0.0 0.6 0.5 9.7 15:00 NNE 9 9.5 11.6 13:20 6.7 22:45 8.8 0.0 0.0 6.4 25.7 20:35 E 10 7.2 12.1 13:30 1.4 23:45 11.1 0.0 0.0 6.8 37.0 3:40 E 11 4.6 12.9 13:50 -0.2 7:05 13.7 0.0 0.2 1.1 19.3 15:10 NE 12 8.2 13.1 14:05 3.8 0:05 10.1 0.0 0.0 1.0 14.5 11:10 E 13 7.9 11.7 15:10 5.2 4:25 10.4 0.0 0.0 1.0 14.5 14:35 NE 14 5.6 11.2 15:05 0.8 00:00 12.7 0.0 0.0 0.5 11.3 15:10 NE 15 5.8 12.9 12:30 -0.4 6:40 12.5 0.0 5.8 2.7 19.3 12:55 SW 16 7.6 9.4 15:55 6.3 7:05 10.8 0.0 9.2 3.2 19.3 11:25 SW 17 6.8 13.2 13:45 1.8 23:55 11.5 0.0 0.0 1.0 14.5 11:55 NE 18 8.4 13.5 13:45 1.3 2:45 9.9 0.0 3.6 1.1 16.1 14:45 WSW 19 12.3 14.6 10:35 11.2 8:10 6.0 0.0 3.8 3.2 16.1 15:00 WSW 20 11.4 12.2 23:00 10.7 4:20 6.9 0.0 9.6 7.1 25.7 0:45 WSW 21 11.9 12.8 10:20 11.1 23:55 6.4 0.0 6.6 5.5 19.3 4:25 WSW 22 11.3 12.9 14:05 10.2 8:05 7.0 0.0 2.0 4.3 17.7 8:00 WSW 23 10.3 11.3 12:35 9.7 1:50 8.0 0.0 6.0 2.4 17.7 14:20 WSW 24 9.3 12.1 14:55 3.3 23:45 9.0 0.0 0.4 0.8 14.5 15:55 ENE 25 6.4 14.5 14:55 1.4 4:35 11.9 0.0 0.2 1.9 16.1 7:00 WSW 26 7.0 9.5 13:05 2.9 0:15 11.3 0.0 11.0 2.6 20.9 11:10 NNE 27 6.3 9.4 13:10 3.2 21:30 12.0 0.0 6.2 1.8 16.1 13:20 SW 28 6.7 9.6 15:10 1.9 7:20 11.7 0.0 5.6 4.5 35.4 20:20 NNE 29 7.6 10.8 14:50 5.3 7:30 10.7 0.0 1.2 3.7 29.0 12:45 N 30 6.6 12.3 14:55 2.2 00:00 11.7 0.0 0.6 0.8 11.3 0:35 E 31 7.0 12.1 11:40 1.4 1:45 11.3 0.0 1.6 2.9 25.7 11:35 NE ------------------------------------------------------------------------------------- 8.9 16.7 1 -0.4 15 291.6 0.0 104.6 3.7 45.1 5 WSW Max >= 32.0: 0 Max <= 0.0: 0 Min <= 0.0: 2 Min <= -18.0: 0 Max Rain: 15.39 ON 06/01/12 Days of Rain: 23 (> .2 mm) 15 (> 2 mm) 0 (> 20 mm) Heat Base: 18.3 Cool Base: 18.3 Method: Integration