Informe tipo NOAA de datos climáticos
Selecciona un año o mes para ver el informe
2024: Ene Feb Mar Abr May Jun Jul Ago Sep Oct Nov Dic
2023: Ene Feb Mar Abr May Jun Jul Ago Sep Oct Nov Dic
2022: Ene Feb Mar Abr May Jun Jul Ago Sep Oct Nov Dic
2021: Ene Feb Mar Abr May Jun Jul Ago Sep Oct Nov Dic
2020: Ene Feb Mar Abr May Jun Jul Ago Sep Oct Nov Dic
2019: Ene Feb Mar Abr May Jun Jul Ago Sep Oct Nov Dic
2018: Ene Feb Mar Abr May Jun Jul Ago Sep Oct Nov Dic
2017: Ene Feb Mar Abr May Jun Jul Ago Sep Oct Nov Dic
2016: Ene Feb Mar Abr May Jun Jul Ago Sep Oct Nov Dic
2015: Ene Feb Mar Abr May Jun Jul Ago Sep Oct Nov Dic
2014: Ene Feb Mar Abr May Jun Jul Ago Sep Oct Nov Dic
2013: Ene Feb Mar Abr May Jun Jul Ago Sep Oct Nov Dic
2012: Ene Feb Mar Abr May Jun Jul Ago Sep Oct Nov Dic
2011: Ene Feb Mar Abr May Jun Jul Ago Sep Oct Nov Dic
2024: Ene Feb Mar Abr May Jun Jul Ago Sep Oct Nov Dic
2023: Ene Feb Mar Abr May Jun Jul Ago Sep Oct Nov Dic
2022: Ene Feb Mar Abr May Jun Jul Ago Sep Oct Nov Dic
2021: Ene Feb Mar Abr May Jun Jul Ago Sep Oct Nov Dic
2020: Ene Feb Mar Abr May Jun Jul Ago Sep Oct Nov Dic
2019: Ene Feb Mar Abr May Jun Jul Ago Sep Oct Nov Dic
2018: Ene Feb Mar Abr May Jun Jul Ago Sep Oct Nov Dic
2017: Ene Feb Mar Abr May Jun Jul Ago Sep Oct Nov Dic
2016: Ene Feb Mar Abr May Jun Jul Ago Sep Oct Nov Dic
2015: Ene Feb Mar Abr May Jun Jul Ago Sep Oct Nov Dic
2014: Ene Feb Mar Abr May Jun Jul Ago Sep Oct Nov Dic
2013: Ene Feb Mar Abr May Jun Jul Ago Sep Oct Nov Dic
2012: Ene Feb Mar Abr May Jun Jul Ago Sep Oct Nov Dic
2011: Ene Feb Mar Abr May Jun Jul Ago Sep Oct Nov Dic
Informe para 2019 Junio
MONTHLY CLIMATOLOGICAL SUMMARY for JAN. 2019 NAME: Villaverde de Pontones CITY: Villaverde de Pontones STATE: Cantabria - Spain ELEV: 19 m LAT: 43° 24' 48" N LONG: 3° 42' 06" W TEMPERATURE (°C), RAIN (mm), WIND SPEED (km/hr) HEAT COOL AVG MEAN DEG DEG WIND DOM DAY TEMP HIGH TIME LOW TIME DAYS DAYS RAIN SPEED HIGH TIME DIR ------------------------------------------------------------------------------------ 1 7.4 11.8 13:50 2.3 1:10 10.9 0.0 0.0 0.5 14.5 14:05 NE 2 8.7 10.1 13:15 8.1 8:00 9.6 0.0 0.0 0.0 0.0 --- --- 3 7.1 10.9 12:50 3.1 00:00 11.2 0.0 0.0 3.2 33.8 9:25 ENE 4 3.8 11.3 13:35 -1.5 7:10 14.5 0.0 0.0 1.8 22.5 13:35 E 5 3.0 12.5 15:05 -2.7 8:00 15.3 0.0 0.0 0.8 16.1 12:20 NE 6 2.9 11.2 13:50 -2.2 6:40 15.4 0.0 0.0 1.3 20.9 15:20 ENE 7 7.0 9.7 14:50 3.0 0:05 11.3 0.0 0.0 0.0 0.0 --- --- 8 8.4 11.0 13:55 6.1 4:55 9.9 0.0 0.0 0.0 0.0 --- --- 9 8.7 8.7 0:05 8.7 0:05 0.1 0.0 0.0 0.0 0.0 --- --- 10 11 12 13 14 15 16 17 18 19 20 21 22 9.2 9.6 00:00 8.9 22:55 0.7 0.0 0.0 0.0 0.0 --- --- 23 11.2 12.8 6:40 9.4 3:00 7.1 0.0 0.0 0.0 0.0 --- --- 24 10.3 11.9 21:15 9.5 11:35 8.0 0.0 0.0 0.0 0.0 --- --- 25 11.6 13.1 12:50 10.3 23:50 6.7 0.0 0.0 2.9 30.6 11:25 W 26 10.4 14.7 14:00 7.2 8:20 7.9 0.0 0.0 0.8 16.1 16:50 N 27 10.1 12.2 12:50 8.0 22:45 8.2 0.0 0.0 2.6 57.9 13:15 WNW 28 10.9 12.3 10:50 8.6 0:05 7.4 0.0 0.0 4.0 48.3 11:40 W 29 9.9 12.5 13:55 7.6 23:15 8.4 0.0 0.0 2.1 62.8 14:00 W 30 9.8 12.9 14:55 7.2 7:55 8.5 0.0 0.0 1.8 29.0 11:05 WSW 31 12.7 17.2 13:10 10.6 00:00 5.7 0.0 0.0 0.5 17.7 13:50 N ------------------------------------------------------------------------------------- 8.6 17.2 31 -2.7 5 166.8 0.0 0.0 1.2 62.8 29 ENE Max >= 32.0: 0 Max <= 0.0: 0 Min <= 0.0: 3 Min <= -18.0: 0 Max Rain: 0.00 ON 01/01/19 Days of Rain: 0 (> .2 mm) 0 (> 2 mm) 0 (> 20 mm) Heat Base: 18.3 Cool Base: 18.3 Method: Integration