Informe tipo NOAA de datos climáticos
Selecciona un año o mes para ver el informe
2024: Ene Feb Mar Abr May Jun Jul Ago Sep Oct Nov Dic
2023: Ene Feb Mar Abr May Jun Jul Ago Sep Oct Nov Dic
2022: Ene Feb Mar Abr May Jun Jul Ago Sep Oct Nov Dic
2021: Ene Feb Mar Abr May Jun Jul Ago Sep Oct Nov Dic
2020: Ene Feb Mar Abr May Jun Jul Ago Sep Oct Nov Dic
2019: Ene Feb Mar Abr May Jun Jul Ago Sep Oct Nov Dic
2018: Ene Feb Mar Abr May Jun Jul Ago Sep Oct Nov Dic
2017: Ene Feb Mar Abr May Jun Jul Ago Sep Oct Nov Dic
2016: Ene Feb Mar Abr May Jun Jul Ago Sep Oct Nov Dic
2015: Ene Feb Mar Abr May Jun Jul Ago Sep Oct Nov Dic
2014: Ene Feb Mar Abr May Jun Jul Ago Sep Oct Nov Dic
2013: Ene Feb Mar Abr May Jun Jul Ago Sep Oct Nov Dic
2012: Ene Feb Mar Abr May Jun Jul Ago Sep Oct Nov Dic
2011: Ene Feb Mar Abr May Jun Jul Ago Sep Oct Nov Dic
2024: Ene Feb Mar Abr May Jun Jul Ago Sep Oct Nov Dic
2023: Ene Feb Mar Abr May Jun Jul Ago Sep Oct Nov Dic
2022: Ene Feb Mar Abr May Jun Jul Ago Sep Oct Nov Dic
2021: Ene Feb Mar Abr May Jun Jul Ago Sep Oct Nov Dic
2020: Ene Feb Mar Abr May Jun Jul Ago Sep Oct Nov Dic
2019: Ene Feb Mar Abr May Jun Jul Ago Sep Oct Nov Dic
2018: Ene Feb Mar Abr May Jun Jul Ago Sep Oct Nov Dic
2017: Ene Feb Mar Abr May Jun Jul Ago Sep Oct Nov Dic
2016: Ene Feb Mar Abr May Jun Jul Ago Sep Oct Nov Dic
2015: Ene Feb Mar Abr May Jun Jul Ago Sep Oct Nov Dic
2014: Ene Feb Mar Abr May Jun Jul Ago Sep Oct Nov Dic
2013: Ene Feb Mar Abr May Jun Jul Ago Sep Oct Nov Dic
2012: Ene Feb Mar Abr May Jun Jul Ago Sep Oct Nov Dic
2011: Ene Feb Mar Abr May Jun Jul Ago Sep Oct Nov Dic
Informe para 2018 Agosto
MONTHLY CLIMATOLOGICAL SUMMARY for AUG. 2018 NAME: Villaverde de Pontones CITY: Villaverde de Pontones STATE: Cantabria - Spain ELEV: 19 m LAT: 43° 24' 48" N LONG: 3° 42' 06" W TEMPERATURE (°C), RAIN (mm), WIND SPEED (km/hr) HEAT COOL AVG MEAN DEG DEG WIND DOM DAY TEMP HIGH TIME LOW TIME DAYS DAYS RAIN SPEED HIGH TIME DIR ------------------------------------------------------------------------------------ 1 21.1 24.6 12:35 18.8 0:55 0.0 2.8 0.0 2.7 24.1 11:55 ENE 2 24.4 29.9 14:30 18.8 6:05 0.0 6.1 0.0 2.4 20.9 11:15 ENE 3 24.7 30.3 15:55 18.5 5:00 0.0 6.4 0.0 0.5 17.7 13:35 NNW 4 24.4 29.0 11:15 20.0 2:40 0.0 6.1 0.0 1.8 17.7 12:40 NNE 5 25.6 32.1 15:15 20.2 0:55 0.0 7.2 0.0 2.4 17.7 15:35 NE 6 25.5 34.6 13:05 18.7 5:15 0.0 7.2 0.0 1.8 17.7 16:20 NNW 7 22.3 25.9 12:40 17.7 00:00 0.0 4.0 0.0 4.5 33.8 12:35 W 8 21.3 26.8 12:50 16.0 3:15 0.5 3.5 0.0 2.4 22.5 13:05 NE 9 18.8 22.2 14:45 16.9 4:40 0.4 0.9 0.0 2.6 29.0 10:30 W 10 20.6 25.4 14:00 15.9 6:15 0.6 2.9 0.0 3.9 30.6 13:20 ENE 11 21.5 28.0 16:10 14.1 5:25 1.0 4.2 0.0 2.7 24.1 11:40 NE 12 22.4 27.3 11:30 16.1 5:40 0.4 4.5 0.0 1.3 19.3 13:40 NW 13 21.2 24.2 13:45 19.2 6:50 0.0 2.9 0.0 3.2 27.4 13:55 NW 14 21.3 25.1 14:10 19.0 5:35 0.0 3.1 0.0 1.6 17.7 16:45 NE 15 22.4 27.2 14:05 18.3 4:15 0.0 4.1 0.0 4.0 29.0 11:40 ENE 16 20.9 25.4 12:05 17.3 4:40 0.1 2.8 0.0 1.4 27.4 12:00 N 17 19.4 23.1 12:35 15.9 23:45 0.2 1.4 0.0 1.1 16.1 13:00 NE 18 19.5 25.3 13:25 13.5 5:30 1.3 2.5 0.0 2.1 22.5 14:10 NE 19 20.7 27.7 12:55 13.6 5:30 1.2 3.6 0.0 2.4 25.7 14:05 NE 20 20.9 27.3 13:35 14.7 5:40 0.8 3.4 0.0 1.6 20.9 13:50 NE 21 22.3 29.2 12:00 14.7 5:00 0.8 4.8 0.0 2.7 24.1 13:30 NE 22 22.4 27.5 11:05 16.3 5:40 0.3 4.3 0.0 1.0 16.1 12:10 NNW 23 22.7 25.8 12:15 20.0 0:50 0.0 4.4 0.0 1.4 16.1 14:25 NNE 24 20.7 22.4 14:30 18.3 00:00 0.0 2.4 0.0 0.0 0.0 --- --- 25 19.3 23.1 14:35 16.3 5:35 0.5 1.5 0.0 1.6 20.9 14:40 NW 26 20.3 25.6 13:35 14.7 6:05 0.9 2.8 0.0 2.3 20.9 13:25 N 27 21.4 28.1 13:30 14.7 5:55 0.9 4.0 0.0 1.9 22.5 14:40 NE 28 22.9 28.9 15:15 16.8 5:40 0.2 4.8 0.0 2.3 22.5 15:50 NNW 29 20.5 22.2 0:05 19.0 23:20 0.0 2.2 0.0 0.0 0.0 --- --- 30 20.8 26.8 12:05 15.7 6:05 0.5 3.0 0.0 2.6 20.9 13:20 NE 31 20.1 27.1 12:05 14.3 5:50 1.1 2.9 0.0 1.0 19.3 14:00 NE ------------------------------------------------------------------------------------- 21.7 34.6 6 13.5 18 11.6 116.6 0.0 2.0 33.8 7 NE Max >= 32.0: 2 Max <= 0.0: 0 Min <= 0.0: 0 Min <= -18.0: 0 Max Rain: 0.00 ON 01/08/18 Days of Rain: 0 (> .2 mm) 0 (> 2 mm) 0 (> 20 mm) Heat Base: 18.3 Cool Base: 18.3 Method: Integration