Informe tipo NOAA de datos climáticos
Selecciona un año o mes para ver el informe
2024: Ene Feb Mar Abr May Jun Jul Ago Sep Oct Nov Dic
2023: Ene Feb Mar Abr May Jun Jul Ago Sep Oct Nov Dic
2022: Ene Feb Mar Abr May Jun Jul Ago Sep Oct Nov Dic
2021: Ene Feb Mar Abr May Jun Jul Ago Sep Oct Nov Dic
2020: Ene Feb Mar Abr May Jun Jul Ago Sep Oct Nov Dic
2019: Ene Feb Mar Abr May Jun Jul Ago Sep Oct Nov Dic
2018: Ene Feb Mar Abr May Jun Jul Ago Sep Oct Nov Dic
2017: Ene Feb Mar Abr May Jun Jul Ago Sep Oct Nov Dic
2016: Ene Feb Mar Abr May Jun Jul Ago Sep Oct Nov Dic
2015: Ene Feb Mar Abr May Jun Jul Ago Sep Oct Nov Dic
2014: Ene Feb Mar Abr May Jun Jul Ago Sep Oct Nov Dic
2013: Ene Feb Mar Abr May Jun Jul Ago Sep Oct Nov Dic
2012: Ene Feb Mar Abr May Jun Jul Ago Sep Oct Nov Dic
2011: Ene Feb Mar Abr May Jun Jul Ago Sep Oct Nov Dic
2024: Ene Feb Mar Abr May Jun Jul Ago Sep Oct Nov Dic
2023: Ene Feb Mar Abr May Jun Jul Ago Sep Oct Nov Dic
2022: Ene Feb Mar Abr May Jun Jul Ago Sep Oct Nov Dic
2021: Ene Feb Mar Abr May Jun Jul Ago Sep Oct Nov Dic
2020: Ene Feb Mar Abr May Jun Jul Ago Sep Oct Nov Dic
2019: Ene Feb Mar Abr May Jun Jul Ago Sep Oct Nov Dic
2018: Ene Feb Mar Abr May Jun Jul Ago Sep Oct Nov Dic
2017: Ene Feb Mar Abr May Jun Jul Ago Sep Oct Nov Dic
2016: Ene Feb Mar Abr May Jun Jul Ago Sep Oct Nov Dic
2015: Ene Feb Mar Abr May Jun Jul Ago Sep Oct Nov Dic
2014: Ene Feb Mar Abr May Jun Jul Ago Sep Oct Nov Dic
2013: Ene Feb Mar Abr May Jun Jul Ago Sep Oct Nov Dic
2012: Ene Feb Mar Abr May Jun Jul Ago Sep Oct Nov Dic
2011: Ene Feb Mar Abr May Jun Jul Ago Sep Oct Nov Dic
Informe para 2018 Julio
MONTHLY CLIMATOLOGICAL SUMMARY for JUL. 2018 NAME: Villaverde de Pontones CITY: Villaverde de Pontones STATE: Cantabria - Spain ELEV: 19 m LAT: 43° 24' 48" N LONG: 3° 42' 06" W TEMPERATURE (°C), RAIN (mm), WIND SPEED (km/hr) HEAT COOL AVG MEAN DEG DEG WIND DOM DAY TEMP HIGH TIME LOW TIME DAYS DAYS RAIN SPEED HIGH TIME DIR ------------------------------------------------------------------------------------ 1 22.3 26.1 11:35 18.4 5:10 0.0 4.0 0.0 1.6 29.0 21:45 NNW 2 22.1 26.2 12:05 17.2 5:10 0.1 3.8 0.0 3.4 22.5 15:30 N 3 22.3 25.2 11:30 20.6 0:05 0.0 4.0 0.0 2.9 20.9 14:45 NNE 4 20.3 21.6 11:55 18.2 00:00 0.0 2.0 0.0 1.4 17.7 14:20 SW 5 19.6 22.2 15:45 17.2 2:55 0.2 1.5 0.0 3.4 22.5 7:55 WSW 6 21.3 25.7 14:40 18.3 00:00 0.0 3.1 0.0 3.4 24.1 15:15 NE 7 22.5 27.9 11:35 17.3 2:25 0.1 4.3 0.0 3.9 20.9 12:30 NE 8 23.7 27.7 15:10 20.5 4:40 0.0 5.4 0.0 1.9 19.3 12:00 N 9 24.3 28.7 12:30 18.6 5:25 0.0 6.0 0.0 0.0 0.0 --- --- 10 24.4 28.2 11:35 20.5 00:00 0.0 6.2 0.0 0.0 0.0 --- --- 11 22.8 27.3 11:45 18.1 4:20 0.0 4.5 0.0 0.0 0.0 --- --- 12 21.3 26.9 16:30 17.8 23:45 0.0 3.0 0.0 0.0 0.0 --- --- 13 22.3 27.7 11:50 15.8 5:25 0.5 4.5 6.4 0.0 0.0 --- --- 14 24.1 28.0 13:15 19.6 5:35 0.0 5.8 0.0 0.0 0.0 --- --- 15 22.8 27.1 13:25 19.8 23:35 0.0 4.5 0.0 0.0 0.0 --- --- 16 20.7 24.9 16:20 17.7 00:00 0.0 2.4 0.0 0.0 0.0 --- --- 17 21.6 26.7 11:15 15.7 5:15 0.5 3.8 0.0 0.0 0.0 --- --- 18 23.2 27.0 11:50 21.1 2:05 0.0 4.9 0.0 0.0 0.0 --- --- 19 22.3 24.7 13:40 19.5 23:40 0.0 4.0 0.0 0.0 0.0 --- --- 20 19.2 20.7 15:25 17.6 23:35 0.0 1.0 0.0 0.0 0.0 --- --- 21 18.9 22.2 13:40 17.2 1:40 0.3 0.9 0.0 0.0 0.0 --- --- 22 21.2 25.8 15:45 16.9 2:15 0.2 3.0 0.0 2.3 19.3 10:50 NNW 23 22.9 29.3 14:55 15.4 5:10 0.5 5.1 0.0 1.8 22.5 13:45 NE 24 23.2 27.4 13:25 19.8 0:45 0.0 4.9 0.0 2.7 19.3 14:40 NNE 25 23.1 27.1 13:55 19.6 2:40 0.0 4.8 0.0 2.6 24.1 12:15 NE 26 23.4 26.0 14:40 21.7 5:15 0.0 5.1 0.0 0.0 0.0 --- --- 27 21.8 24.6 12:20 19.6 23:55 0.0 3.5 0.0 0.0 0.0 --- --- 28 20.3 22.2 13:35 18.4 5:45 0.0 2.1 0.0 0.6 14.5 13:30 NNE 29 22.1 26.2 16:15 18.8 5:50 0.0 3.8 0.0 2.4 19.3 10:05 N 30 23.2 29.6 12:00 16.4 5:40 0.3 5.2 0.0 1.3 14.5 12:35 N 31 20.2 22.1 13:20 18.8 1:30 0.0 1.9 0.0 0.0 0.0 --- --- ------------------------------------------------------------------------------------- 22.0 29.6 30 15.4 23 2.7 118.9 6.4 1.1 29.0 1 NE Max >= 32.0: 0 Max <= 0.0: 0 Min <= 0.0: 0 Min <= -18.0: 0 Max Rain: 6.40 ON 13/07/18 Days of Rain: 1 (> .2 mm) 1 (> 2 mm) 0 (> 20 mm) Heat Base: 18.3 Cool Base: 18.3 Method: Integration