Informe tipo NOAA de datos climáticos
Selecciona un año o mes para ver el informe
2024: Ene Feb Mar Abr May Jun Jul Ago Sep Oct Nov Dic
2023: Ene Feb Mar Abr May Jun Jul Ago Sep Oct Nov Dic
2022: Ene Feb Mar Abr May Jun Jul Ago Sep Oct Nov Dic
2021: Ene Feb Mar Abr May Jun Jul Ago Sep Oct Nov Dic
2020: Ene Feb Mar Abr May Jun Jul Ago Sep Oct Nov Dic
2019: Ene Feb Mar Abr May Jun Jul Ago Sep Oct Nov Dic
2018: Ene Feb Mar Abr May Jun Jul Ago Sep Oct Nov Dic
2017: Ene Feb Mar Abr May Jun Jul Ago Sep Oct Nov Dic
2016: Ene Feb Mar Abr May Jun Jul Ago Sep Oct Nov Dic
2015: Ene Feb Mar Abr May Jun Jul Ago Sep Oct Nov Dic
2014: Ene Feb Mar Abr May Jun Jul Ago Sep Oct Nov Dic
2013: Ene Feb Mar Abr May Jun Jul Ago Sep Oct Nov Dic
2012: Ene Feb Mar Abr May Jun Jul Ago Sep Oct Nov Dic
2011: Ene Feb Mar Abr May Jun Jul Ago Sep Oct Nov Dic
2024: Ene Feb Mar Abr May Jun Jul Ago Sep Oct Nov Dic
2023: Ene Feb Mar Abr May Jun Jul Ago Sep Oct Nov Dic
2022: Ene Feb Mar Abr May Jun Jul Ago Sep Oct Nov Dic
2021: Ene Feb Mar Abr May Jun Jul Ago Sep Oct Nov Dic
2020: Ene Feb Mar Abr May Jun Jul Ago Sep Oct Nov Dic
2019: Ene Feb Mar Abr May Jun Jul Ago Sep Oct Nov Dic
2018: Ene Feb Mar Abr May Jun Jul Ago Sep Oct Nov Dic
2017: Ene Feb Mar Abr May Jun Jul Ago Sep Oct Nov Dic
2016: Ene Feb Mar Abr May Jun Jul Ago Sep Oct Nov Dic
2015: Ene Feb Mar Abr May Jun Jul Ago Sep Oct Nov Dic
2014: Ene Feb Mar Abr May Jun Jul Ago Sep Oct Nov Dic
2013: Ene Feb Mar Abr May Jun Jul Ago Sep Oct Nov Dic
2012: Ene Feb Mar Abr May Jun Jul Ago Sep Oct Nov Dic
2011: Ene Feb Mar Abr May Jun Jul Ago Sep Oct Nov Dic
Informe para 2018 Junio
MONTHLY CLIMATOLOGICAL SUMMARY for JUN. 2018 NAME: Villaverde de Pontones CITY: Villaverde de Pontones STATE: Cantabria - Spain ELEV: 19 m LAT: 43° 24' 48" N LONG: 3° 42' 06" W TEMPERATURE (°C), RAIN (mm), WIND SPEED (km/hr) HEAT COOL AVG MEAN DEG DEG WIND DOM DAY TEMP HIGH TIME LOW TIME DAYS DAYS RAIN SPEED HIGH TIME DIR ------------------------------------------------------------------------------------ 1 16.7 19.8 13:15 13.8 1:15 1.8 0.2 0.0 1.3 17.7 13:45 ENE 2 19.3 26.1 13:35 15.9 4:10 0.7 1.7 0.0 3.1 24.1 14:20 WSW 3 17.7 19.9 10:25 15.8 23:50 0.9 0.2 0.2 1.9 17.7 17:35 WSW 4 16.4 18.7 11:10 14.7 00:00 1.9 0.0 5.8 1.4 17.7 12:30 NNW 5 16.1 20.1 12:15 12.7 00:00 2.4 0.2 10.8 1.8 17.7 12:25 N 6 16.5 21.3 12:15 10.2 4:45 2.5 0.7 0.4 4.2 24.1 12:45 NW 7 19.4 22.9 10:45 16.3 5:05 0.5 1.7 0.0 3.5 22.5 16:50 ENE 8 19.1 23.7 14:10 16.9 4:25 0.4 1.2 10.6 1.9 22.5 17:10 N 9 19.1 23.8 12:55 14.6 5:25 0.8 1.6 0.8 3.9 27.4 15:05 NE 10 18.2 24.3 11:40 12.3 4:30 1.7 1.5 2.0 0.6 17.7 12:05 NE 11 18.5 22.7 15:30 15.3 7:05 0.8 1.0 15.4 5.5 27.4 23:55 WSW 12 17.6 19.7 15:00 16.8 11:40 0.7 0.1 3.6 16.7 51.5 12:40 W 13 18.3 21.4 16:30 13.9 00:00 1.0 1.0 0.0 5.6 24.1 0:35 WNW 14 17.9 23.3 15:20 12.6 5:20 1.8 1.4 0.0 2.6 20.9 11:20 N 15 17.0 21.7 13:20 13.3 3:20 1.9 0.6 0.6 2.3 19.3 13:40 NNE 16 18.4 22.7 14:45 15.3 2:05 0.9 1.1 0.0 2.7 19.3 14:50 NNE 17 18.9 23.3 14:00 14.7 00:00 1.1 1.8 3.2 2.7 19.3 14:45 NNE 18 18.3 22.6 12:40 13.4 2:35 1.2 1.2 0.0 2.4 20.9 13:55 NNE 19 20.2 23.8 14:00 17.1 4:25 0.2 2.1 0.0 6.3 35.4 13:40 ENE 20 20.5 24.2 14:50 15.2 5:15 0.4 2.7 0.0 2.3 16.1 12:25 W 21 21.3 24.5 15:30 19.8 4:25 0.0 3.0 0.0 3.5 20.9 16:20 W 22 21.2 25.6 12:45 14.8 23:50 0.2 3.1 0.0 2.6 24.1 12:30 NE 23 20.0 26.5 12:35 12.3 4:15 1.5 3.2 0.0 0.8 29.0 15:55 ENE 24 22.1 29.6 11:20 12.6 4:55 1.2 5.0 0.0 4.3 30.6 11:50 E 25 22.3 28.7 11:20 15.2 3:15 0.6 4.6 0.0 5.1 35.4 11:35 E 26 20.0 24.9 11:40 14.5 5:00 0.8 2.4 0.0 4.2 32.2 20:45 NW 27 19.1 20.8 14:15 17.6 23:35 0.0 0.8 5.2 2.6 16.1 10:55 WSW 28 20.0 22.2 14:40 17.7 0:05 0.1 1.8 0.0 1.4 14.5 12:20 NNE 29 21.9 27.3 11:10 16.9 4:45 0.2 3.8 0.0 3.1 25.7 13:45 ENE 30 21.8 28.0 11:50 18.3 3:45 0.0 3.5 0.0 1.9 20.9 7:55 NE ------------------------------------------------------------------------------------- 19.1 29.6 24 10.2 6 28.1 52.9 58.6 3.4 51.5 12 NE Max >= 32.0: 0 Max <= 0.0: 0 Min <= 0.0: 0 Min <= -18.0: 0 Max Rain: 15.39 ON 11/06/18 Days of Rain: 12 (> .2 mm) 8 (> 2 mm) 0 (> 20 mm) Heat Base: 18.3 Cool Base: 18.3 Method: Integration