Informe tipo NOAA de datos climáticos
Selecciona un año o mes para ver el informe
2024: Ene Feb Mar Abr May Jun Jul Ago Sep Oct Nov Dic
2023: Ene Feb Mar Abr May Jun Jul Ago Sep Oct Nov Dic
2022: Ene Feb Mar Abr May Jun Jul Ago Sep Oct Nov Dic
2021: Ene Feb Mar Abr May Jun Jul Ago Sep Oct Nov Dic
2020: Ene Feb Mar Abr May Jun Jul Ago Sep Oct Nov Dic
2019: Ene Feb Mar Abr May Jun Jul Ago Sep Oct Nov Dic
2018: Ene Feb Mar Abr May Jun Jul Ago Sep Oct Nov Dic
2017: Ene Feb Mar Abr May Jun Jul Ago Sep Oct Nov Dic
2016: Ene Feb Mar Abr May Jun Jul Ago Sep Oct Nov Dic
2015: Ene Feb Mar Abr May Jun Jul Ago Sep Oct Nov Dic
2014: Ene Feb Mar Abr May Jun Jul Ago Sep Oct Nov Dic
2013: Ene Feb Mar Abr May Jun Jul Ago Sep Oct Nov Dic
2012: Ene Feb Mar Abr May Jun Jul Ago Sep Oct Nov Dic
2011: Ene Feb Mar Abr May Jun Jul Ago Sep Oct Nov Dic
2024: Ene Feb Mar Abr May Jun Jul Ago Sep Oct Nov Dic
2023: Ene Feb Mar Abr May Jun Jul Ago Sep Oct Nov Dic
2022: Ene Feb Mar Abr May Jun Jul Ago Sep Oct Nov Dic
2021: Ene Feb Mar Abr May Jun Jul Ago Sep Oct Nov Dic
2020: Ene Feb Mar Abr May Jun Jul Ago Sep Oct Nov Dic
2019: Ene Feb Mar Abr May Jun Jul Ago Sep Oct Nov Dic
2018: Ene Feb Mar Abr May Jun Jul Ago Sep Oct Nov Dic
2017: Ene Feb Mar Abr May Jun Jul Ago Sep Oct Nov Dic
2016: Ene Feb Mar Abr May Jun Jul Ago Sep Oct Nov Dic
2015: Ene Feb Mar Abr May Jun Jul Ago Sep Oct Nov Dic
2014: Ene Feb Mar Abr May Jun Jul Ago Sep Oct Nov Dic
2013: Ene Feb Mar Abr May Jun Jul Ago Sep Oct Nov Dic
2012: Ene Feb Mar Abr May Jun Jul Ago Sep Oct Nov Dic
2011: Ene Feb Mar Abr May Jun Jul Ago Sep Oct Nov Dic
Informe para 2018 Abril
MONTHLY CLIMATOLOGICAL SUMMARY for APR. 2018 NAME: Villaverde de Pontones CITY: Villaverde de Pontones STATE: Cantabria - Spain ELEV: 19 m LAT: 43° 24' 48" N LONG: 3° 42' 06" W TEMPERATURE (°C), RAIN (mm), WIND SPEED (km/hr) HEAT COOL AVG MEAN DEG DEG WIND DOM DAY TEMP HIGH TIME LOW TIME DAYS DAYS RAIN SPEED HIGH TIME DIR ------------------------------------------------------------------------------------ 1 13.3 21.1 14:45 5.9 2:35 5.4 0.4 0.0 1.1 17.7 17:55 ENE 2 18.7 23.4 12:45 12.3 0:35 0.9 1.3 0.0 15.6 54.7 13:25 SSW 3 17.2 22.1 14:05 12.5 22:10 1.6 0.6 0.0 18.8 72.4 15:35 SSW 4 14.8 19.2 9:50 11.4 22:45 3.5 0.0 2.6 15.8 57.9 6:40 SSW 5 14.1 20.5 12:15 7.8 6:20 4.5 0.3 0.0 4.0 25.7 12:20 NE 6 18.6 28.3 14:35 9.0 0:55 2.2 2.5 1.4 12.2 49.9 4:40 SSW 7 12.8 15.2 16:00 9.3 00:00 5.5 0.0 0.8 0.8 12.9 11:20 NE 8 13.5 19.2 15:05 8.6 2:30 4.8 0.0 0.0 4.0 22.5 15:40 E 9 12.2 14.5 12:15 9.4 00:00 6.1 0.0 3.0 5.8 33.8 18:05 WSW 10 9.5 12.1 14:40 7.3 1:55 8.8 0.0 9.8 5.3 24.1 4:30 WSW 11 10.2 12.1 18:05 7.7 3:20 8.1 0.0 26.0 12.4 45.1 10:20 W 12 13.5 18.2 14:05 10.1 23:40 4.8 0.0 0.4 5.6 29.0 12:25 NE 13 11.4 15.9 13:05 6.3 5:00 6.9 0.0 29.0 1.6 20.9 9:40 WSW 14 14.2 20.3 13:40 10.0 23:50 4.2 0.2 5.2 3.4 24.1 15:20 NE 15 13.7 17.1 8:55 9.8 0:55 4.6 0.0 5.2 1.1 17.7 9:55 NE 16 13.9 19.0 13:55 9.9 00:00 4.4 0.0 2.2 3.9 27.4 16:55 E 17 14.8 23.5 13:50 6.4 5:45 4.6 1.1 0.0 2.7 22.5 14:20 NE 18 16.1 27.7 10:45 7.3 5:15 3.9 1.7 0.0 1.8 24.1 12:15 NNW 19 16.1 22.9 11:45 9.6 5:30 3.3 1.1 0.0 2.3 20.9 13:45 NNW 20 17.6 24.2 15:25 12.5 0:05 2.1 1.4 0.0 2.4 22.5 16:50 E 21 18.6 28.7 12:25 10.3 5:35 2.6 2.8 0.0 1.1 14.5 13:15 NE 22 17.3 23.2 12:10 12.8 6:10 2.1 1.1 7.4 3.4 27.4 2:35 N 23 15.4 17.4 14:05 14.4 2:15 2.9 0.0 0.8 1.9 16.1 14:15 ENE 24 16.4 19.9 13:20 14.9 3:10 2.0 0.1 0.4 1.4 17.7 14:35 ENE 25 14.8 17.1 13:50 12.9 23:55 3.5 0.0 2.4 2.4 19.3 13:50 NW 26 14.2 18.9 12:20 10.3 23:50 4.1 0.0 0.0 2.7 25.7 14:40 NE 27 12.1 14.9 8:05 7.9 4:40 6.2 0.0 0.0 4.5 30.6 9:45 W 28 11.9 14.5 14:45 10.6 23:25 6.4 0.0 3.0 2.7 22.5 15:00 ENE 29 11.8 15.8 14:35 9.0 22:05 6.5 0.0 3.2 5.3 29.0 18:30 SSW 30 9.3 11.4 15:10 8.0 23:55 9.0 0.0 15.0 6.9 29.0 15:25 SW ------------------------------------------------------------------------------------- 14.3 28.7 21 5.9 1 135.6 14.7 117.8 5.1 72.4 3 NE Max >= 32.0: 0 Max <= 0.0: 0 Min <= 0.0: 0 Min <= -18.0: 0 Max Rain: 29.01 ON 13/04/18 Days of Rain: 18 (> .2 mm) 13 (> 2 mm) 2 (> 20 mm) Heat Base: 18.3 Cool Base: 18.3 Method: Integration