Informe tipo NOAA de datos climáticos
Selecciona un año o mes para ver el informe
2024: Ene Feb Mar Abr May Jun Jul Ago Sep Oct Nov Dic
2023: Ene Feb Mar Abr May Jun Jul Ago Sep Oct Nov Dic
2022: Ene Feb Mar Abr May Jun Jul Ago Sep Oct Nov Dic
2021: Ene Feb Mar Abr May Jun Jul Ago Sep Oct Nov Dic
2020: Ene Feb Mar Abr May Jun Jul Ago Sep Oct Nov Dic
2019: Ene Feb Mar Abr May Jun Jul Ago Sep Oct Nov Dic
2018: Ene Feb Mar Abr May Jun Jul Ago Sep Oct Nov Dic
2017: Ene Feb Mar Abr May Jun Jul Ago Sep Oct Nov Dic
2016: Ene Feb Mar Abr May Jun Jul Ago Sep Oct Nov Dic
2015: Ene Feb Mar Abr May Jun Jul Ago Sep Oct Nov Dic
2014: Ene Feb Mar Abr May Jun Jul Ago Sep Oct Nov Dic
2013: Ene Feb Mar Abr May Jun Jul Ago Sep Oct Nov Dic
2012: Ene Feb Mar Abr May Jun Jul Ago Sep Oct Nov Dic
2011: Ene Feb Mar Abr May Jun Jul Ago Sep Oct Nov Dic
2024: Ene Feb Mar Abr May Jun Jul Ago Sep Oct Nov Dic
2023: Ene Feb Mar Abr May Jun Jul Ago Sep Oct Nov Dic
2022: Ene Feb Mar Abr May Jun Jul Ago Sep Oct Nov Dic
2021: Ene Feb Mar Abr May Jun Jul Ago Sep Oct Nov Dic
2020: Ene Feb Mar Abr May Jun Jul Ago Sep Oct Nov Dic
2019: Ene Feb Mar Abr May Jun Jul Ago Sep Oct Nov Dic
2018: Ene Feb Mar Abr May Jun Jul Ago Sep Oct Nov Dic
2017: Ene Feb Mar Abr May Jun Jul Ago Sep Oct Nov Dic
2016: Ene Feb Mar Abr May Jun Jul Ago Sep Oct Nov Dic
2015: Ene Feb Mar Abr May Jun Jul Ago Sep Oct Nov Dic
2014: Ene Feb Mar Abr May Jun Jul Ago Sep Oct Nov Dic
2013: Ene Feb Mar Abr May Jun Jul Ago Sep Oct Nov Dic
2012: Ene Feb Mar Abr May Jun Jul Ago Sep Oct Nov Dic
2011: Ene Feb Mar Abr May Jun Jul Ago Sep Oct Nov Dic
Informe para 2017 Abril
MONTHLY CLIMATOLOGICAL SUMMARY for APR. 2017 NAME: Villaverde de Pontones CITY: Villaverde de Pontones STATE: Cantabria - Spain ELEV: 19 m LAT: 43° 24' 48" N LONG: 3° 42' 06" W TEMPERATURE (°C), RAIN (mm), WIND SPEED (km/hr) HEAT COOL AVG MEAN DEG DEG WIND DOM DAY TEMP HIGH TIME LOW TIME DAYS DAYS RAIN SPEED HIGH TIME DIR ------------------------------------------------------------------------------------ 1 11.4 14.3 13:20 7.4 2:50 6.9 0.0 2.4 12.4 54.7 11:45 W 2 10.7 14.2 15:45 4.9 23:55 7.6 0.0 14.6 5.0 27.4 3:30 W 3 10.3 18.4 14:30 2.2 5:40 8.1 0.0 0.2 3.7 24.1 14:50 NE 4 12.3 16.3 13:20 7.6 0:05 5.9 0.0 2.2 3.9 20.9 12:15 NNW 5 12.2 15.8 14:25 10.5 22:20 6.1 0.0 4.8 3.5 22.5 13:45 NNE 6 12.9 18.9 14:05 7.2 00:00 5.5 0.0 0.0 3.4 22.5 14:30 NE 7 11.6 18.8 13:30 4.0 6:05 6.7 0.0 0.2 2.9 27.4 12:15 NE 8 14.4 24.5 15:10 5.2 5:30 5.2 1.4 0.2 1.6 14.5 10:50 NNW 9 13.9 20.4 12:10 6.8 5:30 4.7 0.3 0.0 2.6 20.9 14:15 NNW 10 13.2 15.6 16:25 11.9 6:25 5.1 0.0 0.0 2.9 16.1 10:10 NW 11 13.9 18.2 14:40 8.5 00:00 4.4 0.0 0.0 3.2 24.1 13:10 NE 12 13.1 20.6 11:35 5.3 6:10 5.6 0.4 0.2 3.5 25.7 13:20 NE 13 12.6 20.2 15:55 4.6 5:40 5.9 0.2 0.2 2.6 20.9 11:15 NNE 14 13.1 16.1 14:10 9.7 0:05 5.2 0.0 0.0 1.0 16.1 11:00 NNE 15 13.1 17.2 13:15 7.8 00:00 5.2 0.0 0.0 2.9 20.9 12:50 N 16 13.1 19.2 14:05 7.3 6:05 5.3 0.1 0.0 5.8 33.8 12:50 ENE 17 13.3 20.1 12:40 5.7 6:20 5.4 0.4 0.0 4.2 30.6 11:25 NE 18 12.4 20.0 12:10 5.3 5:25 6.0 0.1 0.2 6.0 37.0 16:35 ENE 19 12.0 16.1 12:30 6.7 23:40 6.3 0.0 0.0 9.0 38.6 14:10 ENE 20 12.1 16.0 11:05 5.9 6:15 6.3 0.0 0.0 11.1 45.1 1:30 E 21 13.4 22.0 10:50 4.1 5:45 5.6 0.8 0.0 5.0 37.0 13:15 E 22 14.0 24.1 15:50 4.4 5:45 5.5 1.2 0.0 3.1 20.9 11:20 NE 23 14.3 23.6 11:35 5.0 5:25 5.2 1.2 0.0 4.0 30.6 16:15 NE 24 14.2 21.6 11:35 5.5 5:50 4.7 0.6 0.0 4.0 27.4 12:55 NE 25 12.5 16.8 12:25 8.5 00:00 5.8 0.0 15.6 4.0 38.6 22:25 W 26 7.9 11.2 17:45 3.2 00:00 10.4 0.0 18.8 1.9 24.1 0:05 SW 27 7.4 12.6 16:25 3.0 0:30 10.8 0.0 4.8 3.4 29.0 11:15 NE 28 9.4 15.6 11:05 1.7 5:30 8.9 0.0 0.0 7.2 35.4 17:35 ENE 29 15.8 26.2 15:20 3.5 5:40 4.6 2.1 0.0 3.4 32.2 16:00 ENE 30 11.8 15.8 3:15 8.9 00:00 6.4 0.0 7.2 14.8 77.2 5:50 WSW ------------------------------------------------------------------------------------- 12.4 26.2 29 1.7 28 185.2 8.8 71.6 4.7 77.2 30 NE Max >= 32.0: 0 Max <= 0.0: 0 Min <= 0.0: 0 Min <= -18.0: 0 Max Rain: 18.80 ON 26/04/17 Days of Rain: 14 (> .2 mm) 8 (> 2 mm) 0 (> 20 mm) Heat Base: 18.3 Cool Base: 18.3 Method: Integration