Informe tipo NOAA de datos climáticos
Selecciona un año o mes para ver el informe
2024: Ene Feb Mar Abr May Jun Jul Ago Sep Oct Nov Dic
2023: Ene Feb Mar Abr May Jun Jul Ago Sep Oct Nov Dic
2022: Ene Feb Mar Abr May Jun Jul Ago Sep Oct Nov Dic
2021: Ene Feb Mar Abr May Jun Jul Ago Sep Oct Nov Dic
2020: Ene Feb Mar Abr May Jun Jul Ago Sep Oct Nov Dic
2019: Ene Feb Mar Abr May Jun Jul Ago Sep Oct Nov Dic
2018: Ene Feb Mar Abr May Jun Jul Ago Sep Oct Nov Dic
2017: Ene Feb Mar Abr May Jun Jul Ago Sep Oct Nov Dic
2016: Ene Feb Mar Abr May Jun Jul Ago Sep Oct Nov Dic
2015: Ene Feb Mar Abr May Jun Jul Ago Sep Oct Nov Dic
2014: Ene Feb Mar Abr May Jun Jul Ago Sep Oct Nov Dic
2013: Ene Feb Mar Abr May Jun Jul Ago Sep Oct Nov Dic
2012: Ene Feb Mar Abr May Jun Jul Ago Sep Oct Nov Dic
2011: Ene Feb Mar Abr May Jun Jul Ago Sep Oct Nov Dic
2024: Ene Feb Mar Abr May Jun Jul Ago Sep Oct Nov Dic
2023: Ene Feb Mar Abr May Jun Jul Ago Sep Oct Nov Dic
2022: Ene Feb Mar Abr May Jun Jul Ago Sep Oct Nov Dic
2021: Ene Feb Mar Abr May Jun Jul Ago Sep Oct Nov Dic
2020: Ene Feb Mar Abr May Jun Jul Ago Sep Oct Nov Dic
2019: Ene Feb Mar Abr May Jun Jul Ago Sep Oct Nov Dic
2018: Ene Feb Mar Abr May Jun Jul Ago Sep Oct Nov Dic
2017: Ene Feb Mar Abr May Jun Jul Ago Sep Oct Nov Dic
2016: Ene Feb Mar Abr May Jun Jul Ago Sep Oct Nov Dic
2015: Ene Feb Mar Abr May Jun Jul Ago Sep Oct Nov Dic
2014: Ene Feb Mar Abr May Jun Jul Ago Sep Oct Nov Dic
2013: Ene Feb Mar Abr May Jun Jul Ago Sep Oct Nov Dic
2012: Ene Feb Mar Abr May Jun Jul Ago Sep Oct Nov Dic
2011: Ene Feb Mar Abr May Jun Jul Ago Sep Oct Nov Dic
Informe para 2017 Marzo
MONTHLY CLIMATOLOGICAL SUMMARY for MAR. 2017 NAME: Villaverde de Pontones CITY: Villaverde de Pontones STATE: Cantabria - Spain ELEV: 19 m LAT: 43° 24' 48" N LONG: 3° 42' 06" W TEMPERATURE (°C), RAIN (mm), WIND SPEED (km/hr) HEAT COOL AVG MEAN DEG DEG WIND DOM DAY TEMP HIGH TIME LOW TIME DAYS DAYS RAIN SPEED HIGH TIME DIR ------------------------------------------------------------------------------------ 1 10.7 18.7 12:55 4.5 7:20 7.6 0.0 0.0 2.9 30.6 11:25 NNE 2 12.7 19.8 13:50 7.6 3:30 5.7 0.1 0.0 3.4 37.0 23:25 ENE 3 12.8 17.8 10:40 7.6 00:00 5.5 0.0 12.2 13.2 46.7 1:35 SSW 4 8.5 12.8 14:45 4.3 3:30 9.8 0.0 0.4 8.4 57.9 11:40 WSW 5 13.2 16.7 13:00 7.6 0:05 5.1 0.0 1.8 5.6 37.0 11:40 WSW 6 12.6 15.1 7:50 9.8 22:50 5.7 0.0 0.2 9.3 45.1 8:15 W 7 12.5 15.5 11:00 8.9 4:15 5.8 0.0 0.0 7.7 41.8 15:50 W 8 13.6 16.9 11:50 10.2 6:55 4.7 0.0 0.0 1.8 20.9 12:45 NNE 9 13.4 18.9 13:10 8.3 00:00 4.9 0.0 0.0 3.1 29.0 14:35 NE 10 13.8 24.1 13:40 5.5 7:10 5.6 1.2 0.2 1.1 16.1 14:40 NE 11 12.8 17.9 13:35 7.3 5:20 5.5 0.0 0.4 6.6 40.2 21:25 W 12 11.2 12.9 14:55 9.2 19:50 7.1 0.0 17.0 12.1 54.7 9:35 W 13 10.8 11.8 10:35 10.0 2:10 7.5 0.0 7.6 6.9 35.4 1:50 NNW 14 11.8 15.9 14:00 6.8 23:35 6.5 0.0 0.0 2.9 25.7 15:35 NE 15 11.2 17.4 12:10 6.3 1:05 7.1 0.0 0.2 4.5 30.6 14:05 NE 16 11.5 20.4 11:05 4.2 6:35 6.9 0.1 0.2 2.7 19.3 16:30 NNW 17 12.3 13.8 14:20 10.8 0:05 6.0 0.0 0.0 4.7 24.1 2:20 WSW 18 11.7 15.8 12:45 7.4 00:00 6.6 0.0 0.0 2.7 22.5 11:55 NE 19 9.8 15.0 13:10 3.9 6:45 8.5 0.0 0.0 1.3 19.3 13:45 N 20 11.2 12.8 16:25 9.9 4:25 7.1 0.0 0.0 2.1 16.1 12:40 W 21 9.6 11.2 6:05 7.2 22:30 8.7 0.0 13.8 4.2 25.7 7:25 W 22 6.3 9.6 15:20 3.6 4:40 12.0 0.0 9.6 2.1 24.1 16:05 ENE 23 7.3 14.7 13:45 0.6 6:10 11.0 0.0 0.2 3.7 32.2 15:35 NNE 24 8.1 14.7 13:35 1.3 6:25 10.3 0.0 0.0 3.9 29.0 13:35 NE 25 7.6 8.4 17:30 6.1 00:00 10.7 0.0 18.2 5.8 33.8 10:00 WSW 26 11.7 16.2 11:40 4.2 2:55 6.6 0.0 0.2 4.7 30.6 9:45 E 27 15.0 20.4 13:20 7.4 00:00 3.6 0.3 0.0 8.0 45.1 10:00 SSW 28 11.9 19.9 12:30 4.3 6:40 6.7 0.3 0.0 3.4 25.7 14:30 NE 29 14.3 24.4 15:10 4.9 6:25 5.5 1.5 0.0 1.8 16.1 13:55 NE 30 17.4 25.1 11:40 8.2 4:35 3.2 2.3 0.0 5.0 49.9 22:00 SW 31 14.1 18.7 11:30 10.1 00:00 4.3 0.0 1.8 4.7 33.8 9:55 NE ------------------------------------------------------------------------------------- 11.6 25.1 30 0.6 23 211.9 5.8 84.0 4.8 57.9 4 NE Max >= 32.0: 0 Max <= 0.0: 0 Min <= 0.0: 0 Min <= -18.0: 0 Max Rain: 18.21 ON 25/03/17 Days of Rain: 16 (> .2 mm) 6 (> 2 mm) 0 (> 20 mm) Heat Base: 18.3 Cool Base: 18.3 Method: Integration