Informe tipo NOAA de datos climáticos
Selecciona un año o mes para ver el informe
2024: Ene Feb Mar Abr May Jun Jul Ago Sep Oct Nov Dic
2023: Ene Feb Mar Abr May Jun Jul Ago Sep Oct Nov Dic
2022: Ene Feb Mar Abr May Jun Jul Ago Sep Oct Nov Dic
2021: Ene Feb Mar Abr May Jun Jul Ago Sep Oct Nov Dic
2020: Ene Feb Mar Abr May Jun Jul Ago Sep Oct Nov Dic
2019: Ene Feb Mar Abr May Jun Jul Ago Sep Oct Nov Dic
2018: Ene Feb Mar Abr May Jun Jul Ago Sep Oct Nov Dic
2017: Ene Feb Mar Abr May Jun Jul Ago Sep Oct Nov Dic
2016: Ene Feb Mar Abr May Jun Jul Ago Sep Oct Nov Dic
2015: Ene Feb Mar Abr May Jun Jul Ago Sep Oct Nov Dic
2014: Ene Feb Mar Abr May Jun Jul Ago Sep Oct Nov Dic
2013: Ene Feb Mar Abr May Jun Jul Ago Sep Oct Nov Dic
2012: Ene Feb Mar Abr May Jun Jul Ago Sep Oct Nov Dic
2011: Ene Feb Mar Abr May Jun Jul Ago Sep Oct Nov Dic
2024: Ene Feb Mar Abr May Jun Jul Ago Sep Oct Nov Dic
2023: Ene Feb Mar Abr May Jun Jul Ago Sep Oct Nov Dic
2022: Ene Feb Mar Abr May Jun Jul Ago Sep Oct Nov Dic
2021: Ene Feb Mar Abr May Jun Jul Ago Sep Oct Nov Dic
2020: Ene Feb Mar Abr May Jun Jul Ago Sep Oct Nov Dic
2019: Ene Feb Mar Abr May Jun Jul Ago Sep Oct Nov Dic
2018: Ene Feb Mar Abr May Jun Jul Ago Sep Oct Nov Dic
2017: Ene Feb Mar Abr May Jun Jul Ago Sep Oct Nov Dic
2016: Ene Feb Mar Abr May Jun Jul Ago Sep Oct Nov Dic
2015: Ene Feb Mar Abr May Jun Jul Ago Sep Oct Nov Dic
2014: Ene Feb Mar Abr May Jun Jul Ago Sep Oct Nov Dic
2013: Ene Feb Mar Abr May Jun Jul Ago Sep Oct Nov Dic
2012: Ene Feb Mar Abr May Jun Jul Ago Sep Oct Nov Dic
2011: Ene Feb Mar Abr May Jun Jul Ago Sep Oct Nov Dic
Informe para 2016 Noviembre
MONTHLY CLIMATOLOGICAL SUMMARY for NOV. 2016 NAME: Villaverde de Pontones CITY: Villaverde de Pontones STATE: Cantabria - Spain ELEV: 19 m LAT: 43° 24' 48" N LONG: 3° 42' 06" W TEMPERATURE (°C), RAIN (mm), WIND SPEED (km/hr) HEAT COOL AVG MEAN DEG DEG WIND DOM DAY TEMP HIGH TIME LOW TIME DAYS DAYS RAIN SPEED HIGH TIME DIR ------------------------------------------------------------------------------------ 1 11.6 20.4 13:55 5.5 7:30 6.8 0.1 0.4 0.3 11.3 14:00 NNW 2 12.5 21.2 15:25 5.8 7:15 6.2 0.4 0.0 0.2 12.9 13:55 NNE 3 12.4 18.8 13:00 6.7 7:35 5.8 0.0 0.2 1.8 16.1 11:10 NE 4 13.2 18.1 15:15 7.8 7:10 5.2 0.0 0.8 1.0 17.7 13:55 NNW 5 11.1 14.1 3:55 8.4 23:15 7.2 0.0 19.0 4.0 24.1 8:40 WSW 6 8.3 9.2 8:55 7.1 20:20 10.0 0.0 33.8 11.9 40.2 17:40 WSW 7 7.1 7.9 14:30 6.2 10:45 11.2 0.0 26.4 7.7 38.6 6:40 SW 8 9.5 13.0 14:55 7.3 0:45 8.8 0.0 7.4 7.9 35.4 9:20 WSW 9 12.6 14.3 14:00 10.3 0:05 5.7 0.0 4.8 14.5 54.7 2:15 WSW 10 13.2 15.7 14:30 8.9 3:10 5.1 0.0 0.0 8.2 37.0 12:20 WSW 11 13.2 15.6 15:20 7.8 00:00 5.1 0.0 0.0 4.8 25.7 3:50 WSW 12 11.8 15.2 21:30 6.4 2:35 6.4 0.0 6.8 2.6 22.5 19:10 WSW 13 13.0 14.8 0:05 10.9 23:45 5.3 0.0 4.0 2.4 20.9 1:35 WSW 14 11.1 14.9 13:20 7.6 21:45 7.2 0.0 0.2 1.6 20.9 13:30 NE 15 9.9 15.2 13:35 6.3 23:55 8.4 0.0 0.0 1.8 20.9 11:50 E 16 9.2 17.3 14:55 4.2 6:50 9.1 0.0 0.2 0.5 9.7 15:30 NE 17 10.2 17.7 14:00 4.6 7:55 8.1 0.0 0.2 0.5 12.9 16:00 NNE 18 12.2 14.7 14:20 9.9 0:05 6.1 0.0 2.2 5.1 33.8 23:55 WSW 19 12.4 15.6 20:20 7.7 7:55 5.9 0.0 1.2 11.4 70.8 19:30 SSW 20 15.6 18.3 9:40 11.7 19:25 2.7 0.0 2.0 18.2 75.6 10:25 SSW 21 14.0 17.8 12:50 9.0 7:15 4.3 0.0 4.2 10.5 66.0 9:50 SSW 22 9.4 12.4 13:55 5.8 8:05 8.9 0.0 5.4 1.0 12.9 12:55 WSW 23 8.6 9.4 17:50 7.8 23:55 9.7 0.0 45.4 5.6 40.2 23:55 WSW 24 9.1 14.1 13:40 3.6 23:35 9.2 0.0 7.2 7.6 46.7 1:15 SW 25 7.2 15.0 13:45 1.7 7:35 11.1 0.0 0.0 1.0 11.3 3:45 NE 26 7.3 14.5 14:10 1.1 6:45 11.0 0.0 0.0 1.6 20.9 14:25 E 27 10.6 17.7 14:10 6.1 7:30 7.7 0.0 0.0 2.4 24.1 15:35 ENE 28 9.9 13.1 15:10 5.1 2:35 8.4 0.0 0.2 0.0 6.4 12:25 NE 29 10.3 15.3 13:40 5.0 23:55 8.0 0.0 0.0 1.3 17.7 14:05 NE 30 9.2 18.5 14:10 3.2 7:20 9.1 0.0 0.2 1.4 20.9 12:20 E ------------------------------------------------------------------------------------- 10.9 21.2 2 1.1 26 223.7 0.5 172.2 4.6 75.6 20 WSW Max >= 32.0: 0 Max <= 0.0: 0 Min <= 0.0: 0 Min <= -18.0: 0 Max Rain: 45.39 ON 23/11/16 Days of Rain: 22 (> .2 mm) 13 (> 2 mm) 3 (> 20 mm) Heat Base: 18.3 Cool Base: 18.3 Method: Integration