Informe tipo NOAA de datos climáticos
Selecciona un año o mes para ver el informe
2024: Ene Feb Mar Abr May Jun Jul Ago Sep Oct Nov Dic
2023: Ene Feb Mar Abr May Jun Jul Ago Sep Oct Nov Dic
2022: Ene Feb Mar Abr May Jun Jul Ago Sep Oct Nov Dic
2021: Ene Feb Mar Abr May Jun Jul Ago Sep Oct Nov Dic
2020: Ene Feb Mar Abr May Jun Jul Ago Sep Oct Nov Dic
2019: Ene Feb Mar Abr May Jun Jul Ago Sep Oct Nov Dic
2018: Ene Feb Mar Abr May Jun Jul Ago Sep Oct Nov Dic
2017: Ene Feb Mar Abr May Jun Jul Ago Sep Oct Nov Dic
2016: Ene Feb Mar Abr May Jun Jul Ago Sep Oct Nov Dic
2015: Ene Feb Mar Abr May Jun Jul Ago Sep Oct Nov Dic
2014: Ene Feb Mar Abr May Jun Jul Ago Sep Oct Nov Dic
2013: Ene Feb Mar Abr May Jun Jul Ago Sep Oct Nov Dic
2012: Ene Feb Mar Abr May Jun Jul Ago Sep Oct Nov Dic
2011: Ene Feb Mar Abr May Jun Jul Ago Sep Oct Nov Dic
2024: Ene Feb Mar Abr May Jun Jul Ago Sep Oct Nov Dic
2023: Ene Feb Mar Abr May Jun Jul Ago Sep Oct Nov Dic
2022: Ene Feb Mar Abr May Jun Jul Ago Sep Oct Nov Dic
2021: Ene Feb Mar Abr May Jun Jul Ago Sep Oct Nov Dic
2020: Ene Feb Mar Abr May Jun Jul Ago Sep Oct Nov Dic
2019: Ene Feb Mar Abr May Jun Jul Ago Sep Oct Nov Dic
2018: Ene Feb Mar Abr May Jun Jul Ago Sep Oct Nov Dic
2017: Ene Feb Mar Abr May Jun Jul Ago Sep Oct Nov Dic
2016: Ene Feb Mar Abr May Jun Jul Ago Sep Oct Nov Dic
2015: Ene Feb Mar Abr May Jun Jul Ago Sep Oct Nov Dic
2014: Ene Feb Mar Abr May Jun Jul Ago Sep Oct Nov Dic
2013: Ene Feb Mar Abr May Jun Jul Ago Sep Oct Nov Dic
2012: Ene Feb Mar Abr May Jun Jul Ago Sep Oct Nov Dic
2011: Ene Feb Mar Abr May Jun Jul Ago Sep Oct Nov Dic
Informe para 2016 Agosto
MONTHLY CLIMATOLOGICAL SUMMARY for AUG. 2016 NAME: Villaverde de Pontones CITY: Villaverde de Pontones STATE: Cantabria - Spain ELEV: 19 m LAT: 43° 24' 48" N LONG: 3° 42' 06" W TEMPERATURE (°C), RAIN (mm), WIND SPEED (km/hr) HEAT COOL AVG MEAN DEG DEG WIND DOM DAY TEMP HIGH TIME LOW TIME DAYS DAYS RAIN SPEED HIGH TIME DIR ------------------------------------------------------------------------------------ 1 19.9 24.1 10:10 15.6 5:25 0.5 2.2 0.0 2.1 16.1 10:10 NNE 2 20.2 26.4 15:25 12.8 5:25 1.3 3.2 0.0 1.9 22.5 12:45 NE 3 20.6 26.2 13:20 13.4 5:30 1.1 3.4 0.0 0.6 16.1 13:20 N 4 19.9 26.2 12:25 15.8 4:15 0.5 2.0 7.6 1.8 22.5 16:55 NNW 5 20.2 24.8 13:15 15.4 23:55 0.4 2.4 2.4 2.7 19.3 14:20 NNE 6 20.0 26.4 12:00 13.1 4:50 1.4 3.1 0.0 4.3 30.6 13:25 ENE 7 21.4 28.8 11:35 13.9 5:40 1.1 4.2 0.0 2.6 25.7 13:00 NE 8 20.6 25.9 14:55 13.5 5:30 1.1 3.4 0.0 3.1 22.5 12:40 NE 9 20.1 22.8 11:40 15.8 00:00 0.1 1.9 1.2 4.8 30.6 14:30 NE 10 17.6 23.0 13:10 12.1 5:10 2.1 1.3 0.0 4.0 27.4 11:45 NE 11 17.7 24.1 15:20 13.1 00:00 2.1 1.5 0.0 2.6 24.1 14:00 ENE 12 19.9 27.1 14:15 11.3 4:00 1.8 3.5 0.0 5.3 32.2 13:30 E 13 21.7 28.9 13:20 13.7 5:40 1.0 4.5 0.0 1.9 17.7 11:10 NNW 14 21.4 26.6 10:30 15.2 5:40 0.6 3.7 0.0 1.8 16.1 12:25 NNW 15 25.2 32.5 15:35 19.3 5:20 0.0 6.9 0.0 1.9 17.7 12:45 NE 16 21.7 24.1 13:40 20.1 1:00 0.0 3.3 0.0 3.5 16.1 10:30 W 17 21.7 26.3 14:00 18.4 23:45 0.0 3.4 1.4 3.5 24.1 16:50 WSW 18 19.6 24.1 15:10 15.8 23:45 0.5 1.8 1.0 3.4 22.5 15:50 ENE 19 18.9 25.6 10:15 13.4 5:45 1.4 1.9 6.6 2.3 19.3 12:20 WSW 20 19.7 24.4 14:55 16.3 23:05 0.5 1.9 0.8 3.4 25.7 12:15 NW 21 19.6 25.8 13:00 13.6 5:45 1.1 2.4 0.0 3.7 25.7 14:15 ENE 22 22.4 30.3 14:00 14.2 4:05 0.7 4.9 0.0 5.3 25.7 8:25 E 23 21.7 28.6 10:25 15.6 5:05 0.5 3.9 0.0 3.9 22.5 12:10 NW 24 21.1 25.7 16:45 17.2 00:00 0.0 2.8 0.0 1.6 25.7 14:00 NW 25 23.3 35.4 14:30 15.2 5:50 0.6 5.6 0.0 4.7 29.0 18:00 WSW 26 23.4 28.3 13:20 18.7 00:00 0.0 5.1 0.0 3.5 24.1 13:30 NE 27 21.4 29.9 10:10 16.8 2:50 0.2 3.3 0.2 3.5 27.4 12:25 NW 28 20.2 23.8 13:25 17.9 6:00 0.0 1.9 0.8 2.9 22.5 13:50 NNW 29 18.9 22.8 14:30 17.1 22:25 0.4 1.0 2.0 1.8 22.5 15:05 SSW 30 20.3 25.9 12:20 15.7 4:45 0.7 2.7 0.8 3.9 27.4 14:10 NE 31 19.1 25.2 13:30 12.7 6:00 1.6 2.3 0.0 1.9 19.3 14:05 NNE ------------------------------------------------------------------------------------- 20.6 35.4 25 11.3 12 23.4 95.3 24.7 3.0 32.2 12 NE Max >= 32.0: 2 Max <= 0.0: 0 Min <= 0.0: 0 Min <= -18.0: 0 Max Rain: 7.59 ON 04/08/16 Days of Rain: 11 (> .2 mm) 4 (> 2 mm) 0 (> 20 mm) Heat Base: 18.3 Cool Base: 18.3 Method: Integration