Informe tipo NOAA de datos climáticos
Selecciona un año o mes para ver el informe
2024: Ene Feb Mar Abr May Jun Jul Ago Sep Oct Nov Dic
2023: Ene Feb Mar Abr May Jun Jul Ago Sep Oct Nov Dic
2022: Ene Feb Mar Abr May Jun Jul Ago Sep Oct Nov Dic
2021: Ene Feb Mar Abr May Jun Jul Ago Sep Oct Nov Dic
2020: Ene Feb Mar Abr May Jun Jul Ago Sep Oct Nov Dic
2019: Ene Feb Mar Abr May Jun Jul Ago Sep Oct Nov Dic
2018: Ene Feb Mar Abr May Jun Jul Ago Sep Oct Nov Dic
2017: Ene Feb Mar Abr May Jun Jul Ago Sep Oct Nov Dic
2016: Ene Feb Mar Abr May Jun Jul Ago Sep Oct Nov Dic
2015: Ene Feb Mar Abr May Jun Jul Ago Sep Oct Nov Dic
2014: Ene Feb Mar Abr May Jun Jul Ago Sep Oct Nov Dic
2013: Ene Feb Mar Abr May Jun Jul Ago Sep Oct Nov Dic
2012: Ene Feb Mar Abr May Jun Jul Ago Sep Oct Nov Dic
2011: Ene Feb Mar Abr May Jun Jul Ago Sep Oct Nov Dic
2024: Ene Feb Mar Abr May Jun Jul Ago Sep Oct Nov Dic
2023: Ene Feb Mar Abr May Jun Jul Ago Sep Oct Nov Dic
2022: Ene Feb Mar Abr May Jun Jul Ago Sep Oct Nov Dic
2021: Ene Feb Mar Abr May Jun Jul Ago Sep Oct Nov Dic
2020: Ene Feb Mar Abr May Jun Jul Ago Sep Oct Nov Dic
2019: Ene Feb Mar Abr May Jun Jul Ago Sep Oct Nov Dic
2018: Ene Feb Mar Abr May Jun Jul Ago Sep Oct Nov Dic
2017: Ene Feb Mar Abr May Jun Jul Ago Sep Oct Nov Dic
2016: Ene Feb Mar Abr May Jun Jul Ago Sep Oct Nov Dic
2015: Ene Feb Mar Abr May Jun Jul Ago Sep Oct Nov Dic
2014: Ene Feb Mar Abr May Jun Jul Ago Sep Oct Nov Dic
2013: Ene Feb Mar Abr May Jun Jul Ago Sep Oct Nov Dic
2012: Ene Feb Mar Abr May Jun Jul Ago Sep Oct Nov Dic
2011: Ene Feb Mar Abr May Jun Jul Ago Sep Oct Nov Dic
Informe para 2016 Junio
MONTHLY CLIMATOLOGICAL SUMMARY for JUN. 2016 NAME: Villaverde de Pontones CITY: Villaverde de Pontones STATE: Cantabria - Spain ELEV: 19 m LAT: 43° 24' 48" N LONG: 3° 42' 06" W TEMPERATURE (°C), RAIN (mm), WIND SPEED (km/hr) HEAT COOL AVG MEAN DEG DEG WIND DOM DAY TEMP HIGH TIME LOW TIME DAYS DAYS RAIN SPEED HIGH TIME DIR ------------------------------------------------------------------------------------ 1 16.6 19.9 14:25 13.6 2:50 1.9 0.1 0.0 8.5 29.0 11:05 WSW 2 17.6 22.5 14:55 13.9 00:00 1.7 0.9 0.0 4.2 22.5 13:00 NE 3 17.8 22.8 10:35 11.6 4:50 1.8 1.3 0.0 4.8 29.0 12:45 NE 4 17.8 19.7 11:20 16.3 3:10 0.7 0.2 0.2 2.1 16.1 12:55 NNW 5 18.6 23.8 12:05 13.0 4:10 1.1 1.4 0.0 4.2 29.0 13:05 NE 6 18.2 22.4 14:50 14.2 4:25 1.1 1.0 0.0 2.7 24.1 11:50 NNW 7 19.7 26.1 11:15 13.8 1:00 1.2 2.6 0.0 5.1 29.0 14:25 E 8 21.3 28.4 13:55 13.9 4:55 1.0 4.0 0.0 4.2 27.4 12:45 ENE 9 19.1 23.3 11:05 14.6 3:55 0.9 1.6 0.0 4.2 17.7 11:30 N 10 17.4 19.0 10:55 16.4 6:35 0.9 0.0 3.6 8.4 33.8 12:50 WSW 11 17.5 21.4 15:35 12.8 23:50 1.6 0.8 0.2 3.4 22.5 13:05 NNW 12 18.5 23.5 12:10 12.6 3:50 1.5 1.7 0.2 1.4 16.1 12:50 NNW 13 18.2 20.4 15:30 16.3 00:00 0.4 0.2 0.4 8.9 38.6 11:25 W 14 17.6 23.5 15:30 14.1 23:40 1.7 1.0 10.8 6.3 29.0 17:30 WSW 15 14.7 20.4 10:45 11.1 23:40 3.7 0.1 14.8 2.4 24.1 11:55 NE 16 15.4 18.6 10:10 11.0 0:05 2.9 0.0 1.6 10.3 45.1 11:00 WSW 17 14.9 16.8 13:50 12.9 22:40 3.4 0.0 9.6 10.0 41.8 19:05 WSW 18 14.8 18.6 16:35 11.8 4:00 3.6 0.0 17.6 6.3 27.4 9:45 NW 19 16.4 20.7 13:40 12.6 23:50 2.3 0.4 0.2 3.4 19.3 15:05 NE 20 17.9 24.0 14:00 10.7 5:10 2.4 2.0 0.0 2.1 16.1 12:05 N 21 20.3 27.6 14:35 12.7 4:35 1.4 3.4 0.0 3.1 20.9 11:30 NE 22 20.1 25.4 13:30 14.6 4:35 0.8 2.6 0.0 4.3 27.4 20:00 NNW 23 19.5 22.8 14:30 16.4 3:30 0.3 1.5 0.0 3.7 22.5 17:30 W 24 18.7 21.7 11:40 16.1 21:25 0.3 0.7 1.2 2.7 24.1 14:05 NNE 25 17.2 20.1 15:20 15.7 3:30 1.3 0.2 3.4 2.1 20.9 17:05 NNE 26 17.1 21.4 12:05 12.4 23:35 2.0 0.8 0.0 2.7 22.5 14:05 N 27 17.6 23.8 13:35 10.9 4:40 2.4 1.7 0.0 4.0 22.5 12:00 NE 28 17.1 22.1 11:50 10.6 4:20 2.3 1.0 0.0 1.9 17.7 11:35 N 29 18.7 22.0 16:35 15.3 2:15 0.9 1.3 0.0 1.8 17.7 14:10 N 30 18.3 23.2 12:15 12.4 5:00 1.6 1.6 0.0 3.1 22.5 14:10 NNE ------------------------------------------------------------------------------------- 17.8 28.4 8 10.6 28 49.0 34.2 63.8 4.4 45.1 16 WSW Max >= 32.0: 0 Max <= 0.0: 0 Min <= 0.0: 0 Min <= -18.0: 0 Max Rain: 17.60 ON 18/06/16 Days of Rain: 13 (> .2 mm) 6 (> 2 mm) 0 (> 20 mm) Heat Base: 18.3 Cool Base: 18.3 Method: Integration