Informe tipo NOAA de datos climáticos
Selecciona un año o mes para ver el informe
2024: Ene Feb Mar Abr May Jun Jul Ago Sep Oct Nov Dic
2023: Ene Feb Mar Abr May Jun Jul Ago Sep Oct Nov Dic
2022: Ene Feb Mar Abr May Jun Jul Ago Sep Oct Nov Dic
2021: Ene Feb Mar Abr May Jun Jul Ago Sep Oct Nov Dic
2020: Ene Feb Mar Abr May Jun Jul Ago Sep Oct Nov Dic
2019: Ene Feb Mar Abr May Jun Jul Ago Sep Oct Nov Dic
2018: Ene Feb Mar Abr May Jun Jul Ago Sep Oct Nov Dic
2017: Ene Feb Mar Abr May Jun Jul Ago Sep Oct Nov Dic
2016: Ene Feb Mar Abr May Jun Jul Ago Sep Oct Nov Dic
2015: Ene Feb Mar Abr May Jun Jul Ago Sep Oct Nov Dic
2014: Ene Feb Mar Abr May Jun Jul Ago Sep Oct Nov Dic
2013: Ene Feb Mar Abr May Jun Jul Ago Sep Oct Nov Dic
2012: Ene Feb Mar Abr May Jun Jul Ago Sep Oct Nov Dic
2011: Ene Feb Mar Abr May Jun Jul Ago Sep Oct Nov Dic
2024: Ene Feb Mar Abr May Jun Jul Ago Sep Oct Nov Dic
2023: Ene Feb Mar Abr May Jun Jul Ago Sep Oct Nov Dic
2022: Ene Feb Mar Abr May Jun Jul Ago Sep Oct Nov Dic
2021: Ene Feb Mar Abr May Jun Jul Ago Sep Oct Nov Dic
2020: Ene Feb Mar Abr May Jun Jul Ago Sep Oct Nov Dic
2019: Ene Feb Mar Abr May Jun Jul Ago Sep Oct Nov Dic
2018: Ene Feb Mar Abr May Jun Jul Ago Sep Oct Nov Dic
2017: Ene Feb Mar Abr May Jun Jul Ago Sep Oct Nov Dic
2016: Ene Feb Mar Abr May Jun Jul Ago Sep Oct Nov Dic
2015: Ene Feb Mar Abr May Jun Jul Ago Sep Oct Nov Dic
2014: Ene Feb Mar Abr May Jun Jul Ago Sep Oct Nov Dic
2013: Ene Feb Mar Abr May Jun Jul Ago Sep Oct Nov Dic
2012: Ene Feb Mar Abr May Jun Jul Ago Sep Oct Nov Dic
2011: Ene Feb Mar Abr May Jun Jul Ago Sep Oct Nov Dic
Informe para 2016 Abril
MONTHLY CLIMATOLOGICAL SUMMARY for APR. 2016 NAME: Villaverde de Pontones CITY: Villaverde de Pontones STATE: Cantabria - Spain ELEV: 19 m LAT: 43° 24' 48" N LONG: 3° 42' 06" W TEMPERATURE (°C), RAIN (mm), WIND SPEED (km/hr) HEAT COOL AVG MEAN DEG DEG WIND DOM DAY TEMP HIGH TIME LOW TIME DAYS DAYS RAIN SPEED HIGH TIME DIR ------------------------------------------------------------------------------------ 1 9.1 14.6 14:45 3.3 00:00 9.2 0.0 0.0 4.2 25.7 17:40 E 2 10.0 17.5 11:20 -0.3 6:15 8.3 0.0 0.0 3.2 49.9 22:55 SSW 3 14.4 18.8 14:35 7.8 21:20 3.9 0.0 0.0 13.5 59.5 13:40 SSW 4 12.1 16.6 11:45 9.4 21:30 6.2 0.0 5.2 10.3 38.6 0:25 WSW 5 10.9 14.8 14:05 7.5 00:00 7.3 0.0 4.4 6.0 25.7 12:10 WSW 6 10.9 15.8 13:45 4.7 3:45 7.4 0.0 1.6 3.4 22.5 22:35 NNE 7 10.2 12.3 14:05 8.8 22:20 8.1 0.0 6.0 6.9 35.4 15:45 NW 8 9.1 12.4 14:55 5.9 4:10 9.2 0.0 6.2 7.4 33.8 12:05 WSW 9 10.0 12.2 7:50 6.0 00:00 8.3 0.0 4.6 5.0 33.8 9:05 SW 10 12.1 19.3 14:25 4.6 3:25 6.2 0.0 0.2 14.6 64.4 11:15 SSW 11 14.6 19.9 16:35 10.2 1:30 3.9 0.1 0.0 15.1 62.8 22:50 SSW 12 15.5 20.1 16:00 10.1 5:10 3.0 0.2 0.0 15.1 54.7 14:05 SSW 13 16.4 21.4 12:50 12.4 6:35 2.4 0.5 0.0 14.5 57.9 16:35 SSW 14 16.3 20.8 12:20 11.2 00:00 2.2 0.2 0.0 13.0 74.0 11:25 SSW 15 13.4 18.6 12:50 10.2 1:05 4.9 0.0 4.6 3.2 40.2 20:15 NE 16 12.3 17.9 13:35 8.9 3:35 6.0 0.0 2.6 2.6 22.5 19:25 NE 17 10.9 12.7 13:30 9.3 9:00 7.4 0.0 0.6 2.7 22.5 6:35 W 18 12.6 16.7 12:20 9.7 5:10 5.7 0.0 0.6 11.1 43.5 16:25 E 19 15.2 19.1 14:10 11.3 5:20 3.1 0.0 4.0 5.0 27.4 1:05 E 20 15.3 22.0 13:00 12.3 3:40 3.3 0.3 7.6 3.2 32.2 12:05 E 21 13.4 17.3 14:45 8.7 00:00 4.9 0.0 0.6 3.9 30.6 4:00 N 22 12.6 18.7 13:05 6.9 3:50 5.8 0.0 0.0 2.9 25.7 13:20 NE 23 12.1 16.1 13:00 8.8 2:50 6.2 0.0 1.2 2.7 20.9 12:40 NNW 24 10.8 13.5 10:30 6.3 00:00 7.5 0.0 0.6 2.1 22.5 10:55 NE 25 10.0 16.1 13:55 2.0 5:40 8.3 0.0 0.0 3.9 25.7 12:35 NE 26 11.5 14.8 14:00 7.6 5:40 6.8 0.0 0.0 3.1 19.3 12:15 NNW 27 11.1 14.5 12:50 7.8 23:30 7.2 0.0 0.6 4.7 24.1 15:00 NE 28 9.8 15.2 14:25 4.1 5:25 8.5 0.0 0.0 3.4 22.5 9:20 NNE 29 11.1 16.7 12:55 4.1 5:50 7.2 0.0 1.4 3.9 27.4 11:45 NE 30 10.9 14.4 15:15 5.9 00:00 7.4 0.0 2.8 8.0 35.4 6:25 NNW ------------------------------------------------------------------------------------- 12.2 22.0 20 -0.3 2 185.7 1.4 55.4 6.6 74.0 14 SSW Max >= 32.0: 0 Max <= 0.0: 0 Min <= 0.0: 1 Min <= -18.0: 0 Max Rain: 7.59 ON 20/04/16 Days of Rain: 19 (> .2 mm) 10 (> 2 mm) 0 (> 20 mm) Heat Base: 18.3 Cool Base: 18.3 Method: Integration