Informe tipo NOAA de datos climáticos
Selecciona un año o mes para ver el informe
2024: Ene Feb Mar Abr May Jun Jul Ago Sep Oct Nov Dic
2023: Ene Feb Mar Abr May Jun Jul Ago Sep Oct Nov Dic
2022: Ene Feb Mar Abr May Jun Jul Ago Sep Oct Nov Dic
2021: Ene Feb Mar Abr May Jun Jul Ago Sep Oct Nov Dic
2020: Ene Feb Mar Abr May Jun Jul Ago Sep Oct Nov Dic
2019: Ene Feb Mar Abr May Jun Jul Ago Sep Oct Nov Dic
2018: Ene Feb Mar Abr May Jun Jul Ago Sep Oct Nov Dic
2017: Ene Feb Mar Abr May Jun Jul Ago Sep Oct Nov Dic
2016: Ene Feb Mar Abr May Jun Jul Ago Sep Oct Nov Dic
2015: Ene Feb Mar Abr May Jun Jul Ago Sep Oct Nov Dic
2014: Ene Feb Mar Abr May Jun Jul Ago Sep Oct Nov Dic
2013: Ene Feb Mar Abr May Jun Jul Ago Sep Oct Nov Dic
2012: Ene Feb Mar Abr May Jun Jul Ago Sep Oct Nov Dic
2011: Ene Feb Mar Abr May Jun Jul Ago Sep Oct Nov Dic
2024: Ene Feb Mar Abr May Jun Jul Ago Sep Oct Nov Dic
2023: Ene Feb Mar Abr May Jun Jul Ago Sep Oct Nov Dic
2022: Ene Feb Mar Abr May Jun Jul Ago Sep Oct Nov Dic
2021: Ene Feb Mar Abr May Jun Jul Ago Sep Oct Nov Dic
2020: Ene Feb Mar Abr May Jun Jul Ago Sep Oct Nov Dic
2019: Ene Feb Mar Abr May Jun Jul Ago Sep Oct Nov Dic
2018: Ene Feb Mar Abr May Jun Jul Ago Sep Oct Nov Dic
2017: Ene Feb Mar Abr May Jun Jul Ago Sep Oct Nov Dic
2016: Ene Feb Mar Abr May Jun Jul Ago Sep Oct Nov Dic
2015: Ene Feb Mar Abr May Jun Jul Ago Sep Oct Nov Dic
2014: Ene Feb Mar Abr May Jun Jul Ago Sep Oct Nov Dic
2013: Ene Feb Mar Abr May Jun Jul Ago Sep Oct Nov Dic
2012: Ene Feb Mar Abr May Jun Jul Ago Sep Oct Nov Dic
2011: Ene Feb Mar Abr May Jun Jul Ago Sep Oct Nov Dic
Informe para 2016 Marzo
MONTHLY CLIMATOLOGICAL SUMMARY for MAR. 2016 NAME: Villaverde de Pontones CITY: Villaverde de Pontones STATE: Cantabria - Spain ELEV: 19 m LAT: 43° 24' 48" N LONG: 3° 42' 06" W TEMPERATURE (°C), RAIN (mm), WIND SPEED (km/hr) HEAT COOL AVG MEAN DEG DEG WIND DOM DAY TEMP HIGH TIME LOW TIME DAYS DAYS RAIN SPEED HIGH TIME DIR ------------------------------------------------------------------------------------ 1 9.2 13.3 12:55 5.4 7:25 9.1 0.0 0.0 3.4 25.7 21:35 SW 2 11.1 12.6 4:05 9.7 19:05 7.2 0.0 5.0 14.0 46.7 9:45 WSW 3 9.7 11.3 17:05 7.7 22:45 8.6 0.0 3.6 11.7 43.5 13:00 WSW 4 9.4 14.7 11:10 6.1 22:10 8.9 0.0 21.6 9.2 66.0 20:25 WSW 5 7.1 9.3 12:10 5.8 23:00 11.2 0.0 26.4 15.0 51.5 9:10 WSW 6 7.0 10.6 14:55 4.8 6:50 11.3 0.0 15.6 11.1 41.8 15:30 WSW 7 7.9 11.3 11:50 6.1 6:20 10.4 0.0 13.4 11.1 46.7 3:45 WSW 8 8.3 11.7 14:00 4.6 5:20 10.0 0.0 2.8 4.0 24.1 16:55 WSW 9 9.4 12.2 11:50 7.4 22:40 8.9 0.0 12.0 13.0 62.8 21:40 NW 10 9.7 12.4 13:20 7.6 2:40 8.6 0.0 4.8 12.2 54.7 3:35 NNW 11 8.1 12.1 15:20 4.6 5:45 10.2 0.0 1.4 2.3 22.5 1:25 NE 12 8.4 12.6 14:50 6.2 3:55 9.9 0.0 0.0 0.6 16.1 15:30 NE 13 8.4 12.8 13:50 5.2 5:05 9.9 0.0 0.0 2.1 20.9 14:40 NNE 14 7.3 12.5 14:25 3.8 5:20 11.0 0.0 0.0 1.9 17.7 14:10 NE 15 7.8 17.9 14:45 -0.2 6:30 10.5 0.0 0.2 1.4 20.9 15:30 NE 16 8.1 12.7 12:05 3.1 1:05 10.3 0.0 2.6 4.0 29.0 15:45 NNW 17 7.1 12.2 14:25 1.7 6:35 11.2 0.0 0.0 2.9 19.3 11:30 NE 18 9.8 14.4 13:50 5.9 5:30 8.5 0.0 0.0 6.1 35.4 17:05 E 19 9.8 15.1 12:40 5.7 4:40 8.5 0.0 4.0 2.7 22.5 14:25 ENE 20 9.7 14.3 11:15 5.7 3:25 8.6 0.0 5.2 1.1 16.1 11:20 NE 21 10.1 14.4 14:35 7.1 2:40 8.2 0.0 1.2 2.4 25.7 14:35 NE 22 9.8 11.6 12:30 7.9 23:45 8.5 0.0 0.8 2.3 19.3 9:40 NNE 23 9.4 13.7 11:30 5.1 23:50 8.9 0.0 0.0 2.6 22.5 11:35 N 24 8.7 14.8 13:05 3.0 3:55 9.7 0.0 0.0 1.8 19.3 13:10 N 25 11.5 15.9 16:25 6.1 1:10 6.8 0.0 0.8 1.8 20.9 11:50 ENE 26 15.1 23.7 14:40 8.7 6:20 4.6 1.3 12.2 14.2 72.4 16:45 SSW 27 12.5 18.9 14:20 4.5 3:50 5.8 0.0 0.2 10.9 67.6 23:50 SSW 28 14.3 17.8 10:55 11.2 00:00 4.0 0.0 1.2 14.3 75.6 2:55 SSW 29 13.4 21.7 13:40 10.1 6:05 5.1 0.2 0.4 2.6 35.4 13:15 NNW 30 14.7 23.7 15:00 6.8 4:10 4.3 0.7 1.8 10.8 49.9 8:20 SSW 31 9.8 12.9 13:55 7.2 23:45 8.5 0.0 25.0 10.0 41.8 10:55 NNW ------------------------------------------------------------------------------------- 9.8 23.7 26 -0.2 15 267.0 2.2 162.1 6.6 75.6 28 WSW Max >= 32.0: 0 Max <= 0.0: 0 Min <= 0.0: 1 Min <= -18.0: 0 Max Rain: 26.39 ON 05/03/16 Days of Rain: 23 (> .2 mm) 14 (> 2 mm) 3 (> 20 mm) Heat Base: 18.3 Cool Base: 18.3 Method: Integration