Informe tipo NOAA de datos climáticos
Selecciona un año o mes para ver el informe
2024: Ene Feb Mar Abr May Jun Jul Ago Sep Oct Nov Dic
2023: Ene Feb Mar Abr May Jun Jul Ago Sep Oct Nov Dic
2022: Ene Feb Mar Abr May Jun Jul Ago Sep Oct Nov Dic
2021: Ene Feb Mar Abr May Jun Jul Ago Sep Oct Nov Dic
2020: Ene Feb Mar Abr May Jun Jul Ago Sep Oct Nov Dic
2019: Ene Feb Mar Abr May Jun Jul Ago Sep Oct Nov Dic
2018: Ene Feb Mar Abr May Jun Jul Ago Sep Oct Nov Dic
2017: Ene Feb Mar Abr May Jun Jul Ago Sep Oct Nov Dic
2016: Ene Feb Mar Abr May Jun Jul Ago Sep Oct Nov Dic
2015: Ene Feb Mar Abr May Jun Jul Ago Sep Oct Nov Dic
2014: Ene Feb Mar Abr May Jun Jul Ago Sep Oct Nov Dic
2013: Ene Feb Mar Abr May Jun Jul Ago Sep Oct Nov Dic
2012: Ene Feb Mar Abr May Jun Jul Ago Sep Oct Nov Dic
2011: Ene Feb Mar Abr May Jun Jul Ago Sep Oct Nov Dic
2024: Ene Feb Mar Abr May Jun Jul Ago Sep Oct Nov Dic
2023: Ene Feb Mar Abr May Jun Jul Ago Sep Oct Nov Dic
2022: Ene Feb Mar Abr May Jun Jul Ago Sep Oct Nov Dic
2021: Ene Feb Mar Abr May Jun Jul Ago Sep Oct Nov Dic
2020: Ene Feb Mar Abr May Jun Jul Ago Sep Oct Nov Dic
2019: Ene Feb Mar Abr May Jun Jul Ago Sep Oct Nov Dic
2018: Ene Feb Mar Abr May Jun Jul Ago Sep Oct Nov Dic
2017: Ene Feb Mar Abr May Jun Jul Ago Sep Oct Nov Dic
2016: Ene Feb Mar Abr May Jun Jul Ago Sep Oct Nov Dic
2015: Ene Feb Mar Abr May Jun Jul Ago Sep Oct Nov Dic
2014: Ene Feb Mar Abr May Jun Jul Ago Sep Oct Nov Dic
2013: Ene Feb Mar Abr May Jun Jul Ago Sep Oct Nov Dic
2012: Ene Feb Mar Abr May Jun Jul Ago Sep Oct Nov Dic
2011: Ene Feb Mar Abr May Jun Jul Ago Sep Oct Nov Dic
Informe para 2015 Abril
MONTHLY CLIMATOLOGICAL SUMMARY for APR. 2015 NAME: Villaverde de Pontones CITY: Villaverde de Pontones STATE: Cantabria - Spain ELEV: 19 m LAT: 43° 24' 48" N LONG: 3° 42' 06" W TEMPERATURE (°C), RAIN (mm), WIND SPEED (km/hr) HEAT COOL AVG MEAN DEG DEG WIND DOM DAY TEMP HIGH TIME LOW TIME DAYS DAYS RAIN SPEED HIGH TIME DIR ------------------------------------------------------------------------------------ 1 11.4 15.2 12:35 4.4 00:00 6.9 0.0 0.0 3.2 20.9 12:40 NE 2 9.9 18.7 13:40 1.4 6:20 8.4 0.0 0.0 2.7 22.5 15:45 ENE 3 10.1 15.2 13:15 3.7 6:25 8.2 0.0 0.4 4.7 20.9 13:55 W 4 11.1 14.6 15:20 8.8 6:00 7.2 0.0 0.2 3.4 19.3 14:05 NNW 5 11.2 15.8 12:45 5.3 00:00 7.1 0.0 0.0 7.6 41.8 17:25 E 6 9.3 15.3 13:00 3.0 4:50 9.0 0.0 0.0 6.0 38.6 13:30 ENE 7 10.7 17.9 12:55 1.3 5:50 7.6 0.0 0.2 6.0 30.6 16:30 E 8 14.4 24.5 15:40 3.4 6:10 5.0 1.1 0.0 2.7 27.4 16:20 NE 9 13.8 18.3 10:35 9.4 6:30 4.5 0.0 0.0 2.4 24.1 1:15 N 10 13.5 18.3 11:40 9.2 1:05 4.8 0.0 1.2 2.3 20.9 12:30 NNE 11 13.9 19.4 14:00 8.6 00:00 4.4 0.1 0.0 3.9 27.4 14:45 E 12 15.4 25.7 13:30 5.6 5:35 4.7 1.8 0.0 3.4 29.0 17:25 NE 13 17.7 27.7 13:05 8.2 5:25 3.2 2.6 0.0 4.5 37.0 15:45 ENE 14 20.2 30.3 13:45 8.4 5:50 2.6 4.5 0.0 3.7 29.0 14:10 E 15 17.4 22.6 10:40 10.2 23:55 1.8 0.9 0.4 2.4 37.0 9:45 NE 16 13.9 20.3 15:50 9.3 3:35 4.6 0.2 3.6 1.4 17.7 17:00 NNE 17 14.3 18.4 14:55 12.1 8:20 4.0 0.0 11.4 4.2 29.0 15:45 E 18 13.3 16.6 10:00 10.7 21:20 4.9 0.0 0.0 4.8 30.6 16:40 W 19 11.6 15.7 16:00 6.1 4:35 6.7 0.0 0.0 5.5 33.8 11:45 W 20 13.0 19.4 13:50 5.7 5:35 5.4 0.1 0.0 3.7 22.5 12:25 N 21 16.4 24.3 14:20 7.1 5:10 3.3 1.4 0.2 5.5 45.1 16:35 E 22 15.8 23.9 11:05 9.6 5:15 3.2 0.7 1.6 4.0 38.6 10:55 W 23 14.6 19.7 14:10 9.7 23:55 3.7 0.1 0.0 4.2 25.7 14:25 NE 24 13.7 18.8 12:45 8.6 3:40 4.6 0.0 0.0 2.1 22.5 13:45 W 25 17.9 25.8 13:05 9.9 5:45 2.4 2.0 0.2 6.4 37.0 10:55 SSW 26 14.3 17.1 11:30 12.0 21:35 4.0 0.0 3.6 4.3 25.7 0:25 WSW 27 13.1 15.7 11:35 10.9 23:30 5.2 0.0 6.0 8.0 33.8 10:55 WSW 28 12.7 17.4 11:30 8.5 4:20 5.6 0.0 0.0 4.5 29.0 14:55 E 29 12.6 16.1 10:50 9.2 0:45 5.8 0.0 1.2 3.1 22.5 14:50 WSW 30 16.1 24.3 14:25 7.8 3:00 3.4 1.2 0.0 2.6 17.7 13:55 NE ------------------------------------------------------------------------------------- 13.8 30.3 14 1.3 7 152.1 16.6 30.2 4.1 45.1 21 E Max >= 32.0: 0 Max <= 0.0: 0 Min <= 0.0: 0 Min <= -18.0: 0 Max Rain: 11.40 ON 17/04/15 Days of Rain: 13 (> .2 mm) 4 (> 2 mm) 0 (> 20 mm) Heat Base: 18.3 Cool Base: 18.3 Method: Integration