Informe tipo NOAA de datos climáticos
Selecciona un año o mes para ver el informe
2024: Ene Feb Mar Abr May Jun Jul Ago Sep Oct Nov Dic
2023: Ene Feb Mar Abr May Jun Jul Ago Sep Oct Nov Dic
2022: Ene Feb Mar Abr May Jun Jul Ago Sep Oct Nov Dic
2021: Ene Feb Mar Abr May Jun Jul Ago Sep Oct Nov Dic
2020: Ene Feb Mar Abr May Jun Jul Ago Sep Oct Nov Dic
2019: Ene Feb Mar Abr May Jun Jul Ago Sep Oct Nov Dic
2018: Ene Feb Mar Abr May Jun Jul Ago Sep Oct Nov Dic
2017: Ene Feb Mar Abr May Jun Jul Ago Sep Oct Nov Dic
2016: Ene Feb Mar Abr May Jun Jul Ago Sep Oct Nov Dic
2015: Ene Feb Mar Abr May Jun Jul Ago Sep Oct Nov Dic
2014: Ene Feb Mar Abr May Jun Jul Ago Sep Oct Nov Dic
2013: Ene Feb Mar Abr May Jun Jul Ago Sep Oct Nov Dic
2012: Ene Feb Mar Abr May Jun Jul Ago Sep Oct Nov Dic
2011: Ene Feb Mar Abr May Jun Jul Ago Sep Oct Nov Dic
2024: Ene Feb Mar Abr May Jun Jul Ago Sep Oct Nov Dic
2023: Ene Feb Mar Abr May Jun Jul Ago Sep Oct Nov Dic
2022: Ene Feb Mar Abr May Jun Jul Ago Sep Oct Nov Dic
2021: Ene Feb Mar Abr May Jun Jul Ago Sep Oct Nov Dic
2020: Ene Feb Mar Abr May Jun Jul Ago Sep Oct Nov Dic
2019: Ene Feb Mar Abr May Jun Jul Ago Sep Oct Nov Dic
2018: Ene Feb Mar Abr May Jun Jul Ago Sep Oct Nov Dic
2017: Ene Feb Mar Abr May Jun Jul Ago Sep Oct Nov Dic
2016: Ene Feb Mar Abr May Jun Jul Ago Sep Oct Nov Dic
2015: Ene Feb Mar Abr May Jun Jul Ago Sep Oct Nov Dic
2014: Ene Feb Mar Abr May Jun Jul Ago Sep Oct Nov Dic
2013: Ene Feb Mar Abr May Jun Jul Ago Sep Oct Nov Dic
2012: Ene Feb Mar Abr May Jun Jul Ago Sep Oct Nov Dic
2011: Ene Feb Mar Abr May Jun Jul Ago Sep Oct Nov Dic
Informe para 2014 Julio
MONTHLY CLIMATOLOGICAL SUMMARY for JUL. 2014 NAME: Villaverde de Pontones CITY: Villaverde de Pontones STATE: Cantabria - Spain ELEV: 19 m LAT: 43° 24' 48" N LONG: 3° 42' 06" W TEMPERATURE (°C), RAIN (mm), WIND SPEED (km/hr) HEAT COOL AVG MEAN DEG DEG WIND DOM DAY TEMP HIGH TIME LOW TIME DAYS DAYS RAIN SPEED HIGH TIME DIR ------------------------------------------------------------------------------------ 1 16.7 20.1 9:20 14.9 4:55 1.7 0.1 3.4 3.1 25.7 10:35 WSW 2 16.6 19.6 13:45 13.3 3:10 1.9 0.2 1.4 1.4 14.5 14:05 NW 3 19.5 24.4 14:25 15.7 4:20 0.7 1.9 0.0 3.1 24.1 15:05 NE 4 20.2 23.8 14:00 17.3 23:55 0.1 1.9 1.0 5.6 25.7 7:45 WSW 5 21.3 26.7 14:50 16.5 5:35 0.3 3.3 0.0 2.9 22.5 11:35 ENE 6 17.2 20.8 8:00 14.8 00:00 1.4 0.3 11.8 3.4 35.4 9:55 WSW 7 16.8 20.6 14:40 13.8 3:30 1.9 0.4 6.4 3.5 24.1 12:35 NW 8 17.7 22.0 12:30 15.0 6:50 1.3 0.7 3.0 6.0 32.2 12:10 NW 9 18.3 21.6 14:00 13.8 23:55 0.8 0.8 0.2 5.1 27.4 11:25 N 10 17.1 20.9 12:50 11.9 4:15 1.9 0.7 1.0 4.5 22.5 13:50 NNW 11 17.1 20.4 16:25 14.7 3:55 1.5 0.3 21.8 2.3 19.3 11:10 NW 12 18.3 22.3 14:40 13.9 00:00 1.2 1.2 0.2 2.7 22.5 7:45 NNW 13 18.6 23.4 14:15 12.1 4:50 1.6 1.9 2.6 4.3 24.1 18:00 NW 14 19.8 23.3 13:35 16.2 23:45 0.2 1.7 1.4 2.1 17.7 15:20 NNE 15 19.8 25.3 12:50 13.1 5:25 1.2 2.7 0.0 5.8 29.0 13:55 NE 16 20.7 24.8 11:30 15.7 4:05 0.5 2.9 0.0 1.9 20.9 12:45 N 17 22.4 29.4 14:05 17.4 00:00 0.0 4.2 0.0 3.2 22.5 17:15 NNW 18 20.1 24.1 11:20 16.8 2:25 0.3 2.1 0.0 3.4 25.7 11:25 ENE 19 20.7 29.1 11:30 14.4 5:00 0.7 3.1 4.0 4.8 43.5 11:40 W 20 19.8 23.4 13:20 15.9 4:35 0.4 1.9 3.6 8.5 35.4 15:45 W 21 19.1 23.6 14:20 14.4 00:00 0.4 1.2 4.0 3.4 17.7 3:10 SW 22 19.4 25.5 14:20 11.9 5:15 1.7 2.8 0.0 6.3 35.4 12:55 ENE 23 22.0 28.8 11:50 15.2 5:25 0.6 4.3 0.0 5.5 29.0 13:05 NE 24 20.9 25.0 12:05 15.8 3:35 0.4 3.0 0.0 2.6 19.3 12:30 NNW 25 21.4 24.8 14:05 18.3 5:45 0.0 3.1 1.6 2.3 17.7 12:30 N 26 21.7 26.1 12:40 17.2 00:00 0.1 3.5 0.0 2.9 20.9 14:20 NNE 27 21.7 28.7 12:40 15.1 5:15 0.7 4.0 0.0 3.7 24.1 13:45 ENE 28 20.6 24.9 11:20 16.7 00:00 0.1 2.3 4.4 2.7 25.7 11:55 NW 29 19.5 23.4 15:10 15.8 00:00 0.6 1.7 11.2 2.9 22.5 12:20 NNW 30 19.7 25.4 14:20 13.6 5:25 1.2 2.6 0.0 3.1 22.5 13:00 NE 31 20.4 26.5 12:55 13.2 5:25 1.1 3.2 0.0 3.9 24.1 11:55 NE ------------------------------------------------------------------------------------- 19.5 29.4 17 11.9 10 26.3 63.9 83.0 3.8 43.5 19 NE Max >= 32.0: 0 Max <= 0.0: 0 Min <= 0.0: 0 Min <= -18.0: 0 Max Rain: 21.79 ON 11/07/14 Days of Rain: 18 (> .2 mm) 11 (> 2 mm) 1 (> 20 mm) Heat Base: 18.3 Cool Base: 18.3 Method: Integration