Informe tipo NOAA de datos climáticos
Selecciona un año o mes para ver el informe
2024: Ene Feb Mar Abr May Jun Jul Ago Sep Oct Nov Dic
2023: Ene Feb Mar Abr May Jun Jul Ago Sep Oct Nov Dic
2022: Ene Feb Mar Abr May Jun Jul Ago Sep Oct Nov Dic
2021: Ene Feb Mar Abr May Jun Jul Ago Sep Oct Nov Dic
2020: Ene Feb Mar Abr May Jun Jul Ago Sep Oct Nov Dic
2019: Ene Feb Mar Abr May Jun Jul Ago Sep Oct Nov Dic
2018: Ene Feb Mar Abr May Jun Jul Ago Sep Oct Nov Dic
2017: Ene Feb Mar Abr May Jun Jul Ago Sep Oct Nov Dic
2016: Ene Feb Mar Abr May Jun Jul Ago Sep Oct Nov Dic
2015: Ene Feb Mar Abr May Jun Jul Ago Sep Oct Nov Dic
2014: Ene Feb Mar Abr May Jun Jul Ago Sep Oct Nov Dic
2013: Ene Feb Mar Abr May Jun Jul Ago Sep Oct Nov Dic
2012: Ene Feb Mar Abr May Jun Jul Ago Sep Oct Nov Dic
2011: Ene Feb Mar Abr May Jun Jul Ago Sep Oct Nov Dic
2024: Ene Feb Mar Abr May Jun Jul Ago Sep Oct Nov Dic
2023: Ene Feb Mar Abr May Jun Jul Ago Sep Oct Nov Dic
2022: Ene Feb Mar Abr May Jun Jul Ago Sep Oct Nov Dic
2021: Ene Feb Mar Abr May Jun Jul Ago Sep Oct Nov Dic
2020: Ene Feb Mar Abr May Jun Jul Ago Sep Oct Nov Dic
2019: Ene Feb Mar Abr May Jun Jul Ago Sep Oct Nov Dic
2018: Ene Feb Mar Abr May Jun Jul Ago Sep Oct Nov Dic
2017: Ene Feb Mar Abr May Jun Jul Ago Sep Oct Nov Dic
2016: Ene Feb Mar Abr May Jun Jul Ago Sep Oct Nov Dic
2015: Ene Feb Mar Abr May Jun Jul Ago Sep Oct Nov Dic
2014: Ene Feb Mar Abr May Jun Jul Ago Sep Oct Nov Dic
2013: Ene Feb Mar Abr May Jun Jul Ago Sep Oct Nov Dic
2012: Ene Feb Mar Abr May Jun Jul Ago Sep Oct Nov Dic
2011: Ene Feb Mar Abr May Jun Jul Ago Sep Oct Nov Dic
Informe para 2013 Diciembre
MONTHLY CLIMATOLOGICAL SUMMARY for DEC. 2013 NAME: Villaverde de Pontones CITY: Villaverde de Pontones STATE: Cantabria - Spain ELEV: 19 m LAT: 43° 24' 48" N LONG: 3° 42' 06" W TEMPERATURE (°C), RAIN (mm), WIND SPEED (km/hr) HEAT COOL AVG MEAN DEG DEG WIND DOM DAY TEMP HIGH TIME LOW TIME DAYS DAYS RAIN SPEED HIGH TIME DIR ------------------------------------------------------------------------------------ 1 7.9 10.2 12:30 5.9 8:00 10.4 0.0 0.6 0.6 12.9 0:35 E 2 7.4 10.1 13:50 4.1 00:00 10.8 0.0 0.0 0.2 8.0 14:30 NE 3 5.4 12.7 13:40 0.6 7:45 12.9 0.0 0.2 0.5 9.7 13:20 N 4 8.1 11.9 13:25 2.3 1:25 10.2 0.0 0.0 0.2 9.7 12:15 W 5 8.8 10.6 15:25 7.8 4:25 9.5 0.0 0.0 0.0 8.0 11:25 ENE 6 8.7 13.2 12:30 5.2 20:45 9.6 0.0 0.0 2.6 22.5 22:40 E 7 8.1 12.4 12:50 1.7 23:40 10.2 0.0 0.0 4.2 30.6 11:25 E 8 4.8 12.9 14:10 -0.2 6:45 13.5 0.0 0.2 0.6 12.9 13:50 SSW 9 4.3 12.7 13:05 -0.2 7:30 13.9 0.0 0.2 0.5 11.3 14:45 NNW 10 4.0 13.0 14:10 -0.6 4:50 14.3 0.0 0.2 0.6 14.5 18:10 NNW 11 10.2 19.9 13:05 0.9 1:50 8.3 0.2 0.2 9.7 54.7 15:00 NNE 12 6.4 17.6 12:55 0.1 8:00 11.9 0.0 0.0 0.6 8.0 0:15 NNE 13 9.3 13.0 13:20 4.9 0:10 9.0 0.0 7.4 1.3 30.6 19:35 W 14 9.1 16.2 15:00 4.8 8:30 9.3 0.0 0.2 1.1 19.3 17:30 NNE 15 7.6 16.8 14:20 2.6 8:20 10.7 0.0 0.0 1.0 12.9 21:35 NNE 16 15.0 20.0 14:25 3.6 0:05 3.5 0.2 0.0 13.7 46.7 23:40 SSW 17 13.6 16.4 13:50 9.3 23:40 4.7 0.0 0.0 9.3 51.5 1:25 SSW 18 11.9 15.5 21:40 5.9 8:15 6.4 0.0 0.2 10.9 66.0 17:40 SSW 19 10.2 14.8 0:05 7.0 00:00 8.1 0.0 21.8 9.5 45.1 17:35 WSW 20 7.1 11.2 15:05 1.7 00:00 11.2 0.0 11.0 3.5 30.6 4:55 WSW 21 3.9 10.2 14:50 0.6 7:40 14.3 0.0 0.0 1.0 8.0 0:15 NE 22 9.3 16.4 14:05 4.4 0:05 9.1 0.0 0.0 2.6 20.9 11:15 NE 23 12.0 16.7 13:15 2.5 4:45 6.3 0.0 0.0 21.4 86.9 23:00 SSW 24 14.8 17.7 7:35 9.2 23:55 3.5 0.0 20.8 26.1 103.0 6:50 SSW 25 9.6 13.6 13:10 6.8 5:40 8.7 0.0 2.8 12.9 83.7 18:20 WSW 26 9.3 12.8 13:40 6.5 5:25 9.0 0.0 11.2 10.1 53.1 3:15 WSW 27 16.4 20.0 14:20 11.2 6:15 2.2 0.3 3.6 20.0 61.2 16:35 SSW 28 10.5 12.7 13:25 7.7 23:55 7.8 0.0 0.8 11.6 49.9 6:20 WSW 29 7.7 12.2 14:35 2.3 00:00 10.6 0.0 4.8 5.8 35.4 1:00 WSW 30 8.3 14.1 12:20 1.8 0:55 10.0 0.0 0.4 2.6 37.0 9:00 NE 31 12.7 16.3 13:45 9.6 00:00 5.6 0.0 2.2 15.3 62.8 4:30 SSW ------------------------------------------------------------------------------------- 9.1 20.0 16 -0.6 10 285.4 0.7 88.8 6.4 103.0 24 SSW Max >= 32.0: 0 Max <= 0.0: 0 Min <= 0.0: 3 Min <= -18.0: 0 Max Rain: 21.79 ON 19/12/13 Days of Rain: 19 (> .2 mm) 9 (> 2 mm) 2 (> 20 mm) Heat Base: 18.3 Cool Base: 18.3 Method: Integration