Informe tipo NOAA de datos climáticos
Selecciona un año o mes para ver el informe
2024: Ene Feb Mar Abr May Jun Jul Ago Sep Oct Nov Dic
2023: Ene Feb Mar Abr May Jun Jul Ago Sep Oct Nov Dic
2022: Ene Feb Mar Abr May Jun Jul Ago Sep Oct Nov Dic
2021: Ene Feb Mar Abr May Jun Jul Ago Sep Oct Nov Dic
2020: Ene Feb Mar Abr May Jun Jul Ago Sep Oct Nov Dic
2019: Ene Feb Mar Abr May Jun Jul Ago Sep Oct Nov Dic
2018: Ene Feb Mar Abr May Jun Jul Ago Sep Oct Nov Dic
2017: Ene Feb Mar Abr May Jun Jul Ago Sep Oct Nov Dic
2016: Ene Feb Mar Abr May Jun Jul Ago Sep Oct Nov Dic
2015: Ene Feb Mar Abr May Jun Jul Ago Sep Oct Nov Dic
2014: Ene Feb Mar Abr May Jun Jul Ago Sep Oct Nov Dic
2013: Ene Feb Mar Abr May Jun Jul Ago Sep Oct Nov Dic
2012: Ene Feb Mar Abr May Jun Jul Ago Sep Oct Nov Dic
2011: Ene Feb Mar Abr May Jun Jul Ago Sep Oct Nov Dic
2024: Ene Feb Mar Abr May Jun Jul Ago Sep Oct Nov Dic
2023: Ene Feb Mar Abr May Jun Jul Ago Sep Oct Nov Dic
2022: Ene Feb Mar Abr May Jun Jul Ago Sep Oct Nov Dic
2021: Ene Feb Mar Abr May Jun Jul Ago Sep Oct Nov Dic
2020: Ene Feb Mar Abr May Jun Jul Ago Sep Oct Nov Dic
2019: Ene Feb Mar Abr May Jun Jul Ago Sep Oct Nov Dic
2018: Ene Feb Mar Abr May Jun Jul Ago Sep Oct Nov Dic
2017: Ene Feb Mar Abr May Jun Jul Ago Sep Oct Nov Dic
2016: Ene Feb Mar Abr May Jun Jul Ago Sep Oct Nov Dic
2015: Ene Feb Mar Abr May Jun Jul Ago Sep Oct Nov Dic
2014: Ene Feb Mar Abr May Jun Jul Ago Sep Oct Nov Dic
2013: Ene Feb Mar Abr May Jun Jul Ago Sep Oct Nov Dic
2012: Ene Feb Mar Abr May Jun Jul Ago Sep Oct Nov Dic
2011: Ene Feb Mar Abr May Jun Jul Ago Sep Oct Nov Dic
Informe para 2013 Noviembre
MONTHLY CLIMATOLOGICAL SUMMARY for NOV. 2013 NAME: Villaverde de Pontones CITY: Villaverde de Pontones STATE: Cantabria - Spain ELEV: 19 m LAT: 43° 24' 48" N LONG: 3° 42' 06" W TEMPERATURE (°C), RAIN (mm), WIND SPEED (km/hr) HEAT COOL AVG MEAN DEG DEG WIND DOM DAY TEMP HIGH TIME LOW TIME DAYS DAYS RAIN SPEED HIGH TIME DIR ------------------------------------------------------------------------------------ 1 15.8 21.0 23:10 9.1 3:40 3.4 0.9 0.0 9.0 46.7 17:50 SSW 2 16.9 21.8 10:15 13.6 22:40 1.7 0.4 10.0 5.1 35.4 10:20 WSW 3 13.8 17.3 11:40 11.3 20:20 4.4 0.0 2.4 5.0 25.7 1:45 WSW 4 14.1 16.5 14:05 11.6 0:25 4.2 0.0 32.0 12.4 48.3 19:25 WSW 5 18.2 21.1 11:40 15.9 0:05 0.6 0.5 1.0 15.0 49.9 2:35 WSW 6 16.3 21.1 11:30 12.6 00:00 2.5 0.5 0.0 1.9 19.3 14:00 NE 7 15.3 22.7 13:35 10.4 7:30 3.9 0.8 0.2 1.4 19.3 11:35 NE 8 14.4 19.1 3:00 10.2 23:15 3.9 0.1 7.8 10.5 51.5 18:05 WSW 9 12.6 17.7 14:15 6.0 6:15 5.7 0.0 9.4 9.8 67.6 15:35 WSW 10 15.4 16.9 9:50 13.4 23:50 2.8 0.0 2.0 15.3 53.1 10:15 WSW 11 14.6 16.4 14:40 13.3 5:55 3.7 0.0 1.6 5.1 25.7 4:50 WSW 12 14.2 16.3 14:35 12.3 23:15 4.1 0.0 1.8 1.3 14.5 12:10 WSW 13 13.4 15.2 13:35 11.9 00:00 4.9 0.0 6.4 3.1 20.9 13:30 NNE 14 12.9 16.1 13:10 11.0 2:25 5.4 0.0 1.6 4.8 38.6 23:30 N 15 10.0 13.1 0:10 7.6 00:00 8.3 0.0 14.6 8.4 49.9 19:30 NNE 16 8.4 11.9 13:35 5.3 6:35 9.9 0.0 2.8 0.8 14.5 14:05 ENE 17 10.5 11.6 10:15 9.1 0:05 7.8 0.0 20.6 2.9 16.1 4:20 NNE 18 10.5 12.6 12:55 9.6 2:15 7.8 0.0 8.2 5.0 24.1 11:25 WSW 19 10.5 12.3 12:05 8.9 17:20 7.8 0.0 16.4 8.2 43.5 20:15 N 20 8.2 10.3 14:45 6.6 6:30 10.1 0.0 21.6 9.2 35.4 8:55 WSW 21 10.2 11.3 12:25 9.1 23:25 8.1 0.0 22.2 15.3 61.2 5:35 NW 22 8.0 11.2 13:55 6.1 23:45 10.3 0.0 4.8 2.9 33.8 1:10 NNE 23 7.6 10.2 13:50 6.0 0:55 10.7 0.0 7.6 1.6 20.9 12:40 SW 24 8.3 10.4 11:50 6.7 1:00 9.9 0.0 4.0 2.7 25.7 6:40 NNE 25 8.1 11.3 11:50 6.9 23:15 10.2 0.0 4.8 2.1 25.7 13:55 NE 26 7.2 9.2 12:30 6.2 23:20 11.1 0.0 1.6 2.6 22.5 5:15 NE 27 5.6 8.0 13:35 2.9 8:05 12.7 0.0 0.6 0.3 11.3 0:05 E 28 4.1 9.8 12:45 -0.1 7:45 14.2 0.0 0.0 1.1 14.5 12:20 NE 29 6.5 8.7 15:05 2.6 0:05 11.8 0.0 0.2 0.2 6.4 15:15 NE 30 9.2 11.3 13:40 7.2 19:15 9.1 0.0 4.6 6.3 38.6 13:50 NE ------------------------------------------------------------------------------------- 11.4 22.7 7 -0.1 28 211.1 3.2 210.8 5.6 67.6 9 WSW Max >= 32.0: 0 Max <= 0.0: 0 Min <= 0.0: 1 Min <= -18.0: 0 Max Rain: 32.00 ON 04/11/13 Days of Rain: 27 (> .2 mm) 19 (> 2 mm) 4 (> 20 mm) Heat Base: 18.3 Cool Base: 18.3 Method: Integration