Informe tipo NOAA de datos climáticos
Selecciona un año o mes para ver el informe
2024: Ene Feb Mar Abr May Jun Jul Ago Sep Oct Nov Dic
2023: Ene Feb Mar Abr May Jun Jul Ago Sep Oct Nov Dic
2022: Ene Feb Mar Abr May Jun Jul Ago Sep Oct Nov Dic
2021: Ene Feb Mar Abr May Jun Jul Ago Sep Oct Nov Dic
2020: Ene Feb Mar Abr May Jun Jul Ago Sep Oct Nov Dic
2019: Ene Feb Mar Abr May Jun Jul Ago Sep Oct Nov Dic
2018: Ene Feb Mar Abr May Jun Jul Ago Sep Oct Nov Dic
2017: Ene Feb Mar Abr May Jun Jul Ago Sep Oct Nov Dic
2016: Ene Feb Mar Abr May Jun Jul Ago Sep Oct Nov Dic
2015: Ene Feb Mar Abr May Jun Jul Ago Sep Oct Nov Dic
2014: Ene Feb Mar Abr May Jun Jul Ago Sep Oct Nov Dic
2013: Ene Feb Mar Abr May Jun Jul Ago Sep Oct Nov Dic
2012: Ene Feb Mar Abr May Jun Jul Ago Sep Oct Nov Dic
2011: Ene Feb Mar Abr May Jun Jul Ago Sep Oct Nov Dic
2024: Ene Feb Mar Abr May Jun Jul Ago Sep Oct Nov Dic
2023: Ene Feb Mar Abr May Jun Jul Ago Sep Oct Nov Dic
2022: Ene Feb Mar Abr May Jun Jul Ago Sep Oct Nov Dic
2021: Ene Feb Mar Abr May Jun Jul Ago Sep Oct Nov Dic
2020: Ene Feb Mar Abr May Jun Jul Ago Sep Oct Nov Dic
2019: Ene Feb Mar Abr May Jun Jul Ago Sep Oct Nov Dic
2018: Ene Feb Mar Abr May Jun Jul Ago Sep Oct Nov Dic
2017: Ene Feb Mar Abr May Jun Jul Ago Sep Oct Nov Dic
2016: Ene Feb Mar Abr May Jun Jul Ago Sep Oct Nov Dic
2015: Ene Feb Mar Abr May Jun Jul Ago Sep Oct Nov Dic
2014: Ene Feb Mar Abr May Jun Jul Ago Sep Oct Nov Dic
2013: Ene Feb Mar Abr May Jun Jul Ago Sep Oct Nov Dic
2012: Ene Feb Mar Abr May Jun Jul Ago Sep Oct Nov Dic
2011: Ene Feb Mar Abr May Jun Jul Ago Sep Oct Nov Dic
Informe para 2013 Agosto
MONTHLY CLIMATOLOGICAL SUMMARY for AUG. 2013 NAME: Villaverde de Pontones CITY: Villaverde de Pontones STATE: Cantabria - Spain ELEV: 19 m LAT: 43° 24' 48" N LONG: 3° 42' 06" W TEMPERATURE (°C), RAIN (mm), WIND SPEED (km/hr) HEAT COOL AVG MEAN DEG DEG WIND DOM DAY TEMP HIGH TIME LOW TIME DAYS DAYS RAIN SPEED HIGH TIME DIR ------------------------------------------------------------------------------------ 1 22.2 25.9 12:55 20.1 6:00 0.0 3.9 0.0 3.2 19.3 13:20 NNW 2 21.6 25.2 12:15 19.1 23:50 0.0 3.3 0.0 3.1 20.9 12:30 NNW 3 19.4 22.4 8:45 17.6 2:15 0.1 1.3 0.0 2.9 25.7 9:30 NE 4 21.5 26.9 13:40 16.7 23:50 0.2 3.5 0.0 5.0 25.7 11:20 ENE 5 20.3 23.9 12:55 15.5 2:55 0.4 2.3 0.0 4.0 20.9 4:30 WSW 6 20.1 23.1 11:55 17.8 3:05 0.1 1.8 0.6 3.2 24.1 22:15 NE 7 18.3 22.4 14:20 14.8 23:30 0.9 0.8 7.6 2.6 24.1 1:15 WSW 8 18.5 22.4 12:25 13.6 23:50 0.9 1.2 4.6 5.1 30.6 8:55 WSW 9 18.2 24.2 13:05 11.6 5:20 2.1 2.0 0.2 2.6 17.7 12:40 NNE 10 19.8 26.3 12:05 12.4 5:35 1.5 3.0 0.0 4.8 27.4 15:45 ENE 11 20.6 26.0 14:10 14.0 4:40 0.9 3.2 0.0 5.1 29.0 13:00 NE 12 20.3 22.3 13:00 18.4 3:05 0.0 2.0 1.6 1.6 19.3 14:10 NE 13 19.8 24.1 15:00 14.9 23:40 0.3 1.8 0.0 2.4 22.5 15:35 NE 14 19.1 25.9 12:35 13.3 5:55 1.7 2.5 0.0 5.3 30.6 13:05 ENE 15 19.5 27.8 12:25 12.0 5:10 1.8 3.0 0.0 3.9 25.7 14:00 NE 16 19.3 25.1 14:05 13.8 4:25 1.3 2.4 0.0 2.4 22.5 13:30 NNE 17 19.4 26.0 15:30 11.7 4:55 1.7 2.8 0.0 3.1 24.1 11:30 NNE 18 20.3 25.3 13:10 13.7 5:10 1.1 3.1 0.0 2.6 19.3 13:00 NNW 19 19.8 23.7 16:00 15.8 00:00 0.2 1.7 2.6 3.2 19.3 0:50 SW 20 20.2 26.1 14:00 13.4 4:10 1.2 3.1 0.0 8.5 40.2 15:25 ENE 21 21.4 29.7 12:10 13.2 5:25 1.1 4.2 0.0 4.0 22.5 11:15 ENE 22 19.6 23.2 10:30 15.7 3:55 0.6 1.9 0.0 5.8 27.4 11:15 WSW 23 19.8 23.8 15:30 15.5 0:50 0.5 1.9 0.0 2.4 17.7 13:15 NNW 24 18.7 21.2 14:00 15.9 23:10 0.3 0.7 8.4 4.7 25.7 0:20 WSW 25 18.2 22.3 13:35 14.6 5:55 1.1 1.0 5.8 4.2 29.0 13:50 WSW 26 17.7 20.9 16:45 15.6 2:20 0.9 0.4 3.6 2.6 20.9 10:50 WSW 27 19.2 23.4 13:50 14.2 5:40 0.7 1.6 0.4 2.1 17.7 14:25 NNW 28 19.4 24.2 14:45 14.9 23:55 0.8 1.9 0.0 2.9 22.5 14:20 NE 29 18.3 23.4 13:10 12.1 5:15 1.8 1.8 0.0 2.3 19.3 12:15 N 30 18.1 23.7 13:40 12.8 5:10 2.0 1.7 0.2 2.6 19.3 13:10 N 31 18.2 23.6 13:55 13.1 3:45 1.8 1.7 0.0 2.6 19.3 14:20 NNE ------------------------------------------------------------------------------------- 19.6 29.7 21 11.6 9 28.3 67.7 35.6 3.6 40.2 20 NE Max >= 32.0: 0 Max <= 0.0: 0 Min <= 0.0: 0 Min <= -18.0: 0 Max Rain: 8.41 ON 24/08/13 Days of Rain: 11 (> .2 mm) 6 (> 2 mm) 0 (> 20 mm) Heat Base: 18.3 Cool Base: 18.3 Method: Integration