Informe tipo NOAA de datos climáticos
Selecciona un año o mes para ver el informe
2024: Ene Feb Mar Abr May Jun Jul Ago Sep Oct Nov Dic
2023: Ene Feb Mar Abr May Jun Jul Ago Sep Oct Nov Dic
2022: Ene Feb Mar Abr May Jun Jul Ago Sep Oct Nov Dic
2021: Ene Feb Mar Abr May Jun Jul Ago Sep Oct Nov Dic
2020: Ene Feb Mar Abr May Jun Jul Ago Sep Oct Nov Dic
2019: Ene Feb Mar Abr May Jun Jul Ago Sep Oct Nov Dic
2018: Ene Feb Mar Abr May Jun Jul Ago Sep Oct Nov Dic
2017: Ene Feb Mar Abr May Jun Jul Ago Sep Oct Nov Dic
2016: Ene Feb Mar Abr May Jun Jul Ago Sep Oct Nov Dic
2015: Ene Feb Mar Abr May Jun Jul Ago Sep Oct Nov Dic
2014: Ene Feb Mar Abr May Jun Jul Ago Sep Oct Nov Dic
2013: Ene Feb Mar Abr May Jun Jul Ago Sep Oct Nov Dic
2012: Ene Feb Mar Abr May Jun Jul Ago Sep Oct Nov Dic
2011: Ene Feb Mar Abr May Jun Jul Ago Sep Oct Nov Dic
2024: Ene Feb Mar Abr May Jun Jul Ago Sep Oct Nov Dic
2023: Ene Feb Mar Abr May Jun Jul Ago Sep Oct Nov Dic
2022: Ene Feb Mar Abr May Jun Jul Ago Sep Oct Nov Dic
2021: Ene Feb Mar Abr May Jun Jul Ago Sep Oct Nov Dic
2020: Ene Feb Mar Abr May Jun Jul Ago Sep Oct Nov Dic
2019: Ene Feb Mar Abr May Jun Jul Ago Sep Oct Nov Dic
2018: Ene Feb Mar Abr May Jun Jul Ago Sep Oct Nov Dic
2017: Ene Feb Mar Abr May Jun Jul Ago Sep Oct Nov Dic
2016: Ene Feb Mar Abr May Jun Jul Ago Sep Oct Nov Dic
2015: Ene Feb Mar Abr May Jun Jul Ago Sep Oct Nov Dic
2014: Ene Feb Mar Abr May Jun Jul Ago Sep Oct Nov Dic
2013: Ene Feb Mar Abr May Jun Jul Ago Sep Oct Nov Dic
2012: Ene Feb Mar Abr May Jun Jul Ago Sep Oct Nov Dic
2011: Ene Feb Mar Abr May Jun Jul Ago Sep Oct Nov Dic
Informe para 2013 Julio
MONTHLY CLIMATOLOGICAL SUMMARY for JUL. 2013 NAME: Villaverde de Pontones CITY: Villaverde de Pontones STATE: Cantabria - Spain ELEV: 19 m LAT: 43° 24' 48" N LONG: 3° 42' 06" W TEMPERATURE (°C), RAIN (mm), WIND SPEED (km/hr) HEAT COOL AVG MEAN DEG DEG WIND DOM DAY TEMP HIGH TIME LOW TIME DAYS DAYS RAIN SPEED HIGH TIME DIR ------------------------------------------------------------------------------------ 1 18.8 21.8 12:15 17.1 2:20 0.3 0.7 0.0 3.1 19.3 13:15 NNE 2 18.4 20.7 16:20 16.8 4:55 0.4 0.5 0.0 2.4 20.9 00:00 NNW 3 18.4 19.8 11:15 17.1 23:10 0.3 0.4 0.8 6.1 24.1 1:20 WSW 4 19.8 24.6 12:35 17.0 2:20 0.4 1.9 0.2 5.3 27.4 15:55 E 5 21.2 26.2 12:20 17.1 0:40 0.2 3.1 0.0 7.4 30.6 13:30 E 6 21.4 29.0 13:45 14.3 5:10 0.9 4.0 0.0 4.8 32.2 12:20 NE 7 20.8 28.2 14:25 12.7 5:05 1.3 3.8 0.0 3.2 22.5 16:45 N 8 22.1 30.2 13:10 14.8 4:50 0.8 4.6 0.2 3.5 24.1 15:30 NE 9 21.0 26.3 15:05 15.4 4:55 0.6 3.3 0.0 2.7 20.9 13:00 NNW 10 21.9 25.7 13:45 18.6 5:25 0.0 3.6 0.0 2.6 16.1 12:10 NNW 11 22.4 28.1 15:45 18.3 00:00 0.0 4.1 0.0 3.7 20.9 13:50 NE 12 22.9 29.4 13:10 16.7 4:30 0.2 4.8 0.0 3.7 25.7 14:05 NE 13 22.5 26.5 13:05 19.5 23:35 0.0 4.2 0.0 4.0 19.3 13:45 NNW 14 21.6 25.9 13:15 16.8 00:00 0.1 3.4 0.0 3.7 19.3 10:20 NE 15 21.8 29.2 14:05 14.6 5:15 0.8 4.3 0.0 3.4 19.3 11:20 NE 16 20.6 25.4 14:35 16.3 2:50 0.5 2.8 0.0 1.3 14.5 15:00 WNW 17 21.2 25.7 13:30 16.6 3:30 0.3 3.2 0.0 3.2 19.3 11:50 NNW 18 21.8 28.8 13:20 15.4 3:10 0.6 4.0 0.0 3.4 22.5 12:30 NE 19 22.5 30.5 11:45 14.3 4:55 0.8 5.0 0.0 3.9 30.6 13:10 ENE 20 22.9 28.1 12:45 17.2 5:00 0.1 4.7 0.0 2.9 22.5 11:45 N 21 22.4 25.9 13:15 19.2 5:25 0.0 4.2 0.0 2.9 19.3 16:35 NNW 22 22.1 26.9 11:00 19.7 4:25 0.0 3.8 2.2 3.2 20.9 11:35 WSW 23 19.4 20.2 1:15 16.8 23:25 0.1 1.3 1.0 3.4 20.9 9:25 WSW 24 22.0 27.7 12:00 16.4 5:10 0.3 4.0 0.0 2.9 20.9 12:35 NE 25 20.7 23.6 12:25 17.3 3:00 0.1 2.5 2.4 1.1 17.7 11:10 NE 26 19.3 21.1 10:50 18.1 23:35 0.0 1.0 4.0 4.7 24.1 13:40 WSW 27 19.1 23.2 11:05 15.1 23:55 0.4 1.2 1.6 2.4 25.7 14:20 WSW 28 19.8 29.3 12:45 12.5 4:35 1.5 3.1 1.2 5.8 40.2 7:50 SSW 29 20.0 26.4 14:25 13.0 5:00 1.3 3.0 0.2 2.4 22.5 13:30 E 30 20.4 26.2 14:15 13.2 5:05 1.2 3.3 0.0 2.4 16.1 12:30 NNW 31 24.3 38.1 14:15 14.2 5:25 0.8 6.8 0.0 4.5 29.0 21:25 WSW ------------------------------------------------------------------------------------- 21.1 38.1 31 12.5 28 14.2 100.4 13.8 3.6 40.2 28 NE Max >= 32.0: 1 Max <= 0.0: 0 Min <= 0.0: 0 Min <= -18.0: 0 Max Rain: 3.99 ON 26/07/13 Days of Rain: 10 (> .2 mm) 3 (> 2 mm) 0 (> 20 mm) Heat Base: 18.3 Cool Base: 18.3 Method: Integration