Informe tipo NOAA de datos climáticos
Selecciona un año o mes para ver el informe
2024: Ene Feb Mar Abr May Jun Jul Ago Sep Oct Nov Dic
2023: Ene Feb Mar Abr May Jun Jul Ago Sep Oct Nov Dic
2022: Ene Feb Mar Abr May Jun Jul Ago Sep Oct Nov Dic
2021: Ene Feb Mar Abr May Jun Jul Ago Sep Oct Nov Dic
2020: Ene Feb Mar Abr May Jun Jul Ago Sep Oct Nov Dic
2019: Ene Feb Mar Abr May Jun Jul Ago Sep Oct Nov Dic
2018: Ene Feb Mar Abr May Jun Jul Ago Sep Oct Nov Dic
2017: Ene Feb Mar Abr May Jun Jul Ago Sep Oct Nov Dic
2016: Ene Feb Mar Abr May Jun Jul Ago Sep Oct Nov Dic
2015: Ene Feb Mar Abr May Jun Jul Ago Sep Oct Nov Dic
2014: Ene Feb Mar Abr May Jun Jul Ago Sep Oct Nov Dic
2013: Ene Feb Mar Abr May Jun Jul Ago Sep Oct Nov Dic
2012: Ene Feb Mar Abr May Jun Jul Ago Sep Oct Nov Dic
2011: Ene Feb Mar Abr May Jun Jul Ago Sep Oct Nov Dic
2024: Ene Feb Mar Abr May Jun Jul Ago Sep Oct Nov Dic
2023: Ene Feb Mar Abr May Jun Jul Ago Sep Oct Nov Dic
2022: Ene Feb Mar Abr May Jun Jul Ago Sep Oct Nov Dic
2021: Ene Feb Mar Abr May Jun Jul Ago Sep Oct Nov Dic
2020: Ene Feb Mar Abr May Jun Jul Ago Sep Oct Nov Dic
2019: Ene Feb Mar Abr May Jun Jul Ago Sep Oct Nov Dic
2018: Ene Feb Mar Abr May Jun Jul Ago Sep Oct Nov Dic
2017: Ene Feb Mar Abr May Jun Jul Ago Sep Oct Nov Dic
2016: Ene Feb Mar Abr May Jun Jul Ago Sep Oct Nov Dic
2015: Ene Feb Mar Abr May Jun Jul Ago Sep Oct Nov Dic
2014: Ene Feb Mar Abr May Jun Jul Ago Sep Oct Nov Dic
2013: Ene Feb Mar Abr May Jun Jul Ago Sep Oct Nov Dic
2012: Ene Feb Mar Abr May Jun Jul Ago Sep Oct Nov Dic
2011: Ene Feb Mar Abr May Jun Jul Ago Sep Oct Nov Dic
Informe para 2013 Marzo
MONTHLY CLIMATOLOGICAL SUMMARY for MAR. 2013 NAME: Villaverde de Pontones CITY: Villaverde de Pontones STATE: Cantabria - Spain ELEV: 19 m LAT: 43° 24' 48" N LONG: 3° 42' 06" W TEMPERATURE (°C), RAIN (mm), WIND SPEED (km/hr) HEAT COOL AVG MEAN DEG DEG WIND DOM DAY TEMP HIGH TIME LOW TIME DAYS DAYS RAIN SPEED HIGH TIME DIR ------------------------------------------------------------------------------------ 1 7.1 12.6 12:35 3.2 23:50 11.3 0.0 0.0 2.4 24.1 14:50 NE 2 5.8 12.1 13:20 1.7 4:35 12.5 0.0 0.0 4.7 30.6 14:10 E 3 7.4 18.4 14:55 -0.8 5:50 10.8 0.0 0.0 1.3 16.1 14:10 E 4 10.6 17.2 13:20 1.9 6:55 7.7 0.0 0.0 7.1 41.8 14:10 ESE 5 15.4 20.9 13:45 10.4 23:25 3.1 0.2 0.0 4.2 30.6 1:15 E 6 14.4 21.5 12:10 8.0 3:30 4.5 0.6 0.2 4.5 48.3 19:25 NE 7 16.8 22.5 14:10 10.7 0:05 2.1 0.6 1.2 18.0 74.0 16:35 SSW 8 12.7 20.3 14:50 5.3 5:45 5.8 0.2 0.0 10.3 54.7 8:45 SSW 9 15.6 19.9 13:45 7.6 0:05 2.8 0.1 0.0 15.9 57.9 00:00 SSW 10 13.5 17.6 12:30 5.7 23:45 4.8 0.0 0.0 17.9 59.5 10:10 SSW 11 11.6 17.8 11:00 5.0 1:25 6.7 0.0 1.2 14.2 45.1 16:50 W 12 6.9 9.6 11:40 3.7 23:45 11.4 0.0 12.4 6.0 38.6 12:40 WSW 13 4.9 7.3 14:05 2.3 1:50 13.4 0.0 7.4 8.7 38.6 7:15 NNE 14 6.9 10.5 10:40 3.7 1:50 11.4 0.0 5.8 7.9 48.3 13:20 WSW 15 6.8 11.9 15:15 2.6 5:20 11.5 0.0 2.2 2.7 24.1 11:20 E 16 8.7 14.9 15:35 2.6 2:20 9.6 0.0 0.0 6.1 40.2 10:25 SSW 17 7.8 11.1 15:40 3.2 23:35 10.5 0.0 1.6 4.3 27.4 16:10 W 18 8.9 12.7 13:00 2.9 0:40 9.4 0.0 1.4 14.5 59.5 10:55 WSW 19 9.4 15.1 13:30 3.9 6:45 8.9 0.0 2.2 2.4 29.0 22:35 NNE 20 9.2 14.1 13:10 4.1 23:40 9.1 0.0 2.8 5.6 25.7 3:20 SW 21 14.9 20.7 15:35 3.6 0:40 3.8 0.4 0.0 14.8 62.8 12:55 SSW 22 14.7 20.4 13:10 7.9 00:00 3.7 0.1 2.6 13.5 70.8 6:35 S 23 12.6 20.4 14:20 5.8 4:15 5.9 0.2 0.2 7.4 41.8 11:40 SSW 24 12.0 18.4 11:50 6.8 6:15 6.3 0.0 0.8 5.0 30.6 15:30 W 25 11.0 13.3 13:45 8.8 6:30 7.3 0.0 5.4 3.7 29.0 9:45 WSW 26 11.5 14.4 12:20 9.6 5:10 6.8 0.0 4.6 2.7 20.9 13:00 ENE 27 11.5 14.2 12:35 9.9 23:00 6.8 0.0 0.4 4.8 22.5 12:45 ENE 28 9.6 10.8 16:15 8.2 7:40 8.7 0.0 2.4 3.7 24.1 15:15 E 29 14.6 21.3 11:35 10.1 6:25 4.1 0.3 6.8 6.9 41.8 2:55 SSW 30 12.4 15.2 12:50 9.2 00:00 5.9 0.0 0.0 8.9 37.0 12:40 WSW 31 12.8 19.5 12:15 5.5 6:30 5.6 0.1 0.0 4.0 40.2 23:50 E ------------------------------------------------------------------------------------- 10.9 22.5 7 -0.8 3 232.2 2.9 61.6 7.6 74.0 7 SSW Max >= 32.0: 0 Max <= 0.0: 0 Min <= 0.0: 1 Min <= -18.0: 0 Max Rain: 12.40 ON 12/03/13 Days of Rain: 19 (> .2 mm) 11 (> 2 mm) 0 (> 20 mm) Heat Base: 18.3 Cool Base: 18.3 Method: Integration