Informe tipo NOAA de datos climáticos
Selecciona un año o mes para ver el informe
2024: Ene Feb Mar Abr May Jun Jul Ago Sep Oct Nov Dic
2023: Ene Feb Mar Abr May Jun Jul Ago Sep Oct Nov Dic
2022: Ene Feb Mar Abr May Jun Jul Ago Sep Oct Nov Dic
2021: Ene Feb Mar Abr May Jun Jul Ago Sep Oct Nov Dic
2020: Ene Feb Mar Abr May Jun Jul Ago Sep Oct Nov Dic
2019: Ene Feb Mar Abr May Jun Jul Ago Sep Oct Nov Dic
2018: Ene Feb Mar Abr May Jun Jul Ago Sep Oct Nov Dic
2017: Ene Feb Mar Abr May Jun Jul Ago Sep Oct Nov Dic
2016: Ene Feb Mar Abr May Jun Jul Ago Sep Oct Nov Dic
2015: Ene Feb Mar Abr May Jun Jul Ago Sep Oct Nov Dic
2014: Ene Feb Mar Abr May Jun Jul Ago Sep Oct Nov Dic
2013: Ene Feb Mar Abr May Jun Jul Ago Sep Oct Nov Dic
2012: Ene Feb Mar Abr May Jun Jul Ago Sep Oct Nov Dic
2011: Ene Feb Mar Abr May Jun Jul Ago Sep Oct Nov Dic
2024: Ene Feb Mar Abr May Jun Jul Ago Sep Oct Nov Dic
2023: Ene Feb Mar Abr May Jun Jul Ago Sep Oct Nov Dic
2022: Ene Feb Mar Abr May Jun Jul Ago Sep Oct Nov Dic
2021: Ene Feb Mar Abr May Jun Jul Ago Sep Oct Nov Dic
2020: Ene Feb Mar Abr May Jun Jul Ago Sep Oct Nov Dic
2019: Ene Feb Mar Abr May Jun Jul Ago Sep Oct Nov Dic
2018: Ene Feb Mar Abr May Jun Jul Ago Sep Oct Nov Dic
2017: Ene Feb Mar Abr May Jun Jul Ago Sep Oct Nov Dic
2016: Ene Feb Mar Abr May Jun Jul Ago Sep Oct Nov Dic
2015: Ene Feb Mar Abr May Jun Jul Ago Sep Oct Nov Dic
2014: Ene Feb Mar Abr May Jun Jul Ago Sep Oct Nov Dic
2013: Ene Feb Mar Abr May Jun Jul Ago Sep Oct Nov Dic
2012: Ene Feb Mar Abr May Jun Jul Ago Sep Oct Nov Dic
2011: Ene Feb Mar Abr May Jun Jul Ago Sep Oct Nov Dic
Informe para 2012 Noviembre
MONTHLY CLIMATOLOGICAL SUMMARY for NOV. 2012 NAME: Villaverde de Pontones CITY: Villaverde de Pontones STATE: Cantabria - Spain ELEV: 19 m LAT: 43° 24' 48" N LONG: 3° 42' 06" W TEMPERATURE (°C), RAIN (mm), WIND SPEED (km/hr) HEAT COOL AVG MEAN DEG DEG WIND DOM DAY TEMP HIGH TIME LOW TIME DAYS DAYS RAIN SPEED HIGH TIME DIR ------------------------------------------------------------------------------------ 1 13.1 15.3 8:30 7.9 0:05 5.2 0.0 7.8 9.8 40.2 0:30 SSW 2 14.2 20.2 14:10 5.4 7:10 4.2 0.2 0.0 8.5 49.9 21:45 SSW 3 15.3 18.6 6:15 11.9 21:10 3.0 0.0 5.0 6.6 40.2 2:25 SSW 4 10.6 12.5 9:20 5.4 23:20 7.7 0.0 2.4 2.3 32.2 9:30 SSW 5 11.8 16.4 11:50 5.2 0:55 6.5 0.0 0.4 7.7 30.6 20:00 WSW 6 9.6 14.2 11:10 4.8 21:40 8.7 0.0 5.8 2.9 33.8 12:00 WSW 7 7.9 13.1 13:00 1.8 7:10 10.4 0.0 0.6 4.5 29.0 11:25 E 8 12.6 19.5 13:25 8.2 4:05 5.8 0.1 0.0 1.4 27.4 16:10 NE 9 12.6 15.9 12:45 9.4 3:10 5.7 0.0 0.4 1.0 16.1 13:05 W 10 10.1 13.2 13:30 6.7 6:55 8.2 0.0 18.2 5.3 38.6 20:30 WSW 11 8.3 12.1 14:10 5.9 23:45 10.0 0.0 20.4 5.8 29.0 4:10 WSW 12 8.0 14.4 13:30 4.1 7:15 10.3 0.0 0.4 1.4 14.5 13:40 NE 13 7.1 14.2 14:15 2.2 5:45 11.2 0.0 0.2 3.5 27.4 13:05 ENE 14 10.3 22.1 13:20 2.6 0:15 8.3 0.3 0.0 1.0 11.3 13:40 ENE 15 13.2 23.5 14:40 7.1 0:45 5.8 0.7 0.2 1.6 14.5 13:40 NE 16 14.7 21.2 11:20 9.1 1:10 4.1 0.4 0.0 4.5 41.8 6:20 NE 17 13.7 18.3 10:50 9.8 0:05 4.6 0.0 0.6 3.4 32.2 23:40 NE 18 11.9 13.8 0:05 6.9 00:00 6.4 0.0 10.0 4.3 33.8 5:00 N 19 8.5 16.2 15:05 2.7 7:35 9.8 0.0 0.2 0.2 6.4 20:30 NE 20 12.9 19.3 14:05 5.3 3:25 5.4 0.1 0.4 10.5 62.8 20:45 SSW 21 10.9 16.6 0:55 3.9 00:00 7.3 0.0 3.4 5.6 48.3 0:45 W 22 6.9 14.8 13:00 0.8 7:15 11.4 0.0 0.2 1.3 20.9 13:10 NE 23 15.3 18.6 13:25 5.5 0:05 3.0 0.0 0.0 14.2 57.9 21:25 SSW 24 16.8 20.4 13:00 11.9 23:40 1.8 0.3 1.8 20.4 75.6 9:30 SSW 25 11.8 14.3 11:55 9.6 23:15 6.5 0.0 1.4 1.3 14.5 12:50 ENE 26 10.7 13.1 13:30 7.3 00:00 7.6 0.0 2.0 9.3 40.2 11:00 WSW 27 7.2 8.7 9:50 5.7 12:35 11.1 0.0 28.4 12.7 35.4 5:15 WSW 28 9.6 11.6 12:00 6.9 1:00 8.7 0.0 15.4 11.1 54.7 9:55 N 29 8.6 11.6 12:10 6.9 00:00 9.8 0.0 17.4 7.6 38.6 0:20 N 30 6.7 10.5 13:30 4.3 23:15 11.6 0.0 2.2 2.3 20.9 13:35 E ------------------------------------------------------------------------------------- 11.0 23.5 15 0.8 22 220.4 2.1 145.3 5.7 75.6 24 SSW Max >= 32.0: 0 Max <= 0.0: 0 Min <= 0.0: 0 Min <= -18.0: 0 Max Rain: 28.40 ON 27/11/12 Days of Rain: 25 (> .2 mm) 13 (> 2 mm) 2 (> 20 mm) Heat Base: 18.3 Cool Base: 18.3 Method: Integration