Informe tipo NOAA de datos climáticos
Selecciona un año o mes para ver el informe
2024: Ene Feb Mar Abr May Jun Jul Ago Sep Oct Nov Dic
2023: Ene Feb Mar Abr May Jun Jul Ago Sep Oct Nov Dic
2022: Ene Feb Mar Abr May Jun Jul Ago Sep Oct Nov Dic
2021: Ene Feb Mar Abr May Jun Jul Ago Sep Oct Nov Dic
2020: Ene Feb Mar Abr May Jun Jul Ago Sep Oct Nov Dic
2019: Ene Feb Mar Abr May Jun Jul Ago Sep Oct Nov Dic
2018: Ene Feb Mar Abr May Jun Jul Ago Sep Oct Nov Dic
2017: Ene Feb Mar Abr May Jun Jul Ago Sep Oct Nov Dic
2016: Ene Feb Mar Abr May Jun Jul Ago Sep Oct Nov Dic
2015: Ene Feb Mar Abr May Jun Jul Ago Sep Oct Nov Dic
2014: Ene Feb Mar Abr May Jun Jul Ago Sep Oct Nov Dic
2013: Ene Feb Mar Abr May Jun Jul Ago Sep Oct Nov Dic
2012: Ene Feb Mar Abr May Jun Jul Ago Sep Oct Nov Dic
2011: Ene Feb Mar Abr May Jun Jul Ago Sep Oct Nov Dic
2024: Ene Feb Mar Abr May Jun Jul Ago Sep Oct Nov Dic
2023: Ene Feb Mar Abr May Jun Jul Ago Sep Oct Nov Dic
2022: Ene Feb Mar Abr May Jun Jul Ago Sep Oct Nov Dic
2021: Ene Feb Mar Abr May Jun Jul Ago Sep Oct Nov Dic
2020: Ene Feb Mar Abr May Jun Jul Ago Sep Oct Nov Dic
2019: Ene Feb Mar Abr May Jun Jul Ago Sep Oct Nov Dic
2018: Ene Feb Mar Abr May Jun Jul Ago Sep Oct Nov Dic
2017: Ene Feb Mar Abr May Jun Jul Ago Sep Oct Nov Dic
2016: Ene Feb Mar Abr May Jun Jul Ago Sep Oct Nov Dic
2015: Ene Feb Mar Abr May Jun Jul Ago Sep Oct Nov Dic
2014: Ene Feb Mar Abr May Jun Jul Ago Sep Oct Nov Dic
2013: Ene Feb Mar Abr May Jun Jul Ago Sep Oct Nov Dic
2012: Ene Feb Mar Abr May Jun Jul Ago Sep Oct Nov Dic
2011: Ene Feb Mar Abr May Jun Jul Ago Sep Oct Nov Dic
Informe para 2012 Octubre
MONTHLY CLIMATOLOGICAL SUMMARY for OCT. 2012 NAME: Villaverde de Pontones CITY: Villaverde de Pontones STATE: Cantabria - Spain ELEV: 19 m LAT: 43° 24' 48" N LONG: 3° 42' 06" W TEMPERATURE (°C), RAIN (mm), WIND SPEED (km/hr) HEAT COOL AVG MEAN DEG DEG WIND DOM DAY TEMP HIGH TIME LOW TIME DAYS DAYS RAIN SPEED HIGH TIME DIR ------------------------------------------------------------------------------------ 1 12.7 20.7 13:40 6.1 5:55 5.9 0.4 0.2 1.3 16.1 13:35 N 2 14.7 22.4 12:30 7.9 5:55 4.3 0.7 0.0 1.1 17.7 13:00 N 3 16.3 20.7 12:35 12.4 3:00 2.3 0.3 0.0 1.0 14.5 13:35 N 4 15.9 24.6 14:30 9.3 6:25 3.8 1.5 0.2 1.3 19.3 15:25 ENE 5 16.8 29.3 14:20 7.2 6:15 4.2 2.8 0.0 1.6 24.1 13:55 ENE 6 17.2 23.0 13:45 10.5 4:00 2.1 1.0 0.0 1.9 22.5 14:40 ENE 7 21.0 25.9 12:45 16.7 6:55 0.3 3.0 0.0 3.9 27.4 15:25 E 8 20.4 27.5 10:50 16.4 5:00 0.3 2.5 0.0 2.3 35.4 12:00 NNW 9 19.7 26.1 12:25 14.1 6:55 0.8 2.2 0.0 1.4 17.7 13:55 ENE 10 18.4 22.1 11:45 15.2 3:25 0.8 1.0 0.2 0.6 14.5 12:35 WNW 11 17.3 21.3 9:50 14.6 23:20 1.3 0.4 9.8 4.3 25.7 14:10 WSW 12 14.6 17.8 13:40 13.1 23:45 3.7 0.0 5.4 2.4 19.3 1:30 WSW 13 13.8 19.1 13:05 9.8 23:40 4.5 0.0 0.0 1.8 17.7 11:25 NNW 14 12.4 16.8 8:50 9.6 0:20 5.9 0.0 27.8 7.7 38.6 11:25 WSW 15 12.4 17.7 14:25 9.6 20:50 5.9 0.0 2.8 2.3 19.3 12:25 NE 16 17.2 22.4 13:20 11.4 0:05 2.3 1.3 0.6 11.3 62.8 23:15 SSW 17 18.7 20.5 15:00 14.8 23:50 0.3 0.7 1.4 20.6 72.4 12:40 SSW 18 12.2 14.8 0:05 11.2 21:45 6.1 0.0 32.4 1.1 16.1 12:40 SW 19 12.2 15.8 13:45 10.0 23:45 6.1 0.0 6.8 2.6 24.1 5:50 SW 20 12.8 16.1 14:45 9.7 2:55 5.5 0.0 0.8 0.2 8.0 11:35 N 21 14.7 17.4 15:15 12.6 00:00 3.7 0.0 0.2 0.6 9.7 11:05 E 22 14.7 21.6 14:15 9.3 6:35 4.1 0.5 0.2 1.6 17.7 16:30 NE 23 15.0 22.1 12:30 9.2 6:45 3.8 0.5 0.0 2.9 25.7 15:50 E 24 16.2 23.2 13:45 9.2 6:25 3.3 1.1 1.8 1.9 32.2 18:55 ENE 25 16.2 24.3 14:00 11.2 6:40 3.2 1.1 0.2 1.3 20.9 4:00 NE 26 15.5 18.6 9:55 11.9 2:40 2.8 0.0 9.6 4.3 30.6 11:00 WSW 27 11.8 15.6 2:20 6.9 23:55 6.5 0.0 2.4 10.0 40.2 6:05 NE 28 8.0 12.3 13:35 3.6 00:00 10.3 0.0 9.6 1.9 27.4 2:45 SSW 29 7.2 15.7 14:00 1.3 6:45 11.1 0.0 0.4 0.5 11.3 13:25 NE 30 7.4 15.8 14:25 2.2 7:10 10.9 0.0 0.0 0.8 12.9 12:25 ENE 31 8.7 16.3 13:15 2.8 5:20 9.6 0.0 0.2 1.3 16.1 11:05 NE ------------------------------------------------------------------------------------- 14.6 29.3 5 1.3 29 135.6 20.8 113.0 3.2 72.4 17 NE Max >= 32.0: 0 Max <= 0.0: 0 Min <= 0.0: 0 Min <= -18.0: 0 Max Rain: 32.41 ON 18/10/12 Days of Rain: 21 (> .2 mm) 9 (> 2 mm) 2 (> 20 mm) Heat Base: 18.3 Cool Base: 18.3 Method: Integration