Informe tipo NOAA de datos climáticos
Selecciona un año o mes para ver el informe
2024: Ene Feb Mar Abr May Jun Jul Ago Sep Oct Nov Dic
2023: Ene Feb Mar Abr May Jun Jul Ago Sep Oct Nov Dic
2022: Ene Feb Mar Abr May Jun Jul Ago Sep Oct Nov Dic
2021: Ene Feb Mar Abr May Jun Jul Ago Sep Oct Nov Dic
2020: Ene Feb Mar Abr May Jun Jul Ago Sep Oct Nov Dic
2019: Ene Feb Mar Abr May Jun Jul Ago Sep Oct Nov Dic
2018: Ene Feb Mar Abr May Jun Jul Ago Sep Oct Nov Dic
2017: Ene Feb Mar Abr May Jun Jul Ago Sep Oct Nov Dic
2016: Ene Feb Mar Abr May Jun Jul Ago Sep Oct Nov Dic
2015: Ene Feb Mar Abr May Jun Jul Ago Sep Oct Nov Dic
2014: Ene Feb Mar Abr May Jun Jul Ago Sep Oct Nov Dic
2013: Ene Feb Mar Abr May Jun Jul Ago Sep Oct Nov Dic
2012: Ene Feb Mar Abr May Jun Jul Ago Sep Oct Nov Dic
2011: Ene Feb Mar Abr May Jun Jul Ago Sep Oct Nov Dic
2024: Ene Feb Mar Abr May Jun Jul Ago Sep Oct Nov Dic
2023: Ene Feb Mar Abr May Jun Jul Ago Sep Oct Nov Dic
2022: Ene Feb Mar Abr May Jun Jul Ago Sep Oct Nov Dic
2021: Ene Feb Mar Abr May Jun Jul Ago Sep Oct Nov Dic
2020: Ene Feb Mar Abr May Jun Jul Ago Sep Oct Nov Dic
2019: Ene Feb Mar Abr May Jun Jul Ago Sep Oct Nov Dic
2018: Ene Feb Mar Abr May Jun Jul Ago Sep Oct Nov Dic
2017: Ene Feb Mar Abr May Jun Jul Ago Sep Oct Nov Dic
2016: Ene Feb Mar Abr May Jun Jul Ago Sep Oct Nov Dic
2015: Ene Feb Mar Abr May Jun Jul Ago Sep Oct Nov Dic
2014: Ene Feb Mar Abr May Jun Jul Ago Sep Oct Nov Dic
2013: Ene Feb Mar Abr May Jun Jul Ago Sep Oct Nov Dic
2012: Ene Feb Mar Abr May Jun Jul Ago Sep Oct Nov Dic
2011: Ene Feb Mar Abr May Jun Jul Ago Sep Oct Nov Dic
Informe para 2012 Septiembre
MONTHLY CLIMATOLOGICAL SUMMARY for SEP. 2012 NAME: Villaverde de Pontones CITY: Villaverde de Pontones STATE: Cantabria - Spain ELEV: 19 m LAT: 43° 24' 48" N LONG: 3° 42' 06" W TEMPERATURE (°C), RAIN (mm), WIND SPEED (km/hr) HEAT COOL AVG MEAN DEG DEG WIND DOM DAY TEMP HIGH TIME LOW TIME DAYS DAYS RAIN SPEED HIGH TIME DIR ------------------------------------------------------------------------------------ 1 15.6 22.1 12:50 10.2 1:45 3.5 0.7 0.0 3.2 25.7 16:00 NE 2 16.7 22.8 14:50 9.2 5:10 2.8 1.2 0.6 2.6 27.4 13:00 NE 3 18.3 22.8 13:45 14.8 22:55 1.3 1.3 0.0 2.7 20.9 11:05 NNE 4 17.7 22.6 15:05 13.0 3:30 1.6 1.0 0.0 2.1 20.9 16:20 NNW 5 18.9 23.9 15:55 14.6 00:00 1.1 1.7 0.0 1.9 19.3 14:55 N 6 19.8 28.6 13:15 12.3 6:15 1.6 3.1 0.2 4.2 29.0 14:05 ENE 7 20.6 29.1 13:35 13.0 5:45 1.3 3.5 0.0 1.9 17.7 10:55 NNE 8 20.5 28.7 13:45 13.8 5:40 1.2 3.4 0.0 1.4 16.1 12:10 NNW 9 19.2 23.2 11:00 15.6 0:15 0.7 1.5 0.6 1.3 16.1 11:10 NNE 10 20.8 25.9 11:55 17.4 23:45 0.1 2.6 0.2 3.4 25.7 12:10 NE 11 19.8 25.1 10:55 15.2 5:20 0.7 2.2 2.0 2.4 20.9 14:05 N 12 17.4 19.1 0:05 15.2 23:10 1.0 0.1 4.4 1.4 19.3 17:50 N 13 17.7 21.4 12:45 14.6 00:00 1.4 0.8 3.2 5.8 24.1 4:55 NNW 14 16.5 21.9 11:45 11.7 00:00 2.7 0.9 0.0 2.1 19.3 11:50 NNE 15 16.6 24.1 14:00 9.6 5:55 3.2 1.5 0.0 4.2 27.4 12:05 E 16 17.2 24.5 13:55 10.2 5:25 2.7 1.7 0.0 1.3 14.5 12:20 NNW 17 18.1 24.0 10:45 11.8 5:35 1.7 1.5 0.0 3.2 24.1 12:25 NE 18 18.9 21.3 12:10 17.0 22:55 0.3 0.9 0.8 2.1 19.3 12:10 N 19 16.4 20.7 13:55 11.1 23:05 2.2 0.3 1.2 4.8 29.0 13:15 E 20 17.6 26.9 15:15 8.7 5:50 3.0 2.2 0.0 3.4 24.1 14:45 WSW 21 20.4 24.6 14:45 16.9 6:25 0.2 2.4 0.0 3.7 25.7 10:15 W 22 20.8 28.2 13:20 14.1 6:15 0.6 3.1 0.0 3.1 25.7 17:05 NE 23 25.1 29.9 11:55 18.0 0:05 0.0 6.8 3.0 16.3 67.6 19:35 SSW 24 18.4 22.7 12:00 13.8 22:25 1.0 1.0 0.6 8.2 67.6 2:05 WSW 25 15.4 21.7 12:20 11.8 23:45 3.0 0.1 8.0 4.2 32.2 12:05 S 26 14.7 20.6 13:50 7.8 5:50 3.8 0.3 0.8 4.8 30.6 13:50 NE 27 15.5 20.1 11:45 10.6 00:00 3.1 0.3 0.2 2.9 17.7 9:40 NE 28 15.3 18.8 15:25 9.7 3:00 3.0 0.0 0.0 1.3 14.5 9:55 ENE 29 16.4 19.7 11:15 13.4 20:10 2.0 0.1 0.8 4.8 30.6 4:05 NNE 30 13.3 18.8 15:25 8.5 23:15 5.0 0.0 0.2 0.8 14.5 12:50 NE ------------------------------------------------------------------------------------- 18.0 29.9 23 7.8 26 55.8 46.5 26.8 3.5 67.6 23 NE Max >= 32.0: 0 Max <= 0.0: 0 Min <= 0.0: 0 Min <= -18.0: 0 Max Rain: 8.00 ON 25/09/12 Days of Rain: 16 (> .2 mm) 5 (> 2 mm) 0 (> 20 mm) Heat Base: 18.3 Cool Base: 18.3 Method: Integration