Informe tipo NOAA de datos climáticos
Selecciona un año o mes para ver el informe
2024: Ene Feb Mar Abr May Jun Jul Ago Sep Oct Nov Dic
2023: Ene Feb Mar Abr May Jun Jul Ago Sep Oct Nov Dic
2022: Ene Feb Mar Abr May Jun Jul Ago Sep Oct Nov Dic
2021: Ene Feb Mar Abr May Jun Jul Ago Sep Oct Nov Dic
2020: Ene Feb Mar Abr May Jun Jul Ago Sep Oct Nov Dic
2019: Ene Feb Mar Abr May Jun Jul Ago Sep Oct Nov Dic
2018: Ene Feb Mar Abr May Jun Jul Ago Sep Oct Nov Dic
2017: Ene Feb Mar Abr May Jun Jul Ago Sep Oct Nov Dic
2016: Ene Feb Mar Abr May Jun Jul Ago Sep Oct Nov Dic
2015: Ene Feb Mar Abr May Jun Jul Ago Sep Oct Nov Dic
2014: Ene Feb Mar Abr May Jun Jul Ago Sep Oct Nov Dic
2013: Ene Feb Mar Abr May Jun Jul Ago Sep Oct Nov Dic
2012: Ene Feb Mar Abr May Jun Jul Ago Sep Oct Nov Dic
2011: Ene Feb Mar Abr May Jun Jul Ago Sep Oct Nov Dic
2024: Ene Feb Mar Abr May Jun Jul Ago Sep Oct Nov Dic
2023: Ene Feb Mar Abr May Jun Jul Ago Sep Oct Nov Dic
2022: Ene Feb Mar Abr May Jun Jul Ago Sep Oct Nov Dic
2021: Ene Feb Mar Abr May Jun Jul Ago Sep Oct Nov Dic
2020: Ene Feb Mar Abr May Jun Jul Ago Sep Oct Nov Dic
2019: Ene Feb Mar Abr May Jun Jul Ago Sep Oct Nov Dic
2018: Ene Feb Mar Abr May Jun Jul Ago Sep Oct Nov Dic
2017: Ene Feb Mar Abr May Jun Jul Ago Sep Oct Nov Dic
2016: Ene Feb Mar Abr May Jun Jul Ago Sep Oct Nov Dic
2015: Ene Feb Mar Abr May Jun Jul Ago Sep Oct Nov Dic
2014: Ene Feb Mar Abr May Jun Jul Ago Sep Oct Nov Dic
2013: Ene Feb Mar Abr May Jun Jul Ago Sep Oct Nov Dic
2012: Ene Feb Mar Abr May Jun Jul Ago Sep Oct Nov Dic
2011: Ene Feb Mar Abr May Jun Jul Ago Sep Oct Nov Dic
Informe para 2012 Agosto
MONTHLY CLIMATOLOGICAL SUMMARY for AUG. 2012 NAME: Villaverde de Pontones CITY: Villaverde de Pontones STATE: Cantabria - Spain ELEV: 19 m LAT: 43° 24' 48" N LONG: 3° 42' 06" W TEMPERATURE (°C), RAIN (mm), WIND SPEED (km/hr) HEAT COOL AVG MEAN DEG DEG WIND DOM DAY TEMP HIGH TIME LOW TIME DAYS DAYS RAIN SPEED HIGH TIME DIR ------------------------------------------------------------------------------------ 1 22.1 26.1 16:10 19.5 23:50 0.0 3.8 0.0 3.5 20.9 16:55 WSW 2 18.8 22.2 12:35 16.8 00:00 0.3 0.8 3.0 1.8 17.7 11:20 E 3 19.2 25.8 13:45 12.4 5:20 1.6 2.5 0.2 4.0 25.7 12:15 ENE 4 18.2 22.4 13:00 12.8 5:00 1.4 1.3 4.2 2.1 16.1 11:30 N 5 17.6 21.2 14:20 15.6 6:30 1.2 0.4 8.8 3.4 19.3 13:20 SW 6 19.0 23.4 15:00 14.6 23:55 0.9 1.6 0.2 3.9 22.5 8:40 NNE 7 19.4 26.3 14:30 11.3 5:40 1.8 2.9 0.0 5.0 27.4 12:20 ENE 8 22.8 32.4 13:30 14.9 5:10 0.7 5.2 0.0 2.1 19.3 16:55 NE 9 21.4 25.9 13:15 16.8 5:30 0.2 3.4 0.0 2.4 17.7 11:10 NNW 10 21.9 30.3 12:15 15.8 5:30 0.5 4.1 0.2 3.1 24.1 18:40 W 11 21.5 25.2 10:15 16.4 5:25 0.1 3.3 0.0 3.5 24.1 12:10 NNW 12 21.1 24.3 11:30 17.6 00:00 0.0 2.8 0.0 3.4 22.5 14:45 NNE 13 20.6 26.4 15:30 14.7 4:50 0.8 3.1 0.0 2.7 19.3 12:45 ENE 14 22.4 27.3 11:45 16.9 1:40 0.1 4.2 0.0 4.5 24.1 16:25 WSW 15 22.9 27.7 2:20 17.9 00:00 0.0 4.6 0.0 9.3 61.2 4:35 ENE 16 22.2 32.9 13:05 13.4 4:55 1.0 4.8 0.0 2.7 27.4 14:50 E 17 21.4 28.8 15:15 12.8 5:30 1.2 4.3 0.0 2.6 19.3 12:30 N 18 22.4 26.1 11:30 18.9 0:30 0.0 4.1 0.0 2.7 17.7 10:50 NNW 19 22.4 27.9 11:10 17.9 00:00 0.0 4.1 0.0 2.4 20.9 12:40 NNE 20 20.9 26.0 13:05 16.2 5:00 0.4 3.0 0.0 1.9 19.3 11:45 NNE 21 21.4 24.5 15:30 18.2 3:15 0.0 3.1 0.0 1.8 17.7 15:15 NNW 22 20.1 23.6 15:40 16.3 2:20 0.3 2.1 0.8 3.4 20.9 13:30 ENE 23 19.8 24.9 13:20 14.8 2:55 0.6 2.2 0.0 2.3 19.3 14:15 N 24 22.1 28.5 15:25 18.4 6:15 0.0 3.8 0.2 3.1 22.5 13:45 NE 25 19.2 22.2 12:00 16.2 23:40 0.2 1.1 3.0 4.8 33.8 12:45 WSW 26 18.9 24.9 11:55 13.5 5:55 1.5 2.2 0.0 4.7 33.8 17:00 ENE 27 19.1 25.0 12:25 11.9 5:35 1.6 2.4 0.2 3.4 24.1 11:20 NW 28 20.1 26.4 11:20 13.8 5:40 0.8 2.6 0.0 1.8 24.1 11:35 NNW 29 18.3 20.1 0:25 13.3 00:00 0.6 0.6 0.2 1.8 17.7 7:55 WSW 30 17.1 22.2 13:40 13.1 1:40 1.8 0.7 3.8 4.2 27.4 14:35 WSW 31 16.9 21.7 11:35 11.7 00:00 2.0 0.6 0.0 3.4 27.4 12:40 NNE ------------------------------------------------------------------------------------- 20.4 32.9 16 11.3 7 21.6 85.6 24.8 3.3 61.2 15 N Max >= 32.0: 2 Max <= 0.0: 0 Min <= 0.0: 0 Min <= -18.0: 0 Max Rain: 8.79 ON 05/08/12 Days of Rain: 12 (> .2 mm) 5 (> 2 mm) 0 (> 20 mm) Heat Base: 18.3 Cool Base: 18.3 Method: Integration