Informe tipo NOAA de datos climáticos
Selecciona un año o mes para ver el informe
2024: Ene Feb Mar Abr May Jun Jul Ago Sep Oct Nov Dic
2023: Ene Feb Mar Abr May Jun Jul Ago Sep Oct Nov Dic
2022: Ene Feb Mar Abr May Jun Jul Ago Sep Oct Nov Dic
2021: Ene Feb Mar Abr May Jun Jul Ago Sep Oct Nov Dic
2020: Ene Feb Mar Abr May Jun Jul Ago Sep Oct Nov Dic
2019: Ene Feb Mar Abr May Jun Jul Ago Sep Oct Nov Dic
2018: Ene Feb Mar Abr May Jun Jul Ago Sep Oct Nov Dic
2017: Ene Feb Mar Abr May Jun Jul Ago Sep Oct Nov Dic
2016: Ene Feb Mar Abr May Jun Jul Ago Sep Oct Nov Dic
2015: Ene Feb Mar Abr May Jun Jul Ago Sep Oct Nov Dic
2014: Ene Feb Mar Abr May Jun Jul Ago Sep Oct Nov Dic
2013: Ene Feb Mar Abr May Jun Jul Ago Sep Oct Nov Dic
2012: Ene Feb Mar Abr May Jun Jul Ago Sep Oct Nov Dic
2011: Ene Feb Mar Abr May Jun Jul Ago Sep Oct Nov Dic
2024: Ene Feb Mar Abr May Jun Jul Ago Sep Oct Nov Dic
2023: Ene Feb Mar Abr May Jun Jul Ago Sep Oct Nov Dic
2022: Ene Feb Mar Abr May Jun Jul Ago Sep Oct Nov Dic
2021: Ene Feb Mar Abr May Jun Jul Ago Sep Oct Nov Dic
2020: Ene Feb Mar Abr May Jun Jul Ago Sep Oct Nov Dic
2019: Ene Feb Mar Abr May Jun Jul Ago Sep Oct Nov Dic
2018: Ene Feb Mar Abr May Jun Jul Ago Sep Oct Nov Dic
2017: Ene Feb Mar Abr May Jun Jul Ago Sep Oct Nov Dic
2016: Ene Feb Mar Abr May Jun Jul Ago Sep Oct Nov Dic
2015: Ene Feb Mar Abr May Jun Jul Ago Sep Oct Nov Dic
2014: Ene Feb Mar Abr May Jun Jul Ago Sep Oct Nov Dic
2013: Ene Feb Mar Abr May Jun Jul Ago Sep Oct Nov Dic
2012: Ene Feb Mar Abr May Jun Jul Ago Sep Oct Nov Dic
2011: Ene Feb Mar Abr May Jun Jul Ago Sep Oct Nov Dic
Informe para 2012 Julio
MONTHLY CLIMATOLOGICAL SUMMARY for JUL. 2012 NAME: Villaverde de Pontones CITY: Villaverde de Pontones STATE: Cantabria - Spain ELEV: 19 m LAT: 43° 24' 48" N LONG: 3° 42' 06" W TEMPERATURE (°C), RAIN (mm), WIND SPEED (km/hr) HEAT COOL AVG MEAN DEG DEG WIND DOM DAY TEMP HIGH TIME LOW TIME DAYS DAYS RAIN SPEED HIGH TIME DIR ------------------------------------------------------------------------------------ 1 15.1 19.8 15:05 10.3 00:00 3.4 0.1 3.8 3.1 19.3 14:45 NNE 2 16.5 23.3 14:55 8.8 3:40 3.0 1.3 0.0 1.9 14.5 12:35 ENE 3 17.3 23.1 12:20 10.1 5:05 2.4 1.5 0.0 2.1 16.1 11:15 NNW 4 17.3 23.4 11:15 13.0 2:05 1.8 0.8 2.2 2.3 19.3 11:55 NE 5 17.5 21.5 14:10 14.5 2:45 1.4 0.6 1.0 6.8 29.0 14:20 WSW 6 18.1 22.0 13:50 15.2 23:45 1.1 0.9 2.4 3.9 25.7 8:20 SW 7 18.1 25.3 13:05 12.0 4:15 1.6 1.3 0.0 5.0 35.4 15:00 WSW 8 19.0 21.9 15:00 16.2 3:55 0.5 1.1 0.0 4.5 20.9 0:30 WSW 9 17.9 20.8 10:10 16.3 21:30 0.8 0.5 0.6 1.9 16.1 12:40 NE 10 16.4 18.3 11:20 14.9 23:45 1.9 0.0 4.4 1.6 16.1 12:50 NNW 11 16.1 18.8 12:00 14.0 00:00 2.3 0.0 0.4 1.6 16.1 12:30 WSW 12 16.8 21.3 10:05 10.8 3:00 2.1 0.6 0.0 2.6 20.9 10:10 NE 13 19.5 30.8 12:35 11.8 4:30 1.6 2.7 1.2 4.5 29.0 16:40 NE 14 18.7 21.8 14:10 16.7 5:20 0.5 0.8 0.2 6.0 35.4 11:25 W 15 17.4 21.6 14:10 11.8 00:00 1.6 0.7 0.6 4.2 25.7 11:00 NNE 16 17.9 25.2 13:10 9.2 4:50 2.7 2.3 0.0 4.8 24.1 9:05 ENE 17 20.4 28.7 15:45 10.7 5:05 1.9 4.0 0.0 4.5 27.4 12:50 E 18 18.5 22.3 15:35 13.4 4:50 1.0 1.2 0.0 5.5 25.7 8:10 WSW 19 19.8 23.3 14:30 17.1 4:55 0.1 1.6 0.0 3.5 20.9 10:55 NNE 20 18.8 23.1 15:30 13.8 23:45 0.6 1.1 0.0 2.9 20.9 12:05 NE 21 17.6 23.9 13:35 11.4 5:15 2.3 1.6 0.2 4.5 25.7 11:50 NE 22 18.2 24.6 13:10 10.8 4:50 2.2 2.1 0.0 6.0 30.6 13:35 ENE 23 19.5 26.7 11:55 11.3 5:20 1.9 3.1 0.2 6.1 35.4 12:45 ENE 24 19.9 28.9 14:10 10.6 5:10 2.1 3.7 0.0 2.6 17.7 12:15 NNE 25 20.7 27.2 15:05 13.8 3:25 1.1 3.5 0.0 2.7 22.5 13:10 N 26 22.6 28.9 15:30 16.7 1:40 0.2 4.5 3.2 3.4 24.1 13:45 NE 27 21.9 25.8 11:25 18.5 4:20 0.0 3.6 0.0 5.3 30.6 9:30 W 28 19.2 20.5 10:15 16.4 23:50 0.2 1.0 1.2 1.9 14.5 7:45 N 29 18.6 23.1 14:45 13.9 23:55 1.0 1.3 0.2 2.3 17.7 15:45 NE 30 18.6 24.3 13:00 11.4 5:25 1.9 2.2 0.0 2.9 22.5 12:45 N 31 20.6 27.6 13:05 11.9 5:15 1.4 3.6 0.0 4.7 25.7 12:25 NE ------------------------------------------------------------------------------------- 18.5 30.8 13 8.8 2 46.5 53.5 21.8 3.7 35.4 7 ENE Max >= 32.0: 0 Max <= 0.0: 0 Min <= 0.0: 0 Min <= -18.0: 0 Max Rain: 4.39 ON 10/07/12 Days of Rain: 15 (> .2 mm) 5 (> 2 mm) 0 (> 20 mm) Heat Base: 18.3 Cool Base: 18.3 Method: Integration