Informe tipo NOAA de datos climáticos
Selecciona un año o mes para ver el informe
2024: Ene Feb Mar Abr May Jun Jul Ago Sep Oct Nov Dic
2023: Ene Feb Mar Abr May Jun Jul Ago Sep Oct Nov Dic
2022: Ene Feb Mar Abr May Jun Jul Ago Sep Oct Nov Dic
2021: Ene Feb Mar Abr May Jun Jul Ago Sep Oct Nov Dic
2020: Ene Feb Mar Abr May Jun Jul Ago Sep Oct Nov Dic
2019: Ene Feb Mar Abr May Jun Jul Ago Sep Oct Nov Dic
2018: Ene Feb Mar Abr May Jun Jul Ago Sep Oct Nov Dic
2017: Ene Feb Mar Abr May Jun Jul Ago Sep Oct Nov Dic
2016: Ene Feb Mar Abr May Jun Jul Ago Sep Oct Nov Dic
2015: Ene Feb Mar Abr May Jun Jul Ago Sep Oct Nov Dic
2014: Ene Feb Mar Abr May Jun Jul Ago Sep Oct Nov Dic
2013: Ene Feb Mar Abr May Jun Jul Ago Sep Oct Nov Dic
2012: Ene Feb Mar Abr May Jun Jul Ago Sep Oct Nov Dic
2011: Ene Feb Mar Abr May Jun Jul Ago Sep Oct Nov Dic
2024: Ene Feb Mar Abr May Jun Jul Ago Sep Oct Nov Dic
2023: Ene Feb Mar Abr May Jun Jul Ago Sep Oct Nov Dic
2022: Ene Feb Mar Abr May Jun Jul Ago Sep Oct Nov Dic
2021: Ene Feb Mar Abr May Jun Jul Ago Sep Oct Nov Dic
2020: Ene Feb Mar Abr May Jun Jul Ago Sep Oct Nov Dic
2019: Ene Feb Mar Abr May Jun Jul Ago Sep Oct Nov Dic
2018: Ene Feb Mar Abr May Jun Jul Ago Sep Oct Nov Dic
2017: Ene Feb Mar Abr May Jun Jul Ago Sep Oct Nov Dic
2016: Ene Feb Mar Abr May Jun Jul Ago Sep Oct Nov Dic
2015: Ene Feb Mar Abr May Jun Jul Ago Sep Oct Nov Dic
2014: Ene Feb Mar Abr May Jun Jul Ago Sep Oct Nov Dic
2013: Ene Feb Mar Abr May Jun Jul Ago Sep Oct Nov Dic
2012: Ene Feb Mar Abr May Jun Jul Ago Sep Oct Nov Dic
2011: Ene Feb Mar Abr May Jun Jul Ago Sep Oct Nov Dic
Informe para 2012 Junio
MONTHLY CLIMATOLOGICAL SUMMARY for JUN. 2012 NAME: Villaverde de Pontones CITY: Villaverde de Pontones STATE: Cantabria - Spain ELEV: 19 m LAT: 43° 24' 48" N LONG: 3° 42' 06" W TEMPERATURE (°C), RAIN (mm), WIND SPEED (km/hr) HEAT COOL AVG MEAN DEG DEG WIND DOM DAY TEMP HIGH TIME LOW TIME DAYS DAYS RAIN SPEED HIGH TIME DIR ------------------------------------------------------------------------------------ 1 21.7 29.9 12:55 12.6 4:55 1.2 4.6 1.4 4.3 33.8 20:20 NE 2 19.5 23.8 9:30 16.1 23:35 0.4 1.5 4.8 8.5 37.0 6:15 WSW 3 17.2 20.6 15:25 14.4 5:40 1.4 0.3 2.2 3.7 17.7 2:50 WSW 4 17.7 21.8 14:20 13.2 23:55 1.6 1.0 0.0 3.4 19.3 12:40 NE 5 18.6 25.2 14:00 11.0 4:40 1.8 2.1 0.0 2.6 17.7 12:30 N 6 18.7 23.6 11:40 15.9 0:55 0.8 1.2 0.0 4.3 27.4 15:30 E 7 18.2 25.7 8:45 14.8 23:40 1.0 0.9 1.0 4.3 37.0 8:10 NNW 8 16.8 20.1 12:45 14.7 4:25 1.6 0.2 0.2 3.2 29.0 12:30 NNW 9 15.9 19.4 11:20 12.1 5:10 2.4 0.1 1.4 1.6 17.7 17:20 NE 10 17.7 21.3 10:35 15.4 2:50 1.0 0.4 0.4 7.1 37.0 10:35 WSW 11 16.6 21.2 10:15 14.9 5:05 2.0 0.2 5.4 8.2 38.6 14:05 W 12 15.5 18.2 11:15 13.2 23:55 2.8 0.0 7.4 10.9 37.0 11:00 WSW 13 15.3 19.2 11:50 11.0 23:50 3.0 0.0 0.2 5.0 20.9 12:55 ENE 14 17.6 24.9 10:50 8.3 4:40 2.8 2.0 0.0 2.7 19.3 11:55 NE 15 21.2 32.0 15:10 12.6 5:00 1.1 4.0 0.0 4.2 40.2 14:30 NE 16 16.3 18.7 8:20 14.2 3:35 2.0 0.0 1.2 1.9 16.1 10:50 NNW 17 18.8 23.2 14:15 14.9 4:10 0.9 1.5 0.0 7.9 29.0 10:50 ENE 18 16.0 17.2 14:50 14.1 6:20 2.3 0.0 6.8 4.8 22.5 0:55 ENE 19 17.3 20.6 13:30 15.3 5:20 1.1 0.2 0.0 2.1 12.9 23:10 WSW 20 17.7 20.5 8:30 15.3 4:45 0.9 0.3 0.0 2.6 19.3 16:55 NNW 21 17.3 22.6 6:20 13.4 1:55 1.4 0.4 0.0 5.6 49.9 6:45 W 22 16.4 19.1 12:00 14.1 4:55 1.9 0.0 0.0 2.6 16.1 11:05 NNE 23 16.5 22.6 13:50 10.1 4:20 2.7 0.9 0.0 5.3 27.4 9:55 ENE 24 17.7 24.1 13:20 10.2 4:50 2.5 1.9 0.0 2.6 20.9 14:50 N 25 19.8 27.2 12:55 12.1 4:35 1.6 3.2 0.0 3.4 19.3 14:10 NE 26 20.8 27.9 14:10 14.4 2:20 0.9 3.3 0.0 4.2 29.0 19:05 E 27 23.7 35.2 17:15 16.1 3:15 0.4 5.8 2.4 1.9 62.8 18:15 ENE 28 18.4 20.3 0:45 17.2 17:40 0.3 0.3 0.0 2.7 19.3 0:35 NW 29 18.0 22.3 15:55 12.3 23:55 1.0 0.7 0.0 1.6 17.7 7:45 E 30 14.6 19.0 8:00 11.3 1:10 3.7 0.0 6.0 4.2 25.7 9:00 SW ------------------------------------------------------------------------------------- 17.9 35.2 27 8.3 14 48.6 37.1 40.8 4.3 62.8 27 WSW Max >= 32.0: 2 Max <= 0.0: 0 Min <= 0.0: 0 Min <= -18.0: 0 Max Rain: 7.39 ON 12/06/12 Days of Rain: 14 (> .2 mm) 7 (> 2 mm) 0 (> 20 mm) Heat Base: 18.3 Cool Base: 18.3 Method: Integration