Informe tipo NOAA de datos climáticos
Selecciona un año o mes para ver el informe
2024: Ene Feb Mar Abr May Jun Jul Ago Sep Oct Nov Dic
2023: Ene Feb Mar Abr May Jun Jul Ago Sep Oct Nov Dic
2022: Ene Feb Mar Abr May Jun Jul Ago Sep Oct Nov Dic
2021: Ene Feb Mar Abr May Jun Jul Ago Sep Oct Nov Dic
2020: Ene Feb Mar Abr May Jun Jul Ago Sep Oct Nov Dic
2019: Ene Feb Mar Abr May Jun Jul Ago Sep Oct Nov Dic
2018: Ene Feb Mar Abr May Jun Jul Ago Sep Oct Nov Dic
2017: Ene Feb Mar Abr May Jun Jul Ago Sep Oct Nov Dic
2016: Ene Feb Mar Abr May Jun Jul Ago Sep Oct Nov Dic
2015: Ene Feb Mar Abr May Jun Jul Ago Sep Oct Nov Dic
2014: Ene Feb Mar Abr May Jun Jul Ago Sep Oct Nov Dic
2013: Ene Feb Mar Abr May Jun Jul Ago Sep Oct Nov Dic
2012: Ene Feb Mar Abr May Jun Jul Ago Sep Oct Nov Dic
2011: Ene Feb Mar Abr May Jun Jul Ago Sep Oct Nov Dic
2024: Ene Feb Mar Abr May Jun Jul Ago Sep Oct Nov Dic
2023: Ene Feb Mar Abr May Jun Jul Ago Sep Oct Nov Dic
2022: Ene Feb Mar Abr May Jun Jul Ago Sep Oct Nov Dic
2021: Ene Feb Mar Abr May Jun Jul Ago Sep Oct Nov Dic
2020: Ene Feb Mar Abr May Jun Jul Ago Sep Oct Nov Dic
2019: Ene Feb Mar Abr May Jun Jul Ago Sep Oct Nov Dic
2018: Ene Feb Mar Abr May Jun Jul Ago Sep Oct Nov Dic
2017: Ene Feb Mar Abr May Jun Jul Ago Sep Oct Nov Dic
2016: Ene Feb Mar Abr May Jun Jul Ago Sep Oct Nov Dic
2015: Ene Feb Mar Abr May Jun Jul Ago Sep Oct Nov Dic
2014: Ene Feb Mar Abr May Jun Jul Ago Sep Oct Nov Dic
2013: Ene Feb Mar Abr May Jun Jul Ago Sep Oct Nov Dic
2012: Ene Feb Mar Abr May Jun Jul Ago Sep Oct Nov Dic
2011: Ene Feb Mar Abr May Jun Jul Ago Sep Oct Nov Dic
Informe para 2012 Marzo
MONTHLY CLIMATOLOGICAL SUMMARY for MAR. 2012 NAME: Villaverde de Pontones CITY: Villaverde de Pontones STATE: Cantabria - Spain ELEV: 19 m LAT: 43° 24' 48" N LONG: 3° 42' 06" W TEMPERATURE (°C), RAIN (mm), WIND SPEED (km/hr) HEAT COOL AVG MEAN DEG DEG WIND DOM DAY TEMP HIGH TIME LOW TIME DAYS DAYS RAIN SPEED HIGH TIME DIR ------------------------------------------------------------------------------------ 1 10.7 16.9 13:15 5.3 00:00 7.6 0.0 0.0 2.6 16.1 13:05 E 2 10.0 14.7 14:50 4.7 0:55 8.3 0.0 0.0 2.7 20.9 18:45 WSW 3 9.8 18.2 12:55 3.3 6:40 8.5 0.0 0.2 1.4 25.7 14:30 NNE 4 9.9 16.7 12:00 6.2 1:45 8.4 0.0 1.2 6.0 46.7 12:35 NW 5 7.7 12.4 13:50 2.3 23:25 10.6 0.0 0.8 2.4 29.0 0:10 NNE 6 7.1 12.6 13:30 2.3 3:15 11.2 0.0 0.6 3.4 22.5 14:20 NE 7 8.5 15.1 13:45 0.1 6:25 9.8 0.0 2.0 5.0 32.2 21:55 W 8 10.1 13.3 15:45 5.2 00:00 8.2 0.0 0.2 4.8 27.4 11:30 NNE 9 7.7 14.3 14:10 1.7 5:30 10.6 0.0 0.0 5.5 29.0 14:55 E 10 8.4 15.8 12:15 1.6 6:50 9.9 0.0 0.0 4.0 24.1 13:35 NE 11 10.1 14.4 15:35 6.6 0:30 8.2 0.0 0.0 2.4 25.7 14:40 NE 12 11.1 17.3 13:10 5.1 00:00 7.2 0.0 0.0 2.9 22.5 14:20 NE 13 8.8 17.9 13:45 2.7 6:25 9.5 0.0 0.0 2.4 20.9 14:10 NNW 14 9.7 15.5 12:45 5.5 0:30 8.6 0.0 0.2 1.9 19.3 14:05 NNW 15 10.7 14.7 13:55 8.3 7:25 7.6 0.0 0.2 1.4 17.7 15:05 NNE 16 10.9 12.4 13:20 8.2 23:40 7.4 0.0 0.2 0.8 11.3 16:35 WNW 17 10.3 19.9 12:25 4.7 23:50 8.0 0.0 2.4 3.5 38.6 13:55 NE 18 8.2 12.4 11:55 3.4 1:40 10.1 0.0 19.0 12.4 56.3 16:20 WSW 19 7.9 12.4 14:55 5.3 6:35 10.4 0.0 8.0 5.1 29.0 12:05 WSW 20 7.7 12.6 14:00 3.4 4:30 10.7 0.0 0.2 3.4 25.7 14:00 NE 21 7.6 11.2 11:35 3.3 6:50 10.7 0.0 1.8 1.0 17.7 12:15 NE 22 8.9 17.3 14:25 1.2 6:20 9.4 0.0 0.0 2.3 17.7 16:35 NE 23 10.2 18.5 15:00 1.9 5:30 8.1 0.0 0.2 3.7 27.4 16:05 E 24 13.9 25.0 13:55 4.2 6:15 6.0 1.6 0.0 2.9 17.7 14:00 NE 25 12.9 22.8 13:55 4.1 6:15 6.0 0.6 0.0 2.9 20.9 14:30 NNW 26 14.2 24.2 12:50 4.2 6:20 5.4 1.3 0.0 3.5 35.4 15:55 E 27 15.3 26.3 13:40 5.7 5:05 4.8 1.8 0.0 3.9 33.8 16:10 E 28 14.1 24.9 12:25 5.3 6:15 5.6 1.4 0.0 3.4 32.2 13:40 NE 29 11.6 18.9 11:20 3.6 6:05 6.7 0.0 0.0 2.4 19.3 15:15 NNW 30 10.7 17.4 10:55 4.2 5:55 7.6 0.0 0.2 2.9 19.3 14:40 NNW 31 10.9 17.4 13:15 4.2 6:05 7.4 0.0 0.0 2.4 17.7 12:15 N ------------------------------------------------------------------------------------- 10.2 26.3 27 0.1 7 258.7 6.8 37.4 3.4 56.3 18 NE Max >= 32.0: 0 Max <= 0.0: 0 Min <= 0.0: 0 Min <= -18.0: 0 Max Rain: 19.00 ON 18/03/12 Days of Rain: 16 (> .2 mm) 4 (> 2 mm) 0 (> 20 mm) Heat Base: 18.3 Cool Base: 18.3 Method: Integration