Informe tipo NOAA de datos climáticos
Selecciona un año o mes para ver el informe
2024: Ene Feb Mar Abr May Jun Jul Ago Sep Oct Nov Dic
2023: Ene Feb Mar Abr May Jun Jul Ago Sep Oct Nov Dic
2022: Ene Feb Mar Abr May Jun Jul Ago Sep Oct Nov Dic
2021: Ene Feb Mar Abr May Jun Jul Ago Sep Oct Nov Dic
2020: Ene Feb Mar Abr May Jun Jul Ago Sep Oct Nov Dic
2019: Ene Feb Mar Abr May Jun Jul Ago Sep Oct Nov Dic
2018: Ene Feb Mar Abr May Jun Jul Ago Sep Oct Nov Dic
2017: Ene Feb Mar Abr May Jun Jul Ago Sep Oct Nov Dic
2016: Ene Feb Mar Abr May Jun Jul Ago Sep Oct Nov Dic
2015: Ene Feb Mar Abr May Jun Jul Ago Sep Oct Nov Dic
2014: Ene Feb Mar Abr May Jun Jul Ago Sep Oct Nov Dic
2013: Ene Feb Mar Abr May Jun Jul Ago Sep Oct Nov Dic
2012: Ene Feb Mar Abr May Jun Jul Ago Sep Oct Nov Dic
2011: Ene Feb Mar Abr May Jun Jul Ago Sep Oct Nov Dic
2024: Ene Feb Mar Abr May Jun Jul Ago Sep Oct Nov Dic
2023: Ene Feb Mar Abr May Jun Jul Ago Sep Oct Nov Dic
2022: Ene Feb Mar Abr May Jun Jul Ago Sep Oct Nov Dic
2021: Ene Feb Mar Abr May Jun Jul Ago Sep Oct Nov Dic
2020: Ene Feb Mar Abr May Jun Jul Ago Sep Oct Nov Dic
2019: Ene Feb Mar Abr May Jun Jul Ago Sep Oct Nov Dic
2018: Ene Feb Mar Abr May Jun Jul Ago Sep Oct Nov Dic
2017: Ene Feb Mar Abr May Jun Jul Ago Sep Oct Nov Dic
2016: Ene Feb Mar Abr May Jun Jul Ago Sep Oct Nov Dic
2015: Ene Feb Mar Abr May Jun Jul Ago Sep Oct Nov Dic
2014: Ene Feb Mar Abr May Jun Jul Ago Sep Oct Nov Dic
2013: Ene Feb Mar Abr May Jun Jul Ago Sep Oct Nov Dic
2012: Ene Feb Mar Abr May Jun Jul Ago Sep Oct Nov Dic
2011: Ene Feb Mar Abr May Jun Jul Ago Sep Oct Nov Dic
Informe para 2012 Febrero
MONTHLY CLIMATOLOGICAL SUMMARY for FEB. 2012 NAME: Villaverde de Pontones CITY: Villaverde de Pontones STATE: Cantabria - Spain ELEV: 19 m LAT: 43° 24' 48" N LONG: 3° 42' 06" W TEMPERATURE (°C), RAIN (mm), WIND SPEED (km/hr) HEAT COOL AVG MEAN DEG DEG WIND DOM DAY TEMP HIGH TIME LOW TIME DAYS DAYS RAIN SPEED HIGH TIME DIR ------------------------------------------------------------------------------------ 1 7.4 10.6 0:50 4.4 21:20 10.9 0.0 16.4 9.0 35.4 10:55 WSW 2 3.9 4.8 0:05 1.8 10:20 14.4 0.0 0.8 11.1 33.8 12:00 NNE 3 3.9 6.5 13:00 0.2 23:55 14.4 0.0 0.0 8.9 29.0 11:10 NE 4 3.2 7.3 15:20 -1.6 3:40 15.1 0.0 1.0 3.7 27.4 9:05 N 5 8.9 11.7 11:50 3.8 0:05 9.3 0.0 16.6 12.2 57.9 9:35 NNW 6 7.5 10.3 0:30 4.8 22:10 10.8 0.0 7.4 4.0 25.7 1:05 E 7 4.4 7.5 11:30 0.4 23:55 13.9 0.0 4.0 2.4 27.4 15:00 ENE 8 2.9 4.7 5:35 0.3 1:45 15.4 0.0 2.8 5.8 37.0 5:55 NNE 9 3.3 4.2 14:30 2.6 3:30 15.0 0.0 0.0 0.2 8.0 0:05 E 10 3.4 6.8 13:40 -1.7 23:20 14.9 0.0 0.2 0.8 17.7 15:30 E 11 1.4 6.0 14:05 -2.0 1:45 16.9 0.0 0.0 1.4 20.9 14:15 NE 12 1.8 6.6 11:45 -0.8 00:00 16.5 0.0 0.0 2.4 20.9 10:35 NNE 13 4.1 8.8 23:25 -1.1 1:20 14.2 0.0 6.8 3.9 32.2 23:25 WSW 14 7.7 9.6 14:00 5.5 19:00 10.6 0.0 10.8 6.1 33.8 4:05 NNE 15 7.8 10.9 13:20 4.6 5:10 10.5 0.0 2.4 3.9 30.6 11:10 WSW 16 8.2 10.2 15:00 6.9 23:55 10.1 0.0 1.6 1.6 24.1 5:20 NNE 17 7.8 10.7 12:35 4.2 00:00 10.5 0.0 1.0 1.3 17.7 13:35 E 18 6.2 12.3 13:40 -0.6 7:35 12.2 0.0 0.2 1.4 14.5 13:45 NNW 19 7.6 10.8 15:05 1.2 23:55 10.7 0.0 5.8 4.0 29.0 9:40 NE 20 4.2 10.9 13:55 -0.7 23:55 14.1 0.0 0.0 3.4 27.4 13:10 NE 21 4.4 11.8 13:25 -1.4 6:35 13.9 0.0 0.2 4.7 25.7 13:30 E 22 4.2 14.8 13:40 -3.2 6:55 14.2 0.0 0.0 1.6 14.5 14:00 NE 23 6.2 16.4 15:10 -1.9 6:45 12.1 0.0 0.2 1.8 19.3 15:25 NE 24 8.8 16.6 14:40 1.8 4:50 9.5 0.0 0.0 4.0 24.1 14:15 ENE 25 8.3 12.7 13:05 2.8 2:55 10.0 0.0 0.0 0.8 11.3 14:10 NNE 26 10.7 13.6 12:30 7.7 23:50 7.6 0.0 0.2 1.8 14.5 11:30 NNE 27 9.1 15.8 13:50 3.3 7:00 9.2 0.0 0.0 3.7 24.1 14:55 ENE 28 7.8 16.4 13:55 0.7 7:25 10.5 0.0 0.0 3.7 27.4 11:05 E 29 8.7 15.6 11:35 1.4 7:15 9.6 0.0 0.2 2.3 20.9 12:15 NNW ------------------------------------------------------------------------------------- 6.0 16.6 24 -3.2 22 357.0 0.0 78.6 3.9 57.9 5 NE Max >= 32.0: 0 Max <= 0.0: 0 Min <= 0.0: 10 Min <= -18.0: 0 Max Rain: 16.61 ON 05/02/12 Days of Rain: 19 (> .2 mm) 9 (> 2 mm) 0 (> 20 mm) Heat Base: 18.3 Cool Base: 18.3 Method: Integration