Informe tipo NOAA de datos climáticos
Selecciona un año o mes para ver el informe
2024: Ene Feb Mar Abr May Jun Jul Ago Sep Oct Nov Dic
2023: Ene Feb Mar Abr May Jun Jul Ago Sep Oct Nov Dic
2022: Ene Feb Mar Abr May Jun Jul Ago Sep Oct Nov Dic
2021: Ene Feb Mar Abr May Jun Jul Ago Sep Oct Nov Dic
2020: Ene Feb Mar Abr May Jun Jul Ago Sep Oct Nov Dic
2019: Ene Feb Mar Abr May Jun Jul Ago Sep Oct Nov Dic
2018: Ene Feb Mar Abr May Jun Jul Ago Sep Oct Nov Dic
2017: Ene Feb Mar Abr May Jun Jul Ago Sep Oct Nov Dic
2016: Ene Feb Mar Abr May Jun Jul Ago Sep Oct Nov Dic
2015: Ene Feb Mar Abr May Jun Jul Ago Sep Oct Nov Dic
2014: Ene Feb Mar Abr May Jun Jul Ago Sep Oct Nov Dic
2013: Ene Feb Mar Abr May Jun Jul Ago Sep Oct Nov Dic
2012: Ene Feb Mar Abr May Jun Jul Ago Sep Oct Nov Dic
2011: Ene Feb Mar Abr May Jun Jul Ago Sep Oct Nov Dic
2024: Ene Feb Mar Abr May Jun Jul Ago Sep Oct Nov Dic
2023: Ene Feb Mar Abr May Jun Jul Ago Sep Oct Nov Dic
2022: Ene Feb Mar Abr May Jun Jul Ago Sep Oct Nov Dic
2021: Ene Feb Mar Abr May Jun Jul Ago Sep Oct Nov Dic
2020: Ene Feb Mar Abr May Jun Jul Ago Sep Oct Nov Dic
2019: Ene Feb Mar Abr May Jun Jul Ago Sep Oct Nov Dic
2018: Ene Feb Mar Abr May Jun Jul Ago Sep Oct Nov Dic
2017: Ene Feb Mar Abr May Jun Jul Ago Sep Oct Nov Dic
2016: Ene Feb Mar Abr May Jun Jul Ago Sep Oct Nov Dic
2015: Ene Feb Mar Abr May Jun Jul Ago Sep Oct Nov Dic
2014: Ene Feb Mar Abr May Jun Jul Ago Sep Oct Nov Dic
2013: Ene Feb Mar Abr May Jun Jul Ago Sep Oct Nov Dic
2012: Ene Feb Mar Abr May Jun Jul Ago Sep Oct Nov Dic
2011: Ene Feb Mar Abr May Jun Jul Ago Sep Oct Nov Dic
Informe para 2011 Septiembre
MONTHLY CLIMATOLOGICAL SUMMARY for SEP. 2011 NAME: Villaverde de Pontones CITY: Villaverde de Pontones STATE: Cantabria - Spain ELEV: 19 m LAT: 43° 24' 48" N LONG: 3° 42' 06" W TEMPERATURE (°C), RAIN (mm), WIND SPEED (km/hr) HEAT COOL AVG MEAN DEG DEG WIND DOM DAY TEMP HIGH TIME LOW TIME DAYS DAYS RAIN SPEED HIGH TIME DIR ------------------------------------------------------------------------------------ 1 2 3 4 5 6 7 8 9 10 11 12 13 14 15 16 17 16.9 17.3 00:00 16.6 21:40 0.3 0.0 0.0 6.3 16.1 19:45 SW 18 15.6 17.9 14:35 13.7 00:00 2.7 0.0 30.4 8.2 35.4 11:30 WSW 19 15.9 20.3 12:50 11.1 23:30 2.7 0.3 0.2 4.7 25.7 10:05 WSW 20 15.9 23.4 13:05 8.7 6:25 3.7 1.3 0.0 3.4 24.1 14:00 ENE 21 16.8 22.8 11:55 10.8 6:05 2.5 1.0 0.0 1.6 16.1 12:50 N 22 18.3 20.6 10:55 16.3 23:35 0.6 0.6 0.0 2.7 22.5 12:00 E 23 19.1 24.1 12:10 15.5 00:00 0.7 1.5 0.0 3.7 25.7 13:00 ENE 24 18.2 22.9 12:50 14.1 00:00 1.3 1.2 0.0 2.4 19.3 13:25 NE 25 17.2 23.7 13:05 11.2 6:25 2.5 1.4 0.0 1.9 16.1 11:40 ENE 26 17.8 24.7 11:35 11.6 6:20 2.3 1.9 0.0 1.8 17.7 13:05 NE 27 18.1 24.6 13:25 12.2 4:45 1.9 1.8 0.0 1.8 14.5 12:35 NNW 28 18.7 25.8 13:55 13.8 6:20 1.5 1.9 0.0 2.6 22.5 14:15 ENE 29 19.7 31.2 13:50 11.8 5:55 2.3 3.7 0.0 1.3 14.5 14:55 NE 30 20.5 32.4 14:40 12.1 6:20 2.1 4.2 0.0 2.1 22.5 14:45 NE ------------------------------------------------------------------------------------- 17.8 32.4 30 8.7 20 27.2 20.7 30.6 3.2 35.4 18 ENE Max >= 32.0: 1 Max <= 0.0: 0 Min <= 0.0: 0 Min <= -18.0: 0 Max Rain: 30.40 ON 18/09/11 Days of Rain: 2 (> .2 mm) 1 (> 2 mm) 1 (> 20 mm) Heat Base: 18.3 Cool Base: 18.3 Method: Integration